{"id":247769,"date":"2021-08-26T13:28:06","date_gmt":"2021-08-26T13:28:06","guid":{"rendered":"https:\/\/museros.org\/?page_id=247769"},"modified":"2025-08-12T14:35:29","modified_gmt":"2025-08-12T12:35:29","slug":"servei-laboral","status":"publish","type":"page","link":"https:\/\/museros.org\/inici\/servei-laboral\/","title":{"rendered":"Servei laboral"},"content":{"rendered":"<p>[et_pb_section fb_built=\u00bb1&#8243; _builder_version=\u00bb4.16&#8243; _module_preset=\u00bbdefault\u00bb custom_padding=\u00bb0px||||false|false\u00bb locked=\u00bboff\u00bb global_colors_info=\u00bb{}\u00bb][et_pb_row column_structure=\u00bb1_4,3_4&#8243; _builder_version=\u00bb4.16&#8243; _module_preset=\u00bbdefault\u00bb custom_padding=\u00bb0px||||false|false\u00bb locked=\u00bboff\u00bb global_colors_info=\u00bb{}\u00bb][et_pb_column type=\u00bb1_4&#8243; _builder_version=\u00bb4.16&#8243; _module_preset=\u00bbdefault\u00bb global_colors_info=\u00bb{}\u00bb][et_pb_image src=\u00bbhttps:\/\/museros.org\/wp-content\/uploads\/2022\/03\/servei-lab-180&#215;230-1.jpg\u00bb title_text=\u00bbservei-lab-180&#215;230&#8243; url=\u00bbhttps:\/\/museros.org\/inici\/area-deducacio\/\u00bb use_overlay=\u00bbon\u00bb overlay_icon_color=\u00bb#E02B20&#8243; hover_overlay_color=\u00bbrgba(255,255,255,0.7)\u00bb hover_icon=\u00bb&#xe04d;||divi||400&#8243; align=\u00bbcenter\u00bb _builder_version=\u00bb4.16&#8243; _module_preset=\u00bbdefault\u00bb global_colors_info=\u00bb{}\u00bb][\/et_pb_image][\/et_pb_column][et_pb_column type=\u00bb3_4&#8243; _builder_version=\u00bb4.16&#8243; _module_preset=\u00bbdefault\u00bb global_colors_info=\u00bb{}\u00bb][et_pb_text _builder_version=\u00bb4.27.4&#8243; _module_preset=\u00bbdefault\u00bb custom_padding=\u00bb||1px|3px||\u00bb global_colors_info=\u00bb{}\u00bb]<\/p>\n<h2>Servei laboral d&#8217;infantil i prim\u00e0ria<\/h2>\n<h4>Curs escolar 2025-2026<\/h4>\n<p>El Servei Laboral \u00e9s un servei que ofereix l\u2019Ajuntament de Museros per facilitar la conciliaci\u00f3 laboral i familiar.<br \/>Aquest servei s\u00b4ofereix tant al mat\u00ed abans de l\u00b4entrada escolar com a les vesprades a l\u2019eixida per a tot l\u00b4alumnat del CEIP Blasco Ib\u00e1\u00f1ez.<\/p>\n<p><strong>REQUISITS<\/strong><br \/>\u2022 Xiquets i xiquetes matriculats en infantil o prim\u00e0ria del CEIP Blasco Ib\u00e1\u00f1ez de Museros.<br \/>\u2022 Amb progenitors o progenitores o tutors o tutores que treballen, i que ho acrediten mitjan\u00e7ant certificat d\u2019empresa. S\u2019hauran d\u2019aportar certificats vigents signats per les empreses on treballen, en els quals conste la durada del contracte i l\u2019horari.<\/p>\n<p><strong>DURACI\u00d3<\/strong><br \/>Calendari escolar curs 2025-2026, excepte vacances i festius escolars.<\/p>\n<p><strong>INSCRIPCIONS<\/strong><br \/>Els impresos es recolliran a l\u2019Ajuntament de Museros, al col\u00b7legi o es podran descarregar del web municipal.<\/p>\n<p><strong>HORARIS<\/strong><br \/>\u2022 Juny i setembre: de 07.30 h a 09.00 h i de 15.00 h a 18.00 h.<br \/>\u2022 Resta de mesos: de 07.30 h a 09.00 h i de 17.00 h a 18.00 h.<\/p>\n<p><strong>PREUS<\/strong><br \/>\u2022 Tarifa general: 25 \u20ac\/mes.<br \/>\u2022 Tarifa especial per cust\u00f2dia compartida (\u00fas per mig mes): 12,5 \u20ac\/mes.<br \/>\u2022 Tarifa per dies solts, en cas d\u2019us espor\u00e0dic i no continuat: 4 \u20ac\/dia complet i 2,50 \u20ac\/mat\u00ed o vesprada.<\/p>\n<p>\u2022 Per a unes altres tarifes, consulteu l\u2019ordenan\u00e7a.<\/p>\n<p>&nbsp;<\/p>\n<p>[\/et_pb_text][et_pb_text _builder_version=\u00bb4.16&#8243; _module_preset=\u00bbdefault\u00bb global_colors_info=\u00bb{}\u00bb]<\/p>\n<h3>Documents per a la inscripci\u00f3:<\/h3>\n<p>[\/et_pb_text][et_pb_button button_url=\u00bbhttps:\/\/museros.org\/wp-content\/uploads\/2022\/08\/a-sollicitud-admissio-servei-laboral.pdf\u00bb url_new_window=\u00bbon\u00bb button_text=\u00bbSol\u00b7licitud del Servei Laboral\u00bb _builder_version=\u00bb4.18.0&#8243; _module_preset=\u00bbdefault\u00bb global_colors_info=\u00bb{}\u00bb][\/et_pb_button][et_pb_button button_url=\u00bbhttps:\/\/museros.org\/wp-content\/uploads\/2022\/08\/a-domiciliacio-bancaria-servei-laboral.pdf\u00bb url_new_window=\u00bbon\u00bb button_text=\u00bbDomiciliaci\u00f3 banc\u00e0ria del Servel Laboral\u00bb _builder_version=\u00bb4.18.0&#8243; _module_preset=\u00bbdefault\u00bb global_colors_info=\u00bb{}\u00bb][\/et_pb_button][\/et_pb_column][\/et_pb_row][et_pb_row _builder_version=\u00bb4.16&#8243; _module_preset=\u00bbdefault\u00bb custom_margin=\u00bb0px||1px||false|false\u00bb custom_padding=\u00bb0px|||||\u00bb global_colors_info=\u00bb{}\u00bb][et_pb_column type=\u00bb4_4&#8243; _builder_version=\u00bb4.16&#8243; _module_preset=\u00bbdefault\u00bb global_colors_info=\u00bb{}\u00bb][et_pb_divider color=\u00bb#E02B20&#8243; divider_weight=\u00bb6px\u00bb _builder_version=\u00bb4.16&#8243; _module_preset=\u00bbdefault\u00bb min_height=\u00bb26px\u00bb custom_margin=\u00bb40px||0px||false|false\u00bb custom_padding=\u00bb||0px||false|false\u00bb locked=\u00bboff\u00bb global_colors_info=\u00bb{}\u00bb][\/et_pb_divider][\/et_pb_column][\/et_pb_row][\/et_pb_section]<\/p>\n","protected":false},"excerpt":{"rendered":"<p>Servei laboral d&#8217;infantil i prim\u00e0ria Curs escolar 2025-2026 El Servei Laboral \u00e9s un servei que ofereix l\u2019Ajuntament de Museros per facilitar la conciliaci\u00f3 laboral i familiar.Aquest servei s\u00b4ofereix tant al mat\u00ed abans de l\u00b4entrada escolar com a les vesprades a l\u2019eixida per a tot l\u00b4alumnat del CEIP Blasco Ib\u00e1\u00f1ez. REQUISITS\u2022 Xiquets i xiquetes matriculats en [&hellip;]<\/p>\n","protected":false},"author":8,"featured_media":0,"parent":0,"menu_order":0,"comment_status":"closed","ping_status":"closed","template":"","meta":{"_et_pb_use_builder":"on","_et_pb_old_content":"","_et_gb_content_width":"","_mc_calendar":[],"footnotes":""},"wf_page_folders":[298],"class_list":["post-247769","page","type-page","status-publish","hentry"],"_links":{"self":[{"href":"https:\/\/museros.org\/inici\/wp-json\/wp\/v2\/pages\/247769","targetHints":{"allow":["GET"]}}],"collection":[{"href":"https:\/\/museros.org\/inici\/wp-json\/wp\/v2\/pages"}],"about":[{"href":"https:\/\/museros.org\/inici\/wp-json\/wp\/v2\/types\/page"}],"author":[{"embeddable":true,"href":"https:\/\/museros.org\/inici\/wp-json\/wp\/v2\/users\/8"}],"replies":[{"embeddable":true,"href":"https:\/\/museros.org\/inici\/wp-json\/wp\/v2\/comments?post=247769"}],"version-history":[{"count":39,"href":"https:\/\/museros.org\/inici\/wp-json\/wp\/v2\/pages\/247769\/revisions"}],"predecessor-version":[{"id":276532,"href":"https:\/\/museros.org\/inici\/wp-json\/wp\/v2\/pages\/247769\/revisions\/276532"}],"wp:attachment":[{"href":"https:\/\/museros.org\/inici\/wp-json\/wp\/v2\/media?parent=247769"}],"wp:term":[{"taxonomy":"wf_page_folders","embeddable":true,"href":"https:\/\/museros.org\/inici\/wp-json\/wp\/v2\/wf_page_folders?post=247769"}],"curies":[{"name":"wp","href":"https:\/\/api.w.org\/{rel}","templated":true}]}}

<p>[et_pb_section fb_built=»1&#8243; _builder_version=»4.16&#8243; _module_preset=»default» custom_padding=»0px||||false|false» locked=»off» global_colors_info=»{}»][et_pb_row column_structure=»1_4,3_4&#8243; _builder_version=»4.16&#8243; _module_preset=»default» custom_padding=»0px||||false|false» locked=»off» global_colors_info=»{}»][et_pb_column type=»1_4&#8243; _builder_version=»4.16&#8243; _module_preset=»default» global_colors_info=»{}»][et_pb_image src=»https://museros.org/wp-content/uploads/2022/03/servei-lab-180&#215;230-1.jpg» title_text=»servei-lab-180&#215;230&#8243; url=»https://museros.org/inici/area-deducacio/» use_overlay=»on» overlay_icon_color=»#E02B20&#8243; hover_overlay_color=»rgba(255,255,255,0.7)» hover_icon=»&#xe04d;||divi||400&#8243; align=»center» _builder_version=»4.16&#8243; _module_preset=»default» global_colors_info=»{}»][/et_pb_image][/et_pb_column][et_pb_column type=»3_4&#8243; _builder_version=»4.16&#8243; _module_preset=»default» global_colors_info=»{}»][et_pb_text _builder_version=»4.27.4&#8243; _module_preset=»default» custom_padding=»||1px|3px||» global_colors_info=»{}»]</p>
<h2>Servei laboral d&#8217;infantil i primària</h2>
<h4>Curs escolar 2025-2026</h4>
<p>El Servei Laboral és un servei que ofereix l’Ajuntament de Museros per facilitar la conciliació laboral i familiar.<br />Aquest servei s´ofereix tant al matí abans de l´entrada escolar com a les vesprades a l’eixida per a tot l´alumnat del CEIP Blasco Ibáñez.</p>
<p><strong>REQUISITS</strong><br />• Xiquets i xiquetes matriculats en infantil o primària del CEIP Blasco Ibáñez de Museros.<br />• Amb progenitors o progenitores o tutors o tutores que treballen, i que ho acrediten mitjançant certificat d’empresa. S’hauran d’aportar certificats vigents signats per les empreses on treballen, en els quals conste la durada del contracte i l’horari.</p>
<p><strong>DURACIÓ</strong><br />Calendari escolar curs 2025-2026, excepte vacances i festius escolars.</p>
<p><strong>INSCRIPCIONS</strong><br />Els impresos es recolliran a l’Ajuntament de Museros, al col·legi o es podran descarregar del web municipal.</p>
<p><strong>HORARIS</strong><br />• Juny i setembre: de 07.30 h a 09.00 h i de 15.00 h a 18.00 h.<br />• Resta de mesos: de 07.30 h a 09.00 h i de 17.00 h a 18.00 h.</p>
<p><strong>PREUS</strong><br />• Tarifa general: 25 €/mes.<br />• Tarifa especial per custòdia compartida (ús per mig mes): 12,5 €/mes.<br />• Tarifa per dies solts, en cas d’us esporàdic i no continuat: 4 €/dia complet i 2,50 €/matí o vesprada.</p>
<p>• Per a unes altres tarifes, consulteu l’ordenança.</p>
<p>&nbsp;</p>
<p>[/et_pb_text][et_pb_text _builder_version=»4.16&#8243; _module_preset=»default» global_colors_info=»{}»]</p>
<h3>Documents per a la inscripció:</h3>
<p>[/et_pb_text][et_pb_button button_url=»https://museros.org/wp-content/uploads/2022/08/a-sollicitud-admissio-servei-laboral.pdf» url_new_window=»on» button_text=»Sol·licitud del Servei Laboral» _builder_version=»4.18.0&#8243; _module_preset=»default» global_colors_info=»{}»][/et_pb_button][et_pb_button button_url=»https://museros.org/wp-content/uploads/2022/08/a-domiciliacio-bancaria-servei-laboral.pdf» url_new_window=»on» button_text=»Domiciliació bancària del Servel Laboral» _builder_version=»4.18.0&#8243; _module_preset=»default» global_colors_info=»{}»][/et_pb_button][/et_pb_column][/et_pb_row][et_pb_row _builder_version=»4.16&#8243; _module_preset=»default» custom_margin=»0px||1px||false|false» custom_padding=»0px|||||» global_colors_info=»{}»][et_pb_column type=»4_4&#8243; _builder_version=»4.16&#8243; _module_preset=»default» global_colors_info=»{}»][et_pb_divider color=»#E02B20&#8243; divider_weight=»6px» _builder_version=»4.16&#8243; _module_preset=»default» min_height=»26px» custom_margin=»40px||0px||false|false» custom_padding=»||0px||false|false» locked=»off» global_colors_info=»{}»][/et_pb_divider][/et_pb_column][/et_pb_row][/et_pb_section]</p>

<p>Servei laboral d&#8217;infantil i primària Curs escolar 2025-2026 El Servei Laboral és un servei que ofereix l’Ajuntament de Museros per facilitar la conciliació laboral i familiar.Aquest servei s´ofereix tant al matí abans de l´entrada escolar com a les vesprades a l’eixida per a tot l´alumnat del CEIP Blasco Ibáñez. REQUISITS• Xiquets i xiquetes matriculats en [&hellip;]</p>
