{"id":247555,"date":"2021-08-25T17:31:17","date_gmt":"2021-08-25T17:31:17","guid":{"rendered":"https:\/\/museros.org\/?page_id=247555"},"modified":"2025-05-19T11:23:32","modified_gmt":"2025-05-19T11:23:32","slug":"area-dagricultura","status":"publish","type":"page","link":"https:\/\/museros.org\/inici\/area-dagricultura\/","title":{"rendered":"\u00c0rea d&#8217;agricultura"},"content":{"rendered":"<p>[et_pb_section fb_built=\u00bb1&#8243; _builder_version=\u00bb4.16&#8243; _module_preset=\u00bbdefault\u00bb custom_padding=\u00bb0px||||false|false\u00bb locked=\u00bboff\u00bb global_colors_info=\u00bb{}\u00bb][et_pb_row column_structure=\u00bb1_4,3_4&#8243; _builder_version=\u00bb4.16&#8243; _module_preset=\u00bbdefault\u00bb custom_margin=\u00bb0px||||false|false\u00bb custom_padding=\u00bb0px||||false|false\u00bb global_colors_info=\u00bb{}\u00bb][et_pb_column type=\u00bb1_4&#8243; _builder_version=\u00bb4.16&#8243; _module_preset=\u00bbdefault\u00bb global_colors_info=\u00bb{}\u00bb][et_pb_image src=\u00bbhttps:\/\/museros.org\/wp-content\/uploads\/2021\/06\/logo-agricultura-cl-230&#215;180-1.jpg\u00bb title_text=\u00bblogo-agricultura-cl-230&#215;180&#8243; url=\u00bbhttps:\/\/museros.org\/ca\/regidories\u00bb use_overlay=\u00bbon\u00bb overlay_icon_color=\u00bb#E02B20&#8243; hover_overlay_color=\u00bbrgba(255,255,255,0.69)\u00bb hover_icon=\u00bb&#xe04d;||divi||400&#8243; align=\u00bbcenter\u00bb _builder_version=\u00bb4.16&#8243; _module_preset=\u00bbdefault\u00bb width=\u00bb100%\u00bb width_tablet=\u00bb\u00bb width_phone=\u00bb\u00bb width_last_edited=\u00bbon|desktop\u00bb global_colors_info=\u00bb{}\u00bb][\/et_pb_image][\/et_pb_column][et_pb_column type=\u00bb3_4&#8243; _builder_version=\u00bb4.16&#8243; _module_preset=\u00bbdefault\u00bb global_colors_info=\u00bb{}\u00bb][et_pb_text _builder_version=\u00bb4.17.1&#8243; _module_preset=\u00bbdefault\u00bb global_colors_info=\u00bb{}\u00bb]<\/p>\n<h1>Agricultura<\/h1>\n<p>Aquesta \u00c0rea \u00e9s la responsable de dirigir la pol\u00edtica agr\u00edcola i de sobirania aliment\u00e0ria de l&#8217;Ajuntament de Museros, participant en tots els procediments i serveis que puguen produir un efecte directe sobre l&#8217;entorn d&#8217;horta, la comunitat agricultora, el municipi, aix\u00ed com els h\u00e0bits sostenibles i l&#8217;ecologia.<br \/>Tracta de millorar l&#8217;accessibilitat al voltant de l&#8217;horta i posar-ho en valor, aix\u00ed com facilitar la tasca agr\u00e0ria en la localitat des d&#8217;un paradigma col\u00b7lectiu i participatiu, especialment a trav\u00e9s del Consell Agrari i la representaci\u00f3 del municipi en l&#8217;\u00f2rgan supramunicipal conegut com a Consell de L&#8217;Horta, com a canal de comunicaci\u00f3 directe amb la resta de municipis de la comarca i la Generalitat Valenciana.<br \/>La gesti\u00f3 de la mateixa inclou les seg\u00fcents l\u00ednies d&#8217;actuaci\u00f3:<\/p>\n<p><strong>\u2022 Actuacions per a millorar els camins agr\u00edcoles del municipi<\/strong>: Anualment es detecten els camins que es poden millorar per part del consistori i es busquen el finan\u00e7ament i els recursos adequats (propis o externs) per a aix\u00f2.<\/p>\n<p>\u2022<strong> Implantaci\u00f3 i gesti\u00f3 dels horts socials<\/strong>: L&#8217;Ajuntament cedeix l&#8217;\u00fas als ve\u00efns i ve\u00efnes que el sol\u00b7liciten, de manera que es posa en valor l&#8217;autoconsum i la sobirania aliment\u00e0ria en la societat, a l&#8217;hora que es fomenta la col\u00b7laboraci\u00f3 i posada en marxa del cultiu ecol\u00f2gic.<\/p>\n<p><strong>\u2022 Projecte d&#8217;adaptaci\u00f3 al canvi clim\u00e0tic<\/strong>: Amb aquesta iniciativa es pret\u00e9n estudiar els efectes del canvi clim\u00e0tic en esp\u00e8cies vegetals de cultiu. D&#8217;aquesta manera, es cultivaran diverses esp\u00e8cies resistents a la sequera, analitzant quines s\u00f3n les m\u00e9s aptes, amb la finalitat de mitigar en un futur els impactes derivats de problemes com l&#8217;estr\u00e9s h\u00eddric.<\/p>\n<p>\u2022<strong> Cursos de tem\u00e0tica agr\u00edcola destinats a les persones agricultores del terme<\/strong>: es busca facilitar la formaci\u00f3 de la comunitat agr\u00edcola en temes d&#8217;inter\u00e9s, com l&#8217;obtenci\u00f3 del carnet de manipulador de productes fitosanitaris o formaci\u00f3 enfocada al cultiu ecol\u00f2gic.<\/p>\n<p><strong>\u2022 Tancament de camins rurals<\/strong>: Addicionalment, la regidoria porta la gesti\u00f3 dels tancaments de camins rurals. D&#8217;aquesta manera, els ve\u00efns i ve\u00efnes que busquen sol\u00b7licitar el tancament hauran de complir una s\u00e8rie de requisits establits en l&#8217;ordenan\u00e7a vigent en la mat\u00e8ria i evitar aix\u00ed el robatori dels cultius en plena \u00e8poca.<\/p>\n<p>&nbsp;<\/p>\n<p>[\/et_pb_text][et_pb_divider color=\u00bb#999999&#8243; divider_style=\u00bbdotted\u00bb divider_weight=\u00bb7px\u00bb _builder_version=\u00bb4.23.1&#8243; _module_preset=\u00bbdefault\u00bb link_option_url=\u00bbhttps:\/\/museros.org\/inici\/ajudes-paisatge\/\u00bb global_colors_info=\u00bb{}\u00bb][\/et_pb_divider][et_pb_image src=\u00bbhttps:\/\/museros.org\/wp-content\/uploads\/2024\/01\/ajudes-parany-1080&#215;300-1.jpg\u00bb title_text=\u00bbajudes-parany-1080&#215;300&#8243; url=\u00bbhttps:\/\/museros.org\/inici\/ajuda-per-al-parany\/\u00bb use_overlay=\u00bbon\u00bb overlay_icon_color=\u00bb#E02B20&#8243; hover_overlay_color=\u00bbrgba(255,255,255,0.71)\u00bb hover_icon=\u00bb&#xe04e;||divi||400&#8243; _builder_version=\u00bb4.24.0&#8243; _module_preset=\u00bbdefault\u00bb locked=\u00bboff\u00bb global_colors_info=\u00bb{}\u00bb][\/et_pb_image][et_pb_divider color=\u00bb#999999&#8243; divider_style=\u00bbdotted\u00bb divider_weight=\u00bb7px\u00bb _builder_version=\u00bb4.16&#8243; _module_preset=\u00bbdefault\u00bb global_colors_info=\u00bb{}\u00bb][\/et_pb_divider][et_pb_image src=\u00bbhttps:\/\/museros.org\/wp-content\/uploads\/2024\/01\/ajudes-horta-1080&#215;300-3.jpg\u00bb title_text=\u00bbajudes-horta-1080&#215;300-3&#8243; url=\u00bbhttps:\/\/museros.org\/inici\/ajudes-paisatge\/\u00bb use_overlay=\u00bbon\u00bb overlay_icon_color=\u00bb#E02B20&#8243; hover_overlay_color=\u00bbrgba(255,255,255,0.71)\u00bb hover_icon=\u00bb&#xe04e;||divi||400&#8243; _builder_version=\u00bb4.24.0&#8243; _module_preset=\u00bbdefault\u00bb locked=\u00bboff\u00bb global_colors_info=\u00bb{}\u00bb][\/et_pb_image][et_pb_divider color=\u00bb#999999&#8243; divider_style=\u00bbdotted\u00bb divider_weight=\u00bb7px\u00bb _builder_version=\u00bb4.16&#8243; _module_preset=\u00bbdefault\u00bb global_colors_info=\u00bb{}\u00bb][\/et_pb_divider][\/et_pb_column][\/et_pb_row][et_pb_row column_structure=\u00bb1_6,1_6,1_6,1_6,1_6,1_6&#8243; _builder_version=\u00bb4.16&#8243; _module_preset=\u00bbdefault\u00bb global_colors_info=\u00bb{}\u00bb][et_pb_column type=\u00bb1_6&#8243; _builder_version=\u00bb4.16&#8243; _module_preset=\u00bbdefault\u00bb global_colors_info=\u00bb{}\u00bb][et_pb_image src=\u00bbhttps:\/\/museros.org\/wp-content\/uploads\/2024\/01\/anunci-parany-400&#215;320-1.jpg\u00bb title_text=\u00bbanunci-parany-400&#215;320&#8243; url=\u00bbhttps:\/\/museros.org\/inici\/ajuda-per-al-parany\u00bb use_overlay=\u00bbon\u00bb overlay_icon_color=\u00bb#E02B20&#8243; hover_overlay_color=\u00bbrgba(255,255,255,0.7)\u00bb hover_icon=\u00bb&#xe04e;||divi||400&#8243; _builder_version=\u00bb4.24.0&#8243; _module_preset=\u00bbdefault\u00bb locked=\u00bboff\u00bb global_colors_info=\u00bb{}\u00bb][\/et_pb_image][\/et_pb_column][et_pb_column type=\u00bb1_6&#8243; _builder_version=\u00bb4.16&#8243; _module_preset=\u00bbdefault\u00bb global_colors_info=\u00bb{}\u00bb][et_pb_image src=\u00bbhttps:\/\/museros.org\/wp-content\/uploads\/2022\/02\/banner-cultius.jpg\u00bb title_text=\u00bbbanner-cultius\u00bb url=\u00bbhttps:\/\/museros.org\/inici\/que-plantar-al-camp\/\u00bb use_overlay=\u00bbon\u00bb overlay_icon_color=\u00bb#E02B20&#8243; hover_overlay_color=\u00bbrgba(255,255,255,0.69)\u00bb hover_icon=\u00bb&#xe04e;||divi||400&#8243; _builder_version=\u00bb4.16&#8243; _module_preset=\u00bbdefault\u00bb global_colors_info=\u00bb{}\u00bb][\/et_pb_image][\/et_pb_column][et_pb_column type=\u00bb1_6&#8243; _builder_version=\u00bb4.16&#8243; _module_preset=\u00bbdefault\u00bb global_colors_info=\u00bb{}\u00bb][et_pb_image src=\u00bbhttps:\/\/museros.org\/wp-content\/uploads\/2023\/12\/definitius-400&#215;320-1.jpg\u00bb title_text=\u00bbdefinitius-400&#215;320&#8243; url=\u00bbhttps:\/\/museros.org\/wp-content\/uploads\/2023\/12\/RESULTADOS-CONCESION-DE-AYUDAS-DEFINITIVA.pdf\u00bb url_new_window=\u00bbon\u00bb use_overlay=\u00bbon\u00bb overlay_icon_color=\u00bb#E02B20&#8243; hover_overlay_color=\u00bbrgba(255,255,255,0.7)\u00bb hover_icon=\u00bb&#xe04e;||divi||400&#8243; _builder_version=\u00bb4.23.1&#8243; _module_preset=\u00bbdefault\u00bb locked=\u00bboff\u00bb global_colors_info=\u00bb{}\u00bb][\/et_pb_image][\/et_pb_column][et_pb_column type=\u00bb1_6&#8243; _builder_version=\u00bb4.16&#8243; _module_preset=\u00bbdefault\u00bb global_colors_info=\u00bb{}\u00bb][et_pb_image src=\u00bbhttps:\/\/museros.org\/wp-content\/uploads\/2022\/02\/enllas-guia-cultiu.jpg\u00bb title_text=\u00bbenllas-guia-cultiu\u00bb url=\u00bbhttps:\/\/museros.org\/wp-content\/uploads\/2022\/02\/Guia-de-cultivo-para-Huertos-Sociales-Ecologicos-de-Museros.pdf\u00bb url_new_window=\u00bbon\u00bb use_overlay=\u00bbon\u00bb overlay_icon_color=\u00bb#E02B20&#8243; hover_overlay_color=\u00bbrgba(255,255,255,0.66)\u00bb hover_icon=\u00bb&#xe04e;||divi||400&#8243; _builder_version=\u00bb4.16&#8243; _module_preset=\u00bbdefault\u00bb global_colors_info=\u00bb{}\u00bb][\/et_pb_image][\/et_pb_column][et_pb_column type=\u00bb1_6&#8243; _builder_version=\u00bb4.16&#8243; _module_preset=\u00bbdefault\u00bb global_colors_info=\u00bb{}\u00bb][et_pb_image src=\u00bbhttps:\/\/museros.org\/wp-content\/uploads\/2022\/02\/enllas-horts-urbans.jpg\u00bb title_text=\u00bbenllas-horts-urbans\u00bb url=\u00bbhttps:\/\/museros.org\/wp-content\/uploads\/2022\/02\/HUERTOS-URBANOS-Y-PERIURBANOS-EN-VALENCIA.pdf\u00bb url_new_window=\u00bbon\u00bb use_overlay=\u00bbon\u00bb overlay_icon_color=\u00bb#E02B20&#8243; hover_overlay_color=\u00bbrgba(255,255,255,0.71)\u00bb hover_icon=\u00bb&#xe04e;||divi||400&#8243; _builder_version=\u00bb4.16&#8243; _module_preset=\u00bbdefault\u00bb global_colors_info=\u00bb{}\u00bb][\/et_pb_image][\/et_pb_column][et_pb_column type=\u00bb1_6&#8243; _builder_version=\u00bb4.16&#8243; _module_preset=\u00bbdefault\u00bb global_colors_info=\u00bb{}\u00bb][et_pb_image src=\u00bbhttps:\/\/museros.org\/wp-content\/uploads\/2022\/02\/enllas-mosquit.jpg\u00bb title_text=\u00bbenllas-mosquit\u00bb url=\u00bbhttps:\/\/museros.org\/wp-content\/uploads\/2022\/02\/RECOMENDACIONES-MOSQUITO-TIGRE-EN-HUERTOS-URBANOS.pdf\u00bb url_new_window=\u00bbon\u00bb use_overlay=\u00bbon\u00bb overlay_icon_color=\u00bb#E02B20&#8243; hover_overlay_color=\u00bbrgba(255,255,255,0.71)\u00bb hover_icon=\u00bb&#xe04e;||divi||400&#8243; _builder_version=\u00bb4.16&#8243; _module_preset=\u00bbdefault\u00bb global_colors_info=\u00bb{}\u00bb][\/et_pb_image][\/et_pb_column][\/et_pb_row][et_pb_row _builder_version=\u00bb4.16&#8243; _module_preset=\u00bbdefault\u00bb global_colors_info=\u00bb{}\u00bb][et_pb_column type=\u00bb4_4&#8243; _builder_version=\u00bb4.16&#8243; _module_preset=\u00bbdefault\u00bb global_colors_info=\u00bb{}\u00bb][et_pb_divider color=\u00bb#999999&#8243; divider_style=\u00bbdotted\u00bb divider_weight=\u00bb7px\u00bb _builder_version=\u00bb4.16&#8243; _module_preset=\u00bbdefault\u00bb global_colors_info=\u00bb{}\u00bb][\/et_pb_divider][\/et_pb_column][\/et_pb_row][et_pb_row column_structure=\u00bb1_6,1_6,1_6,1_6,1_6,1_6&#8243; _builder_version=\u00bb4.16&#8243; _module_preset=\u00bbdefault\u00bb global_colors_info=\u00bb{}\u00bb][et_pb_column type=\u00bb1_6&#8243; _builder_version=\u00bb4.16&#8243; _module_preset=\u00bbdefault\u00bb global_colors_info=\u00bb{}\u00bb][et_pb_button button_url=\u00bbhttps:\/\/museros.org\/wp-content\/uploads\/2023\/07\/MAPA-HORTA-DE-MUSEROS.pdf\u00bb url_new_window=\u00bbon\u00bb button_text=\u00bbMapa de l&#8217;horta de Museros PDF\u00bb admin_label=\u00bbMapa de l`horta\u00bb _builder_version=\u00bb4.21.0&#8243; _module_preset=\u00bbdefault\u00bb global_colors_info=\u00bb{}\u00bb][\/et_pb_button][\/et_pb_column][et_pb_column type=\u00bb1_6&#8243; _builder_version=\u00bb4.16&#8243; _module_preset=\u00bbdefault\u00bb global_colors_info=\u00bb{}\u00bb][et_pb_button button_url=\u00bbhttps:\/\/museros.org\/wp-content\/uploads\/2024\/05\/Reglament-dus-dels-horts-socials-ecologics.pdf\u00bb url_new_window=\u00bbon\u00bb button_text=\u00bbReglament horts socials PDF\u00bb admin_label=\u00bbReglament horts\u00bb _builder_version=\u00bb4.25.1&#8243; _module_preset=\u00bbdefault\u00bb global_colors_info=\u00bb{}\u00bb][\/et_pb_button][\/et_pb_column][et_pb_column type=\u00bb1_6&#8243; _builder_version=\u00bb4.16&#8243; _module_preset=\u00bbdefault\u00bb global_colors_info=\u00bb{}\u00bb][et_pb_button button_url=\u00bbhttps:\/\/museros.org\/wp-content\/uploads\/2022\/04\/a-sollicitud-horts-socials.pdf\u00bb url_new_window=\u00bbon\u00bb button_text=\u00bbSol\u00b7licitud horts socials PDF\u00bb admin_label=\u00bbSol\u00b7licitud horts\u00bb _builder_version=\u00bb4.17.1&#8243; _module_preset=\u00bbdefault\u00bb global_colors_info=\u00bb{}\u00bb][\/et_pb_button][\/et_pb_column][et_pb_column type=\u00bb1_6&#8243; _builder_version=\u00bb4.16&#8243; _module_preset=\u00bbdefault\u00bb global_colors_info=\u00bb{}\u00bb][et_pb_button button_url=\u00bbhttps:\/\/museros.org\/wp-content\/uploads\/2022\/04\/a-declaracio-horts-socials.pdf\u00bb url_new_window=\u00bbon\u00bb button_text=\u00bbDeclaraci\u00f3 horts socials PDF\u00bb admin_label=\u00bbDeclaraci\u00f3 horts\u00bb _builder_version=\u00bb4.17.1&#8243; _module_preset=\u00bbdefault\u00bb global_colors_info=\u00bb{}\u00bb][\/et_pb_button][\/et_pb_column][et_pb_column type=\u00bb1_6&#8243; _builder_version=\u00bb4.16&#8243; _module_preset=\u00bbdefault\u00bb global_colors_info=\u00bb{}\u00bb][et_pb_button button_url=\u00bbhttps:\/\/museros.org\/wp-content\/uploads\/2022\/02\/Reglament-tancament-camins-rurals.pdf\u00bb url_new_window=\u00bbon\u00bb button_text=\u00bbReglament tancament camins rurals  PDF\u00bb admin_label=\u00bbReglament tancament\u00bb _builder_version=\u00bb4.16&#8243; _module_preset=\u00bbdefault\u00bb global_colors_info=\u00bb{}\u00bb][\/et_pb_button][\/et_pb_column][et_pb_column type=\u00bb1_6&#8243; _builder_version=\u00bb4.16&#8243; _module_preset=\u00bbdefault\u00bb global_colors_info=\u00bb{}\u00bb][et_pb_button button_url=\u00bbhttps:\/\/museros.org\/wp-content\/uploads\/2022\/04\/a-sollicitud-tancament-camins.pdf\u00bb url_new_window=\u00bbon\u00bb button_text=\u00bbSol\u00b7licitud tancament camins rurals PDF\u00bb admin_label=\u00bbSol\u00b7licitud tancament\u00bb _builder_version=\u00bb4.17.1&#8243; _module_preset=\u00bbdefault\u00bb global_colors_info=\u00bb{}\u00bb][\/et_pb_button][\/et_pb_column][\/et_pb_row][et_pb_row _builder_version=\u00bb4.16&#8243; _module_preset=\u00bbdefault\u00bb global_colors_info=\u00bb{}\u00bb][et_pb_column type=\u00bb4_4&#8243; _builder_version=\u00bb4.16&#8243; _module_preset=\u00bbdefault\u00bb global_colors_info=\u00bb{}\u00bb][et_pb_divider color=\u00bb#E02B20&#8243; divider_weight=\u00bb4px\u00bb _builder_version=\u00bb4.16&#8243; _module_preset=\u00bbdefault\u00bb global_colors_info=\u00bb{}\u00bb][\/et_pb_divider][\/et_pb_column][\/et_pb_row][\/et_pb_section]<\/p>\n","protected":false},"excerpt":{"rendered":"<p>Agricultura Aquesta \u00c0rea \u00e9s la responsable de dirigir la pol\u00edtica agr\u00edcola i de sobirania aliment\u00e0ria de l&#8217;Ajuntament de Museros, participant en tots els procediments i serveis que puguen produir un efecte directe sobre l&#8217;entorn d&#8217;horta, la comunitat agricultora, el municipi, aix\u00ed com els h\u00e0bits sostenibles i l&#8217;ecologia.Tracta de millorar l&#8217;accessibilitat al voltant de l&#8217;horta i [&hellip;]<\/p>\n","protected":false},"author":8,"featured_media":0,"parent":0,"menu_order":0,"comment_status":"closed","ping_status":"closed","template":"","meta":{"_et_pb_use_builder":"on","_et_pb_old_content":"","_et_gb_content_width":"","_mc_calendar":[],"footnotes":""},"wf_page_folders":[300],"class_list":["post-247555","page","type-page","status-publish","hentry"],"_links":{"self":[{"href":"https:\/\/museros.org\/inici\/wp-json\/wp\/v2\/pages\/247555","targetHints":{"allow":["GET"]}}],"collection":[{"href":"https:\/\/museros.org\/inici\/wp-json\/wp\/v2\/pages"}],"about":[{"href":"https:\/\/museros.org\/inici\/wp-json\/wp\/v2\/types\/page"}],"author":[{"embeddable":true,"href":"https:\/\/museros.org\/inici\/wp-json\/wp\/v2\/users\/8"}],"replies":[{"embeddable":true,"href":"https:\/\/museros.org\/inici\/wp-json\/wp\/v2\/comments?post=247555"}],"version-history":[{"count":33,"href":"https:\/\/museros.org\/inici\/wp-json\/wp\/v2\/pages\/247555\/revisions"}],"predecessor-version":[{"id":274296,"href":"https:\/\/museros.org\/inici\/wp-json\/wp\/v2\/pages\/247555\/revisions\/274296"}],"wp:attachment":[{"href":"https:\/\/museros.org\/inici\/wp-json\/wp\/v2\/media?parent=247555"}],"wp:term":[{"taxonomy":"wf_page_folders","embeddable":true,"href":"https:\/\/museros.org\/inici\/wp-json\/wp\/v2\/wf_page_folders?post=247555"}],"curies":[{"name":"wp","href":"https:\/\/api.w.org\/{rel}","templated":true}]}}