{"id":247532,"date":"2021-08-25T17:05:45","date_gmt":"2021-08-25T17:05:45","guid":{"rendered":"https:\/\/museros.org\/?page_id=247532"},"modified":"2023-05-04T08:17:53","modified_gmt":"2023-05-04T08:17:53","slug":"certamen-de-lectura-en-veu-alta","status":"publish","type":"page","link":"https:\/\/museros.org\/inici\/certamen-de-lectura-en-veu-alta\/","title":{"rendered":"Certamen de lectura en veu alta"},"content":{"rendered":"<p>[et_pb_section fb_built=\u00bb1&#8243; _builder_version=\u00bb4.16&#8243; _module_preset=\u00bbdefault\u00bb custom_padding=\u00bb0px||||false|false\u00bb locked=\u00bboff\u00bb global_colors_info=\u00bb{}\u00bb][et_pb_row column_structure=\u00bb1_4,3_4&#8243; _builder_version=\u00bb4.16&#8243; _module_preset=\u00bbdefault\u00bb custom_margin=\u00bb0px||0px||true|false\u00bb custom_padding=\u00bb0px||0px||false|false\u00bb global_colors_info=\u00bb{}\u00bb][et_pb_column type=\u00bb1_4&#8243; _builder_version=\u00bb4.16&#8243; _module_preset=\u00bbdefault\u00bb global_colors_info=\u00bb{}\u00bb][et_pb_image src=\u00bbhttps:\/\/museros.org\/wp-content\/uploads\/2021\/08\/logo-promocio-cl-230&#215;180-1.jpg\u00bb title_text=\u00bblogo-promocio-cl-230&#215;180&#8243; url=\u00bbhttps:\/\/museros.org\/inici\/area-de-promocio-linguistica\u00bb use_overlay=\u00bbon\u00bb overlay_icon_color=\u00bbrgba(224,43,32,0.48)\u00bb hover_overlay_color=\u00bbrgba(255,255,255,0.71)\u00bb hover_icon=\u00bb&#xe04d;||divi||400&#8243; src_tablet=\u00bb\u00bb src_phone=\u00bb\u00bb src_last_edited=\u00bbon|phone\u00bb _builder_version=\u00bb4.16&#8243; _module_preset=\u00bbdefault\u00bb global_colors_info=\u00bb{}\u00bb][\/et_pb_image][\/et_pb_column][et_pb_column type=\u00bb3_4&#8243; _builder_version=\u00bb4.16&#8243; _module_preset=\u00bbdefault\u00bb global_colors_info=\u00bb{}\u00bb][et_pb_image src=\u00bbhttps:\/\/museros.org\/wp-content\/uploads\/2023\/05\/cartell-De-Viva-Veu-2023.jpg\u00bb title_text=\u00bbcartell-De-Viva-Veu-2023&#8243; _builder_version=\u00bb4.21.0&#8243; _module_preset=\u00bbdefault\u00bb custom_margin=\u00bb0px||0px||false|false\u00bb custom_padding=\u00bb0px||0px||false|false\u00bb global_colors_info=\u00bb{}\u00bb][\/et_pb_image][et_pb_text _builder_version=\u00bb4.21.0&#8243; _module_preset=\u00bbdefault\u00bb custom_margin=\u00bb40px||||false|false\u00bb hover_enabled=\u00bb0&#8243; global_colors_info=\u00bb{}\u00bb sticky_enabled=\u00bb0&#8243;]<\/p>\n<h2>VIII CERTAMEN ESCOLAR DE LECTURA EN VEU ALTA LOCAL 2023<\/h2>\n<p>Dijous, 23 de febrer, a les 18.00 h, a la Casa de Cultura, tingu\u00e9 lloc el VIII Certamen Escolar de Lectura en Veu Alta Local.<\/p>\n<p>De viva veu \u00e9s un certamen cultural, educatiu i d&#8217;animaci\u00f3 a la lectura en veu alta en valenci\u00e0.<\/p>\n<p>Aquest ha estat organitzat per la Regidoria de Cultura i Promoci\u00f3 Ling\u00fc\u00edstica i la Regidoria d\u2019Educaci\u00f3 i Esport de l\u2019Ajuntament de Museros, conjuntament amb la Fundaci\u00f3 pel Llibre i la Lectura FULL.<\/p>\n<p>Ha participat l\u2019alumnat del CEIP Blasco Ib\u00e1\u00f1ez i de l\u2019IES Museros, que organitzat per categories des dels cursos de 3r a 6\u00e9 d\u2019educaci\u00f3 prim\u00e0ria i des dels diferents cursos d\u2019ESO, van llegir uns textos en veu alta i van ser seleccionats i seleccionades com a representants de Museros per al certamen final de la Comunicat Valenciana.<\/p>\n<p>&nbsp;<\/p>\n<p>[\/et_pb_text][et_pb_image src=\u00bbhttps:\/\/museros.org\/wp-content\/uploads\/2022\/05\/logo-devivaveu-2022.png\u00bb title_text=\u00bblogo-devivaveu-2022&#8243; url=\u00bbhttp:\/\/devivaveu.es\u00bb url_new_window=\u00bbon\u00bb use_overlay=\u00bbon\u00bb overlay_icon_color=\u00bb#E02B20&#8243; hover_overlay_color=\u00bbrgba(255,255,255,0.7)\u00bb hover_icon=\u00bb&#xe04e;||divi||400&#8243; _builder_version=\u00bb4.17.3&#8243; _module_preset=\u00bbdefault\u00bb width=\u00bb100%\u00bb custom_margin=\u00bb0px||25px||false|false\u00bb custom_padding=\u00bb0px||0px||false|false\u00bb global_colors_info=\u00bb{}\u00bb][\/et_pb_image][\/et_pb_column][\/et_pb_row][et_pb_row _builder_version=\u00bb4.16&#8243; _module_preset=\u00bbdefault\u00bb locked=\u00bboff\u00bb global_colors_info=\u00bb{}\u00bb][et_pb_column type=\u00bb4_4&#8243; _builder_version=\u00bb4.16&#8243; _module_preset=\u00bbdefault\u00bb global_colors_info=\u00bb{}\u00bb][et_pb_divider color=\u00bb#cc0000&#8243; divider_weight=\u00bb4px\u00bb _builder_version=\u00bb4.16&#8243; _module_preset=\u00bbdefault\u00bb global_colors_info=\u00bb{}\u00bb][\/et_pb_divider][\/et_pb_column][\/et_pb_row][\/et_pb_section]<\/p>\n","protected":false},"excerpt":{"rendered":"<p>VIII CERTAMEN ESCOLAR DE LECTURA EN VEU ALTA LOCAL 2023 Dijous, 23 de febrer, a les 18.00 h, a la Casa de Cultura, tingu\u00e9 lloc el VIII Certamen Escolar de Lectura en Veu Alta Local. De viva veu \u00e9s un certamen cultural, educatiu i d&#8217;animaci\u00f3 a la lectura en veu alta en valenci\u00e0. Aquest ha [&hellip;]<\/p>\n","protected":false},"author":8,"featured_media":0,"parent":0,"menu_order":0,"comment_status":"closed","ping_status":"closed","template":"","meta":{"_et_pb_use_builder":"on","_et_pb_old_content":"","_et_gb_content_width":"","_mc_calendar":[],"footnotes":""},"wf_page_folders":[140],"class_list":["post-247532","page","type-page","status-publish","hentry"],"_links":{"self":[{"href":"https:\/\/museros.org\/inici\/wp-json\/wp\/v2\/pages\/247532","targetHints":{"allow":["GET"]}}],"collection":[{"href":"https:\/\/museros.org\/inici\/wp-json\/wp\/v2\/pages"}],"about":[{"href":"https:\/\/museros.org\/inici\/wp-json\/wp\/v2\/types\/page"}],"author":[{"embeddable":true,"href":"https:\/\/museros.org\/inici\/wp-json\/wp\/v2\/users\/8"}],"replies":[{"embeddable":true,"href":"https:\/\/museros.org\/inici\/wp-json\/wp\/v2\/comments?post=247532"}],"version-history":[{"count":10,"href":"https:\/\/museros.org\/inici\/wp-json\/wp\/v2\/pages\/247532\/revisions"}],"predecessor-version":[{"id":264398,"href":"https:\/\/museros.org\/inici\/wp-json\/wp\/v2\/pages\/247532\/revisions\/264398"}],"wp:attachment":[{"href":"https:\/\/museros.org\/inici\/wp-json\/wp\/v2\/media?parent=247532"}],"wp:term":[{"taxonomy":"wf_page_folders","embeddable":true,"href":"https:\/\/museros.org\/inici\/wp-json\/wp\/v2\/wf_page_folders?post=247532"}],"curies":[{"name":"wp","href":"https:\/\/api.w.org\/{rel}","templated":true}]}}

<p>[et_pb_section fb_built=»1&#8243; _builder_version=»4.16&#8243; _module_preset=»default» custom_padding=»0px||||false|false» locked=»off» global_colors_info=»{}»][et_pb_row column_structure=»1_4,3_4&#8243; _builder_version=»4.16&#8243; _module_preset=»default» custom_margin=»0px||0px||true|false» custom_padding=»0px||0px||false|false» global_colors_info=»{}»][et_pb_column type=»1_4&#8243; _builder_version=»4.16&#8243; _module_preset=»default» global_colors_info=»{}»][et_pb_image src=»https://museros.org/wp-content/uploads/2021/08/logo-promocio-cl-230&#215;180-1.jpg» title_text=»logo-promocio-cl-230&#215;180&#8243; url=»https://museros.org/inici/area-de-promocio-linguistica» use_overlay=»on» overlay_icon_color=»rgba(224,43,32,0.48)» hover_overlay_color=»rgba(255,255,255,0.71)» hover_icon=»&#xe04d;||divi||400&#8243; src_tablet=»» src_phone=»» src_last_edited=»on|phone» _builder_version=»4.16&#8243; _module_preset=»default» global_colors_info=»{}»][/et_pb_image][/et_pb_column][et_pb_column type=»3_4&#8243; _builder_version=»4.16&#8243; _module_preset=»default» global_colors_info=»{}»][et_pb_image src=»https://museros.org/wp-content/uploads/2023/05/cartell-De-Viva-Veu-2023.jpg» title_text=»cartell-De-Viva-Veu-2023&#8243; _builder_version=»4.21.0&#8243; _module_preset=»default» custom_margin=»0px||0px||false|false» custom_padding=»0px||0px||false|false» global_colors_info=»{}»][/et_pb_image][et_pb_text _builder_version=»4.21.0&#8243; _module_preset=»default» custom_margin=»40px||||false|false» hover_enabled=»0&#8243; global_colors_info=»{}» sticky_enabled=»0&#8243;]</p>
<h2>VIII CERTAMEN ESCOLAR DE LECTURA EN VEU ALTA LOCAL 2023</h2>
<p>Dijous, 23 de febrer, a les 18.00 h, a la Casa de Cultura, tingué lloc el VIII Certamen Escolar de Lectura en Veu Alta Local.</p>
<p>De viva veu és un certamen cultural, educatiu i d&#8217;animació a la lectura en veu alta en valencià.</p>
<p>Aquest ha estat organitzat per la Regidoria de Cultura i Promoció Lingüística i la Regidoria d’Educació i Esport de l’Ajuntament de Museros, conjuntament amb la Fundació pel Llibre i la Lectura FULL.</p>
<p>Ha participat l’alumnat del CEIP Blasco Ibáñez i de l’IES Museros, que organitzat per categories des dels cursos de 3r a 6é d’educació primària i des dels diferents cursos d’ESO, van llegir uns textos en veu alta i van ser seleccionats i seleccionades com a representants de Museros per al certamen final de la Comunicat Valenciana.</p>
<p>&nbsp;</p>
<p>[/et_pb_text][et_pb_image src=»https://museros.org/wp-content/uploads/2022/05/logo-devivaveu-2022.png» title_text=»logo-devivaveu-2022&#8243; url=»http://devivaveu.es» url_new_window=»on» use_overlay=»on» overlay_icon_color=»#E02B20&#8243; hover_overlay_color=»rgba(255,255,255,0.7)» hover_icon=»&#xe04e;||divi||400&#8243; _builder_version=»4.17.3&#8243; _module_preset=»default» width=»100%» custom_margin=»0px||25px||false|false» custom_padding=»0px||0px||false|false» global_colors_info=»{}»][/et_pb_image][/et_pb_column][/et_pb_row][et_pb_row _builder_version=»4.16&#8243; _module_preset=»default» locked=»off» global_colors_info=»{}»][et_pb_column type=»4_4&#8243; _builder_version=»4.16&#8243; _module_preset=»default» global_colors_info=»{}»][et_pb_divider color=»#cc0000&#8243; divider_weight=»4px» _builder_version=»4.16&#8243; _module_preset=»default» global_colors_info=»{}»][/et_pb_divider][/et_pb_column][/et_pb_row][/et_pb_section]</p>

<p>VIII CERTAMEN ESCOLAR DE LECTURA EN VEU ALTA LOCAL 2023 Dijous, 23 de febrer, a les 18.00 h, a la Casa de Cultura, tingué lloc el VIII Certamen Escolar de Lectura en Veu Alta Local. De viva veu és un certamen cultural, educatiu i d&#8217;animació a la lectura en veu alta en valencià. Aquest ha [&hellip;]</p>
