{"id":247519,"date":"2021-08-25T16:55:24","date_gmt":"2021-08-25T16:55:24","guid":{"rendered":"https:\/\/museros.org\/?page_id=247519"},"modified":"2022-02-27T14:27:05","modified_gmt":"2022-02-27T14:27:05","slug":"campanya-aviva-museros","status":"publish","type":"page","link":"https:\/\/museros.org\/inici\/campanya-aviva-museros\/","title":{"rendered":"Campanya Aviva Museros"},"content":{"rendered":"<p>[et_pb_section fb_built=\u00bb1&#8243; _builder_version=\u00bb4.10.4&#8243; _module_preset=\u00bbdefault\u00bb custom_padding=\u00bb0px||||false|false\u00bb locked=\u00bboff\u00bb global_colors_info=\u00bb{}\u00bb][et_pb_row column_structure=\u00bb1_4,3_4&#8243; _builder_version=\u00bb4.10.4&#8243; _module_preset=\u00bbdefault\u00bb custom_padding=\u00bb0px||||false|false\u00bb global_colors_info=\u00bb{}\u00bb][et_pb_column type=\u00bb1_4&#8243; _builder_version=\u00bb4.9.7&#8243; _module_preset=\u00bbdefault\u00bb global_colors_info=\u00bb{}\u00bb][et_pb_image src=\u00bbhttps:\/\/museros.org\/wp-content\/uploads\/2021\/08\/logo-promocio-cl-230&#215;180-1.jpg\u00bb title_text=\u00bblogo-promocio-cl-230&#215;180&#8243; url=\u00bbhttps:\/\/museros.org\/inici\/area-de-promocio-linguistica\u00bb use_overlay=\u00bbon\u00bb overlay_icon_color=\u00bb#E02B20&#8243; hover_overlay_color=\u00bbrgba(255,255,255,0.7)\u00bb hover_icon=\u00bb&#xe04d;||divi||400&#8243; _builder_version=\u00bb4.14.8&#8243; _module_preset=\u00bbdefault\u00bb hover_enabled=\u00bb0&#8243; global_colors_info=\u00bb{}\u00bb sticky_enabled=\u00bb0&#8243;][\/et_pb_image][\/et_pb_column][et_pb_column type=\u00bb3_4&#8243; _builder_version=\u00bb4.9.7&#8243; _module_preset=\u00bbdefault\u00bb global_colors_info=\u00bb{}\u00bb][et_pb_text _builder_version=\u00bb4.13.0&#8243; _module_preset=\u00bbdefault\u00bb global_colors_info=\u00bb{}\u00bb]<\/p>\n<h1>Campanya Viu en Valenci\u00e0<\/h1>\n<p>La Regidoria de Cultura i Promoci\u00f3 Ling\u00fc\u00edstica continua apostant per l\u2019art urb\u00e0, aquesta vegada des de l\u2019Ag\u00e8ncia de Promoci\u00f3 del Valenci\u00e0, AVIVA Museros, que ha portat a terme la campanya Viu en Valenci\u00e0.<\/p>\n<p>David de Lim\u00f3n i La Nena Wapa Wapa, artistes molt reconeguts en l\u2019\u00e0mbit de l\u2019art urb\u00e0, han realitzat una s\u00e8rie murals i grafits que es troben en diferents localitzacions de Museros, per tal de fer visible l\u2019\u00fas del valenci\u00e0, perqu\u00e8 el valenci\u00e0 forma part de la nostra vida i l\u2019art tamb\u00e9.<\/p>\n<p>Les actuacions, quant al lloc i el missatge, han sigut seleccionades per tal que facen refer\u00e8ncia a diverses situacions del nostre dia a dia, per\u00f2 aix\u00f2 s\u00ed, en valenci\u00e0, com la cultura, l\u2019oci infantil, el comer\u00e7, la sanitat o l\u2019esport.<\/p>\n<p>Esperem que us agraden i us convidem a fer una ruta per la nostra localitat, per tal de visitar-los tots.<\/p>\n<p>[\/et_pb_text][\/et_pb_column][\/et_pb_row][et_pb_row column_structure=\u00bb3_5,2_5&#8243; _builder_version=\u00bb4.9.7&#8243; _module_preset=\u00bbdefault\u00bb global_colors_info=\u00bb{}\u00bb][et_pb_column type=\u00bb3_5&#8243; _builder_version=\u00bb4.9.7&#8243; _module_preset=\u00bbdefault\u00bb global_colors_info=\u00bb{}\u00bb][et_pb_image src=\u00bbhttps:\/\/museros.org\/wp-content\/uploads\/2021\/07\/cartula-video-720&#215;360-1.jpg\u00bb title_text=\u00bbcartula-video-720&#215;360&#8243; url=\u00bbhttps:\/\/museros.org\/wp-content\/uploads\/2021\/07\/Campanya.mp4&#8243; url_new_window=\u00bbon\u00bb use_overlay=\u00bbon\u00bb overlay_icon_color=\u00bb#E02B20&#8243; hover_overlay_color=\u00bbrgba(255,255,255,0.69)\u00bb hover_icon=\u00bb&#xe04e;||divi||400&#8243; align=\u00bbcenter\u00bb _builder_version=\u00bb4.13.0&#8243; _module_preset=\u00bbdefault\u00bb global_colors_info=\u00bb{}\u00bb][\/et_pb_image][\/et_pb_column][et_pb_column type=\u00bb2_5&#8243; _builder_version=\u00bb4.9.7&#8243; _module_preset=\u00bbdefault\u00bb global_colors_info=\u00bb{}\u00bb][et_pb_slider _builder_version=\u00bb4.9.7&#8243; _module_preset=\u00bbdefault\u00bb width=\u00bb80%\u00bb custom_margin=\u00bb||||false|false\u00bb custom_padding=\u00bb140px||180px||false|false\u00bb animation_style=\u00bbfade\u00bb auto=\u00bbon\u00bb auto_speed=\u00bb4000&#8243; global_colors_info=\u00bb{}\u00bb][et_pb_slide _builder_version=\u00bb4.9.7&#8243; _module_preset=\u00bbdefault\u00bb background_image=\u00bbhttps:\/\/museros.org\/wp-content\/uploads\/2021\/07\/aviva-museros-1.jpg\u00bb background_enable_image=\u00bbon\u00bb global_colors_info=\u00bb{}\u00bb sticky_transition=\u00bbon\u00bb][\/et_pb_slide][et_pb_slide _builder_version=\u00bb4.9.7&#8243; _module_preset=\u00bbdefault\u00bb background_image=\u00bbhttps:\/\/museros.org\/wp-content\/uploads\/2021\/07\/aviva-museros-2.jpg\u00bb background_enable_image=\u00bbon\u00bb global_colors_info=\u00bb{}\u00bb sticky_transition=\u00bbon\u00bb][\/et_pb_slide][et_pb_slide _builder_version=\u00bb4.9.7&#8243; _module_preset=\u00bbdefault\u00bb background_image=\u00bbhttps:\/\/museros.org\/wp-content\/uploads\/2021\/07\/aviva-museros-3.jpg\u00bb background_enable_image=\u00bbon\u00bb global_colors_info=\u00bb{}\u00bb sticky_transition=\u00bbon\u00bb][\/et_pb_slide][et_pb_slide _builder_version=\u00bb4.9.7&#8243; _module_preset=\u00bbdefault\u00bb background_image=\u00bbhttps:\/\/museros.org\/wp-content\/uploads\/2021\/07\/aviva-museros-4.jpg\u00bb background_enable_image=\u00bbon\u00bb global_colors_info=\u00bb{}\u00bb sticky_transition=\u00bbon\u00bb][\/et_pb_slide][et_pb_slide _builder_version=\u00bb4.9.7&#8243; _module_preset=\u00bbdefault\u00bb background_image=\u00bbhttps:\/\/museros.org\/wp-content\/uploads\/2021\/07\/aviva-museros-5.jpg\u00bb background_enable_image=\u00bbon\u00bb global_colors_info=\u00bb{}\u00bb sticky_transition=\u00bbon\u00bb][\/et_pb_slide][\/et_pb_slider][\/et_pb_column][\/et_pb_row][et_pb_row _builder_version=\u00bb4.9.7&#8243; _module_preset=\u00bbdefault\u00bb custom_margin=\u00bb25px||||false|false\u00bb global_colors_info=\u00bb{}\u00bb][et_pb_column type=\u00bb4_4&#8243; _builder_version=\u00bb4.9.7&#8243; _module_preset=\u00bbdefault\u00bb global_colors_info=\u00bb{}\u00bb][et_pb_divider color=\u00bb#E02B20&#8243; divider_weight=\u00bb4px\u00bb _builder_version=\u00bb4.9.7&#8243; _module_preset=\u00bbdefault\u00bb global_colors_info=\u00bb{}\u00bb][\/et_pb_divider][\/et_pb_column][\/et_pb_row][\/et_pb_section]<\/p>\n","protected":false},"excerpt":{"rendered":"<p>Campanya Viu en Valenci\u00e0 La Regidoria de Cultura i Promoci\u00f3 Ling\u00fc\u00edstica continua apostant per l\u2019art urb\u00e0, aquesta vegada des de l\u2019Ag\u00e8ncia de Promoci\u00f3 del Valenci\u00e0, AVIVA Museros, que ha portat a terme la campanya Viu en Valenci\u00e0. David de Lim\u00f3n i La Nena Wapa Wapa, artistes molt reconeguts en l\u2019\u00e0mbit de l\u2019art urb\u00e0, han realitzat [&hellip;]<\/p>\n","protected":false},"author":8,"featured_media":0,"parent":0,"menu_order":0,"comment_status":"closed","ping_status":"closed","template":"","meta":{"_et_pb_use_builder":"on","_et_pb_old_content":"","_et_gb_content_width":"","_mc_calendar":[],"footnotes":""},"wf_page_folders":[140],"class_list":["post-247519","page","type-page","status-publish","hentry"],"_links":{"self":[{"href":"https:\/\/museros.org\/inici\/wp-json\/wp\/v2\/pages\/247519","targetHints":{"allow":["GET"]}}],"collection":[{"href":"https:\/\/museros.org\/inici\/wp-json\/wp\/v2\/pages"}],"about":[{"href":"https:\/\/museros.org\/inici\/wp-json\/wp\/v2\/types\/page"}],"author":[{"embeddable":true,"href":"https:\/\/museros.org\/inici\/wp-json\/wp\/v2\/users\/8"}],"replies":[{"embeddable":true,"href":"https:\/\/museros.org\/inici\/wp-json\/wp\/v2\/comments?post=247519"}],"version-history":[{"count":10,"href":"https:\/\/museros.org\/inici\/wp-json\/wp\/v2\/pages\/247519\/revisions"}],"predecessor-version":[{"id":253578,"href":"https:\/\/museros.org\/inici\/wp-json\/wp\/v2\/pages\/247519\/revisions\/253578"}],"wp:attachment":[{"href":"https:\/\/museros.org\/inici\/wp-json\/wp\/v2\/media?parent=247519"}],"wp:term":[{"taxonomy":"wf_page_folders","embeddable":true,"href":"https:\/\/museros.org\/inici\/wp-json\/wp\/v2\/wf_page_folders?post=247519"}],"curies":[{"name":"wp","href":"https:\/\/api.w.org\/{rel}","templated":true}]}}

<p>[et_pb_section fb_built=»1&#8243; _builder_version=»4.10.4&#8243; _module_preset=»default» custom_padding=»0px||||false|false» locked=»off» global_colors_info=»{}»][et_pb_row column_structure=»1_4,3_4&#8243; _builder_version=»4.10.4&#8243; _module_preset=»default» custom_padding=»0px||||false|false» global_colors_info=»{}»][et_pb_column type=»1_4&#8243; _builder_version=»4.9.7&#8243; _module_preset=»default» global_colors_info=»{}»][et_pb_image src=»https://museros.org/wp-content/uploads/2021/08/logo-promocio-cl-230&#215;180-1.jpg» title_text=»logo-promocio-cl-230&#215;180&#8243; url=»https://museros.org/inici/area-de-promocio-linguistica» use_overlay=»on» overlay_icon_color=»#E02B20&#8243; hover_overlay_color=»rgba(255,255,255,0.7)» hover_icon=»&#xe04d;||divi||400&#8243; _builder_version=»4.14.8&#8243; _module_preset=»default» hover_enabled=»0&#8243; global_colors_info=»{}» sticky_enabled=»0&#8243;][/et_pb_image][/et_pb_column][et_pb_column type=»3_4&#8243; _builder_version=»4.9.7&#8243; _module_preset=»default» global_colors_info=»{}»][et_pb_text _builder_version=»4.13.0&#8243; _module_preset=»default» global_colors_info=»{}»]</p>
<h1>Campanya Viu en Valencià</h1>
<p>La Regidoria de Cultura i Promoció Lingüística continua apostant per l’art urbà, aquesta vegada des de l’Agència de Promoció del Valencià, AVIVA Museros, que ha portat a terme la campanya Viu en Valencià.</p>
<p>David de Limón i La Nena Wapa Wapa, artistes molt reconeguts en l’àmbit de l’art urbà, han realitzat una sèrie murals i grafits que es troben en diferents localitzacions de Museros, per tal de fer visible l’ús del valencià, perquè el valencià forma part de la nostra vida i l’art també.</p>
<p>Les actuacions, quant al lloc i el missatge, han sigut seleccionades per tal que facen referència a diverses situacions del nostre dia a dia, però això sí, en valencià, com la cultura, l’oci infantil, el comerç, la sanitat o l’esport.</p>
<p>Esperem que us agraden i us convidem a fer una ruta per la nostra localitat, per tal de visitar-los tots.</p>
<p>[/et_pb_text][/et_pb_column][/et_pb_row][et_pb_row column_structure=»3_5,2_5&#8243; _builder_version=»4.9.7&#8243; _module_preset=»default» global_colors_info=»{}»][et_pb_column type=»3_5&#8243; _builder_version=»4.9.7&#8243; _module_preset=»default» global_colors_info=»{}»][et_pb_image src=»https://museros.org/wp-content/uploads/2021/07/cartula-video-720&#215;360-1.jpg» title_text=»cartula-video-720&#215;360&#8243; url=»https://museros.org/wp-content/uploads/2021/07/Campanya.mp4&#8243; url_new_window=»on» use_overlay=»on» overlay_icon_color=»#E02B20&#8243; hover_overlay_color=»rgba(255,255,255,0.69)» hover_icon=»&#xe04e;||divi||400&#8243; align=»center» _builder_version=»4.13.0&#8243; _module_preset=»default» global_colors_info=»{}»][/et_pb_image][/et_pb_column][et_pb_column type=»2_5&#8243; _builder_version=»4.9.7&#8243; _module_preset=»default» global_colors_info=»{}»][et_pb_slider _builder_version=»4.9.7&#8243; _module_preset=»default» width=»80%» custom_margin=»||||false|false» custom_padding=»140px||180px||false|false» animation_style=»fade» auto=»on» auto_speed=»4000&#8243; global_colors_info=»{}»][et_pb_slide _builder_version=»4.9.7&#8243; _module_preset=»default» background_image=»https://museros.org/wp-content/uploads/2021/07/aviva-museros-1.jpg» background_enable_image=»on» global_colors_info=»{}» sticky_transition=»on»][/et_pb_slide][et_pb_slide _builder_version=»4.9.7&#8243; _module_preset=»default» background_image=»https://museros.org/wp-content/uploads/2021/07/aviva-museros-2.jpg» background_enable_image=»on» global_colors_info=»{}» sticky_transition=»on»][/et_pb_slide][et_pb_slide _builder_version=»4.9.7&#8243; _module_preset=»default» background_image=»https://museros.org/wp-content/uploads/2021/07/aviva-museros-3.jpg» background_enable_image=»on» global_colors_info=»{}» sticky_transition=»on»][/et_pb_slide][et_pb_slide _builder_version=»4.9.7&#8243; _module_preset=»default» background_image=»https://museros.org/wp-content/uploads/2021/07/aviva-museros-4.jpg» background_enable_image=»on» global_colors_info=»{}» sticky_transition=»on»][/et_pb_slide][et_pb_slide _builder_version=»4.9.7&#8243; _module_preset=»default» background_image=»https://museros.org/wp-content/uploads/2021/07/aviva-museros-5.jpg» background_enable_image=»on» global_colors_info=»{}» sticky_transition=»on»][/et_pb_slide][/et_pb_slider][/et_pb_column][/et_pb_row][et_pb_row _builder_version=»4.9.7&#8243; _module_preset=»default» custom_margin=»25px||||false|false» global_colors_info=»{}»][et_pb_column type=»4_4&#8243; _builder_version=»4.9.7&#8243; _module_preset=»default» global_colors_info=»{}»][et_pb_divider color=»#E02B20&#8243; divider_weight=»4px» _builder_version=»4.9.7&#8243; _module_preset=»default» global_colors_info=»{}»][/et_pb_divider][/et_pb_column][/et_pb_row][/et_pb_section]</p>

<p>Campanya Viu en Valencià La Regidoria de Cultura i Promoció Lingüística continua apostant per l’art urbà, aquesta vegada des de l’Agència de Promoció del Valencià, AVIVA Museros, que ha portat a terme la campanya Viu en Valencià. David de Limón i La Nena Wapa Wapa, artistes molt reconeguts en l’àmbit de l’art urbà, han realitzat [&hellip;]</p>
