{"id":247037,"date":"2021-08-24T13:55:01","date_gmt":"2021-08-24T13:55:01","guid":{"rendered":"https:\/\/museros.org\/?page_id=247037"},"modified":"2022-04-16T17:43:11","modified_gmt":"2022-04-16T17:43:11","slug":"zero-micromasclismes","status":"publish","type":"page","link":"https:\/\/museros.org\/inici\/zero-micromasclismes\/","title":{"rendered":"Zero micromasclismes"},"content":{"rendered":"<p>[et_pb_section fb_built=\u00bb1&#8243; _builder_version=\u00bb4.16&#8243; _module_preset=\u00bbdefault\u00bb custom_margin=\u00bb||0px||false|false\u00bb custom_padding=\u00bb0px||0px||false|false\u00bb locked=\u00bboff\u00bb global_colors_info=\u00bb{}\u00bb][et_pb_row column_structure=\u00bb1_4,3_4&#8243; _builder_version=\u00bb4.16&#8243; _module_preset=\u00bbdefault\u00bb custom_padding=\u00bb0px||||false|false\u00bb global_colors_info=\u00bb{}\u00bb][et_pb_column type=\u00bb1_4&#8243; _builder_version=\u00bb4.16&#8243; _module_preset=\u00bbdefault\u00bb global_colors_info=\u00bb{}\u00bb][et_pb_image src=\u00bbhttps:\/\/museros.org\/wp-content\/uploads\/2021\/06\/logo-pactedestat-300&#215;300-1.jpg\u00bb title_text=\u00bblogo-pactedestat-300&#215;300&#8243; url=\u00bbhttps:\/\/violenciagenero.igualdad.gob.es\/pactoEstado\/\u00bb url_new_window=\u00bbon\u00bb _builder_version=\u00bb4.16&#8243; _module_preset=\u00bbdefault\u00bb global_colors_info=\u00bb{}\u00bb][\/et_pb_image][\/et_pb_column][et_pb_column type=\u00bb3_4&#8243; _builder_version=\u00bb4.16&#8243; _module_preset=\u00bbdefault\u00bb global_colors_info=\u00bb{}\u00bb][et_pb_image src=\u00bbhttps:\/\/museros.org\/wp-content\/uploads\/2021\/06\/zero-masclisme-450&#215;167-1.jpg\u00bb title_text=\u00bbzero-masclisme-450&#215;167&#8243; _builder_version=\u00bb4.16&#8243; _module_preset=\u00bbdefault\u00bb custom_margin=\u00bb||40px||false|false\u00bb global_colors_info=\u00bb{}\u00bb][\/et_pb_image][et_pb_text _builder_version=\u00bb4.17.1&#8243; _module_preset=\u00bbdefault\u00bb custom_margin=\u00bb||30px||false|false\u00bb hover_enabled=\u00bb0&#8243; global_colors_info=\u00bb{}\u00bb sticky_enabled=\u00bb0&#8243;]<\/p>\n<p><span style=\"color: #800080;\">Qu\u00e8 s\u00f3n els micromasclismes?<\/span><br \/>Els micromasclismes s\u00f3n xicotetes viol\u00e8ncies quotidianes, exercides per dones i homes, que soscaven l&#8217;autonomia de les dones i reprodueixen els rols de g\u00e8nere.<br \/>Es tracta de comportaments que tenim molt interioritzats, i que estan absolutament normalitzats per la societat i es produeixen en tots els \u00e0mbits de la vida: el laboral, el social, el familiar, etc.<br \/>Encara que se&#8217;ls pot restar import\u00e0ncia en tractar-se de comportaments masclistes &#8216;de baixa intensitat&#8217;, la realitat \u00e9s que en moltes ocasions generen un malestar en les dones a causa de l&#8217;acumulaci\u00f3 de xicotetes viol\u00e8ncies di\u00e0ries.<\/p>\n<p><span style=\"color: #800080;\">Com podem combatre&#8217;ls?<\/span><br \/>1. Identificant-los<br \/>Per a poder combatre els micromasclismes el primer pas i tamb\u00e9 el m\u00e9s dif\u00edcil, \u00e9s aprendre a identificar-los. Per a aix\u00f2, \u00e9s important parar-se a pensar: aquest comportament o pensament que tinc, seria igual si en lloc de dirigir-ho a una dona fora dirigit a un home?<br \/>2. No infravalorant-los<br \/>Encara que alguns micromasclismes ens puguen semblar ximpleries sense import\u00e0ncia, la realitat \u00e9s que poden generar molt de malestar en les dones quan els pateixen cada dia. \u00c9s per aix\u00f2 que no hem de ratllar a cap dona de <em>exagerada<\/em> quan ens explica que alguna cosa li ha molestat.<br \/>3. Obrint la ment<br \/>La majoria dels micromasclismes s&#8217;exerceixen sense intenci\u00f3 de fer mal, simplement reprodu\u00efm el que ens ensenya la societat des de la inf\u00e0ncia. Hem d&#8217;obrir la nostra ment per a entendre que els estereotips de g\u00e8nere poden generar malestar en totes les persones, i aix\u00ed poder erradicar-los.<br \/>4. Eliminant-los<br \/>Amb xicotets canvis quotidians podem aconseguir cada dia una societat m\u00e9s igualit\u00e0ria i respectuosa.<br \/>A Museros Zero micromasclismes!<\/p>\n<p>[\/et_pb_text][\/et_pb_column][\/et_pb_row][et_pb_row column_structure=\u00bb1_3,1_3,1_3&#8243; _builder_version=\u00bb4.16&#8243; _module_preset=\u00bbdefault\u00bb global_colors_info=\u00bb{}\u00bb][et_pb_column type=\u00bb1_3&#8243; _builder_version=\u00bb4.16&#8243; _module_preset=\u00bbdefault\u00bb global_colors_info=\u00bb{}\u00bb][et_pb_slider _builder_version=\u00bb4.16&#8243; _module_preset=\u00bbdefault\u00bb auto=\u00bbon\u00bb global_colors_info=\u00bb{}\u00bb][et_pb_slide _builder_version=\u00bb4.16&#8243; _module_preset=\u00bbdefault\u00bb background_image=\u00bbhttps:\/\/museros.org\/wp-content\/uploads\/2021\/06\/cartell-zero-masclisme-01.jpg\u00bb background_enable_image=\u00bbon\u00bb global_colors_info=\u00bb{}\u00bb sticky_transition=\u00bbon\u00bb][\/et_pb_slide][et_pb_slide _builder_version=\u00bb4.16&#8243; _module_preset=\u00bbdefault\u00bb background_image=\u00bbhttps:\/\/museros.org\/wp-content\/uploads\/2021\/06\/cartell-zero-masclisme-02.jpg\u00bb background_enable_image=\u00bbon\u00bb custom_padding=\u00bb180px||150px||false|false\u00bb global_colors_info=\u00bb{}\u00bb sticky_transition=\u00bbon\u00bb][\/et_pb_slide][\/et_pb_slider][\/et_pb_column][et_pb_column type=\u00bb1_3&#8243; _builder_version=\u00bb4.16&#8243; _module_preset=\u00bbdefault\u00bb global_colors_info=\u00bb{}\u00bb][et_pb_slider _builder_version=\u00bb4.16&#8243; _module_preset=\u00bbdefault\u00bb auto=\u00bbon\u00bb auto_speed=\u00bb5000&#8243; global_colors_info=\u00bb{}\u00bb][et_pb_slide _builder_version=\u00bb4.16&#8243; _module_preset=\u00bbdefault\u00bb background_image=\u00bbhttps:\/\/museros.org\/wp-content\/uploads\/2021\/06\/cartell-zero-masclisme-03.jpg\u00bb background_enable_image=\u00bbon\u00bb global_colors_info=\u00bb{}\u00bb sticky_transition=\u00bbon\u00bb][\/et_pb_slide][et_pb_slide _builder_version=\u00bb4.16&#8243; _module_preset=\u00bbdefault\u00bb background_image=\u00bbhttps:\/\/museros.org\/wp-content\/uploads\/2021\/06\/cartell-zero-masclisme-04.jpg\u00bb background_enable_image=\u00bbon\u00bb custom_padding=\u00bb180px||150px||false|false\u00bb global_colors_info=\u00bb{}\u00bb sticky_transition=\u00bbon\u00bb][\/et_pb_slide][\/et_pb_slider][\/et_pb_column][et_pb_column type=\u00bb1_3&#8243; _builder_version=\u00bb4.16&#8243; _module_preset=\u00bbdefault\u00bb global_colors_info=\u00bb{}\u00bb][et_pb_slider _builder_version=\u00bb4.16&#8243; _module_preset=\u00bbdefault\u00bb auto=\u00bbon\u00bb auto_speed=\u00bb9000&#8243; global_colors_info=\u00bb{}\u00bb][et_pb_slide _builder_version=\u00bb4.16&#8243; _module_preset=\u00bbdefault\u00bb background_image=\u00bbhttps:\/\/museros.org\/wp-content\/uploads\/2021\/06\/cartell-zero-masclisme-05.jpg\u00bb background_enable_image=\u00bbon\u00bb global_colors_info=\u00bb{}\u00bb sticky_transition=\u00bbon\u00bb][\/et_pb_slide][et_pb_slide _builder_version=\u00bb4.16&#8243; _module_preset=\u00bbdefault\u00bb background_image=\u00bbhttps:\/\/museros.org\/wp-content\/uploads\/2021\/06\/cartell-zero-masclisme-06.jpg\u00bb background_enable_image=\u00bbon\u00bb custom_padding=\u00bb180px||150px||false|false\u00bb global_colors_info=\u00bb{}\u00bb sticky_transition=\u00bbon\u00bb][\/et_pb_slide][\/et_pb_slider][\/et_pb_column][\/et_pb_row][et_pb_row _builder_version=\u00bb4.16&#8243; _module_preset=\u00bbdefault\u00bb global_colors_info=\u00bb{}\u00bb][et_pb_column type=\u00bb4_4&#8243; _builder_version=\u00bb4.16&#8243; _module_preset=\u00bbdefault\u00bb global_colors_info=\u00bb{}\u00bb][et_pb_divider color=\u00bb#5a2f91&#8243; divider_weight=\u00bb4px\u00bb _builder_version=\u00bb4.16&#8243; _module_preset=\u00bbdefault\u00bb global_colors_info=\u00bb{}\u00bb][\/et_pb_divider][\/et_pb_column][\/et_pb_row][\/et_pb_section]<\/p>\n","protected":false},"excerpt":{"rendered":"<p>Qu\u00e8 s\u00f3n els micromasclismes?Els micromasclismes s\u00f3n xicotetes viol\u00e8ncies quotidianes, exercides per dones i homes, que soscaven l&#8217;autonomia de les dones i reprodueixen els rols de g\u00e8nere.Es tracta de comportaments que tenim molt interioritzats, i que estan absolutament normalitzats per la societat i es produeixen en tots els \u00e0mbits de la vida: el laboral, el social, [&hellip;]<\/p>\n","protected":false},"author":8,"featured_media":0,"parent":0,"menu_order":0,"comment_status":"closed","ping_status":"closed","template":"","meta":{"_et_pb_use_builder":"on","_et_pb_old_content":"","_et_gb_content_width":"","_mc_calendar":[],"footnotes":""},"wf_page_folders":[290],"class_list":["post-247037","page","type-page","status-publish","hentry"],"_links":{"self":[{"href":"https:\/\/museros.org\/inici\/wp-json\/wp\/v2\/pages\/247037","targetHints":{"allow":["GET"]}}],"collection":[{"href":"https:\/\/museros.org\/inici\/wp-json\/wp\/v2\/pages"}],"about":[{"href":"https:\/\/museros.org\/inici\/wp-json\/wp\/v2\/types\/page"}],"author":[{"embeddable":true,"href":"https:\/\/museros.org\/inici\/wp-json\/wp\/v2\/users\/8"}],"replies":[{"embeddable":true,"href":"https:\/\/museros.org\/inici\/wp-json\/wp\/v2\/comments?post=247037"}],"version-history":[{"count":7,"href":"https:\/\/museros.org\/inici\/wp-json\/wp\/v2\/pages\/247037\/revisions"}],"predecessor-version":[{"id":258148,"href":"https:\/\/museros.org\/inici\/wp-json\/wp\/v2\/pages\/247037\/revisions\/258148"}],"wp:attachment":[{"href":"https:\/\/museros.org\/inici\/wp-json\/wp\/v2\/media?parent=247037"}],"wp:term":[{"taxonomy":"wf_page_folders","embeddable":true,"href":"https:\/\/museros.org\/inici\/wp-json\/wp\/v2\/wf_page_folders?post=247037"}],"curies":[{"name":"wp","href":"https:\/\/api.w.org\/{rel}","templated":true}]}}

<p>[et_pb_section fb_built=»1&#8243; _builder_version=»4.16&#8243; _module_preset=»default» custom_margin=»||0px||false|false» custom_padding=»0px||0px||false|false» locked=»off» global_colors_info=»{}»][et_pb_row column_structure=»1_4,3_4&#8243; _builder_version=»4.16&#8243; _module_preset=»default» custom_padding=»0px||||false|false» global_colors_info=»{}»][et_pb_column type=»1_4&#8243; _builder_version=»4.16&#8243; _module_preset=»default» global_colors_info=»{}»][et_pb_image src=»https://museros.org/wp-content/uploads/2021/06/logo-pactedestat-300&#215;300-1.jpg» title_text=»logo-pactedestat-300&#215;300&#8243; url=»https://violenciagenero.igualdad.gob.es/pactoEstado/» url_new_window=»on» _builder_version=»4.16&#8243; _module_preset=»default» global_colors_info=»{}»][/et_pb_image][/et_pb_column][et_pb_column type=»3_4&#8243; _builder_version=»4.16&#8243; _module_preset=»default» global_colors_info=»{}»][et_pb_image src=»https://museros.org/wp-content/uploads/2021/06/zero-masclisme-450&#215;167-1.jpg» title_text=»zero-masclisme-450&#215;167&#8243; _builder_version=»4.16&#8243; _module_preset=»default» custom_margin=»||40px||false|false» global_colors_info=»{}»][/et_pb_image][et_pb_text _builder_version=»4.17.1&#8243; _module_preset=»default» custom_margin=»||30px||false|false» hover_enabled=»0&#8243; global_colors_info=»{}» sticky_enabled=»0&#8243;]</p>
<p><span style="color: #800080;">Què són els micromasclismes?</span><br />Els micromasclismes són xicotetes violències quotidianes, exercides per dones i homes, que soscaven l&#8217;autonomia de les dones i reprodueixen els rols de gènere.<br />Es tracta de comportaments que tenim molt interioritzats, i que estan absolutament normalitzats per la societat i es produeixen en tots els àmbits de la vida: el laboral, el social, el familiar, etc.<br />Encara que se&#8217;ls pot restar importància en tractar-se de comportaments masclistes &#8216;de baixa intensitat&#8217;, la realitat és que en moltes ocasions generen un malestar en les dones a causa de l&#8217;acumulació de xicotetes violències diàries.</p>
<p><span style="color: #800080;">Com podem combatre&#8217;ls?</span><br />1. Identificant-los<br />Per a poder combatre els micromasclismes el primer pas i també el més difícil, és aprendre a identificar-los. Per a això, és important parar-se a pensar: aquest comportament o pensament que tinc, seria igual si en lloc de dirigir-ho a una dona fora dirigit a un home?<br />2. No infravalorant-los<br />Encara que alguns micromasclismes ens puguen semblar ximpleries sense importància, la realitat és que poden generar molt de malestar en les dones quan els pateixen cada dia. És per això que no hem de ratllar a cap dona de <em>exagerada</em> quan ens explica que alguna cosa li ha molestat.<br />3. Obrint la ment<br />La majoria dels micromasclismes s&#8217;exerceixen sense intenció de fer mal, simplement reproduïm el que ens ensenya la societat des de la infància. Hem d&#8217;obrir la nostra ment per a entendre que els estereotips de gènere poden generar malestar en totes les persones, i així poder erradicar-los.<br />4. Eliminant-los<br />Amb xicotets canvis quotidians podem aconseguir cada dia una societat més igualitària i respectuosa.<br />A Museros Zero micromasclismes!</p>
<p>[/et_pb_text][/et_pb_column][/et_pb_row][et_pb_row column_structure=»1_3,1_3,1_3&#8243; _builder_version=»4.16&#8243; _module_preset=»default» global_colors_info=»{}»][et_pb_column type=»1_3&#8243; _builder_version=»4.16&#8243; _module_preset=»default» global_colors_info=»{}»][et_pb_slider _builder_version=»4.16&#8243; _module_preset=»default» auto=»on» global_colors_info=»{}»][et_pb_slide _builder_version=»4.16&#8243; _module_preset=»default» background_image=»https://museros.org/wp-content/uploads/2021/06/cartell-zero-masclisme-01.jpg» background_enable_image=»on» global_colors_info=»{}» sticky_transition=»on»][/et_pb_slide][et_pb_slide _builder_version=»4.16&#8243; _module_preset=»default» background_image=»https://museros.org/wp-content/uploads/2021/06/cartell-zero-masclisme-02.jpg» background_enable_image=»on» custom_padding=»180px||150px||false|false» global_colors_info=»{}» sticky_transition=»on»][/et_pb_slide][/et_pb_slider][/et_pb_column][et_pb_column type=»1_3&#8243; _builder_version=»4.16&#8243; _module_preset=»default» global_colors_info=»{}»][et_pb_slider _builder_version=»4.16&#8243; _module_preset=»default» auto=»on» auto_speed=»5000&#8243; global_colors_info=»{}»][et_pb_slide _builder_version=»4.16&#8243; _module_preset=»default» background_image=»https://museros.org/wp-content/uploads/2021/06/cartell-zero-masclisme-03.jpg» background_enable_image=»on» global_colors_info=»{}» sticky_transition=»on»][/et_pb_slide][et_pb_slide _builder_version=»4.16&#8243; _module_preset=»default» background_image=»https://museros.org/wp-content/uploads/2021/06/cartell-zero-masclisme-04.jpg» background_enable_image=»on» custom_padding=»180px||150px||false|false» global_colors_info=»{}» sticky_transition=»on»][/et_pb_slide][/et_pb_slider][/et_pb_column][et_pb_column type=»1_3&#8243; _builder_version=»4.16&#8243; _module_preset=»default» global_colors_info=»{}»][et_pb_slider _builder_version=»4.16&#8243; _module_preset=»default» auto=»on» auto_speed=»9000&#8243; global_colors_info=»{}»][et_pb_slide _builder_version=»4.16&#8243; _module_preset=»default» background_image=»https://museros.org/wp-content/uploads/2021/06/cartell-zero-masclisme-05.jpg» background_enable_image=»on» global_colors_info=»{}» sticky_transition=»on»][/et_pb_slide][et_pb_slide _builder_version=»4.16&#8243; _module_preset=»default» background_image=»https://museros.org/wp-content/uploads/2021/06/cartell-zero-masclisme-06.jpg» background_enable_image=»on» custom_padding=»180px||150px||false|false» global_colors_info=»{}» sticky_transition=»on»][/et_pb_slide][/et_pb_slider][/et_pb_column][/et_pb_row][et_pb_row _builder_version=»4.16&#8243; _module_preset=»default» global_colors_info=»{}»][et_pb_column type=»4_4&#8243; _builder_version=»4.16&#8243; _module_preset=»default» global_colors_info=»{}»][et_pb_divider color=»#5a2f91&#8243; divider_weight=»4px» _builder_version=»4.16&#8243; _module_preset=»default» global_colors_info=»{}»][/et_pb_divider][/et_pb_column][/et_pb_row][/et_pb_section]</p>

<p>Què són els micromasclismes?Els micromasclismes són xicotetes violències quotidianes, exercides per dones i homes, que soscaven l&#8217;autonomia de les dones i reprodueixen els rols de gènere.Es tracta de comportaments que tenim molt interioritzats, i que estan absolutament normalitzats per la societat i es produeixen en tots els àmbits de la vida: el laboral, el social, [&hellip;]</p>
