{"id":247019,"date":"2021-08-24T12:02:11","date_gmt":"2021-08-24T12:02:11","guid":{"rendered":"https:\/\/museros.org\/?page_id=247019"},"modified":"2023-07-18T11:44:08","modified_gmt":"2023-07-18T11:44:08","slug":"protocol-contra-la-violencia-de-genere-2","status":"publish","type":"page","link":"https:\/\/museros.org\/inici\/protocol-contra-la-violencia-de-genere-2\/","title":{"rendered":"Protocol contra la viol\u00e8ncia de g\u00e8nere"},"content":{"rendered":"<p>[et_pb_section fb_built=\u00bb1&#8243; _builder_version=\u00bb4.16&#8243; _module_preset=\u00bbdefault\u00bb locked=\u00bboff\u00bb global_colors_info=\u00bb{}\u00bb][et_pb_row column_structure=\u00bb1_4,3_4&#8243; _builder_version=\u00bb4.16&#8243; _module_preset=\u00bbdefault\u00bb custom_margin=\u00bb-4px||||false|false\u00bb custom_padding=\u00bb0px||||false|false\u00bb global_colors_info=\u00bb{}\u00bb][et_pb_column type=\u00bb1_4&#8243; _builder_version=\u00bb4.16&#8243; _module_preset=\u00bbdefault\u00bb global_colors_info=\u00bb{}\u00bb][et_pb_image src=\u00bbhttps:\/\/museros.org\/wp-content\/uploads\/2021\/08\/logo-protocol-vg-200&#215;160-2.jpg\u00bb title_text=\u00bblogo-protocol-vg-200&#215;160&#8243; url=\u00bbhttps:\/\/museros.org\/ca\/igualtat-i-violencia-de-genere\u00bb use_overlay=\u00bbon\u00bb overlay_icon_color=\u00bb#E02B20&#8243; hover_overlay_color=\u00bbrgba(255,255,255,0.7)\u00bb hover_icon=\u00bb&#xe04d;||divi||400&#8243; align=\u00bbcenter\u00bb _builder_version=\u00bb4.16&#8243; _module_preset=\u00bbdefault\u00bb global_colors_info=\u00bb{}\u00bb][\/et_pb_image][\/et_pb_column][et_pb_column type=\u00bb3_4&#8243; _builder_version=\u00bb4.16&#8243; _module_preset=\u00bbdefault\u00bb global_colors_info=\u00bb{}\u00bb][et_pb_text _builder_version=\u00bb4.16&#8243; _module_preset=\u00bbdefault\u00bb custom_margin=\u00bb25px||0px||false|false\u00bb global_colors_info=\u00bb{}\u00bb]<\/p>\n<h1>Protocol contra la viol\u00e8ncia de g\u00e8nere<\/h1>\n<p>En el passat ple de febrer, l\u2019Ajuntament de Museros aprov\u00e0, per unanimitat, un protocol d\u2019actuaci\u00f3 contra la viol\u00e8ncia de g\u00e8nere per prestar un bon servei d\u2019assessorament i protecci\u00f3 des del minut 0 de detecci\u00f3 d\u2019un cas de maltractament.<\/p>\n<p>Les dades de casos es mantenen constants i Museros, per desgr\u00e0cia, coneix el problema de primera m\u00e0. Aquest fet, a m\u00e9s que els governs locals, dins del marc de compet\u00e8ncies, tenen l\u2019obligaci\u00f3 de promoure i aplicar totes les mesures a l\u2019abast per aconseguir-ne l\u2019eradicaci\u00f3, ha portat l\u2019actual equip de govern de Museros a treballar de valent per elaborar un protocol d\u2019actuaci\u00f3 en el qual es coordinen i col\u00b7laboren els quatre sectors professionals implicats en mat\u00e8ria de viol\u00e8ncia de g\u00e8nere: policia local, treballadores socials, sanitat (Centre de Salut) i educaci\u00f3 (escoles locals).<\/p>\n<p>La viol\u00e8ncia de g\u00e8nere ha sigut reconeguda com un problema de salut p\u00fablica, segons l\u2019OMS, a causa de l\u2019important impacte que provoca tant de manera directa sobre la v\u00edctima com en la seua fam\u00edlia i entorn social. El fet de tindre un protocol d\u2019actuaci\u00f3 davant d\u2019aquest tipus de casos facilitar\u00e0 l\u2019actuaci\u00f3 de tots els professionals, perqu\u00e8 s\u2019han comprom\u00e9s a estar totalment coordinats i extraure\u2019n la m\u00e0xima informaci\u00f3 possible des del seu \u00e0mbit la qual cosa que repercutir\u00e0 en una millor actuaci\u00f3 conjunta. A m\u00e9s, pret\u00e9n ser un instrument pr\u00e0ctic i ajustat als mitjans disponibles d\u2019aquest ajuntament de manera que la derivaci\u00f3, el tractament i el seguiment amb en una atenci\u00f3 m\u00e9s personalitzada.<\/p>\n<p>&nbsp;<\/p>\n<p>[\/et_pb_text][et_pb_button button_url=\u00bbhttps:\/\/museros.org\/wp-content\/uploads\/2021\/04\/reglament_violencia_genere.pdf\u00bb url_new_window=\u00bbon\u00bb button_text=\u00bbReglament contra la viol\u00e8ncia de g\u00e8nere\u00bb _builder_version=\u00bb4.21.0&#8243; _module_preset=\u00bbdefault\u00bb hover_enabled=\u00bb0&#8243; global_colors_info=\u00bb{}\u00bb sticky_enabled=\u00bb0&#8243;][\/et_pb_button][et_pb_button button_text=\u00bbPROTOCOL DE COORDINACI\u00d3 PER A LA PREVENCI\u00d3 I ERRADICACI\u00d3 DE LA VIOL\u00c8NCIA DE G\u00c8NERE AL MUNICIPI DE MUSEROS.pdf\u00bb _builder_version=\u00bb4.21.0&#8243; _module_preset=\u00bbdefault\u00bb url_new_window=\u00bbon\u00bb button_url=\u00bbhttps:\/\/museros.org\/wp-content\/uploads\/2023\/07\/PROTOCOL-DE-COORDINACIO-PER-A-LA-PREVENCIO-I-ERRADICACIO-DE-LA-VIOLENCIA-DE-GENERE-AL-MUNICIPI-DE-MUSEROS.pdf\u00bb hover_enabled=\u00bb0&#8243; sticky_enabled=\u00bb0&#8243;][\/et_pb_button][\/et_pb_column][\/et_pb_row][et_pb_row _builder_version=\u00bb4.16&#8243; _module_preset=\u00bbdefault\u00bb custom_margin=\u00bb10px||||false|false\u00bb global_colors_info=\u00bb{}\u00bb][et_pb_column type=\u00bb4_4&#8243; _builder_version=\u00bb4.16&#8243; _module_preset=\u00bbdefault\u00bb global_colors_info=\u00bb{}\u00bb][et_pb_divider color=\u00bb#E02B20&#8243; divider_weight=\u00bb4px\u00bb _builder_version=\u00bb4.16&#8243; _module_preset=\u00bbdefault\u00bb global_colors_info=\u00bb{}\u00bb][\/et_pb_divider][\/et_pb_column][\/et_pb_row][\/et_pb_section]<\/p>\n","protected":false},"excerpt":{"rendered":"<p>Protocol contra la viol\u00e8ncia de g\u00e8nere En el passat ple de febrer, l\u2019Ajuntament de Museros aprov\u00e0, per unanimitat, un protocol d\u2019actuaci\u00f3 contra la viol\u00e8ncia de g\u00e8nere per prestar un bon servei d\u2019assessorament i protecci\u00f3 des del minut 0 de detecci\u00f3 d\u2019un cas de maltractament. Les dades de casos es mantenen constants i Museros, per desgr\u00e0cia, [&hellip;]<\/p>\n","protected":false},"author":8,"featured_media":0,"parent":0,"menu_order":0,"comment_status":"closed","ping_status":"closed","template":"","meta":{"_et_pb_use_builder":"on","_et_pb_old_content":"","_et_gb_content_width":"","_mc_calendar":[],"footnotes":""},"wf_page_folders":[290],"class_list":["post-247019","page","type-page","status-publish","hentry"],"_links":{"self":[{"href":"https:\/\/museros.org\/inici\/wp-json\/wp\/v2\/pages\/247019","targetHints":{"allow":["GET"]}}],"collection":[{"href":"https:\/\/museros.org\/inici\/wp-json\/wp\/v2\/pages"}],"about":[{"href":"https:\/\/museros.org\/inici\/wp-json\/wp\/v2\/types\/page"}],"author":[{"embeddable":true,"href":"https:\/\/museros.org\/inici\/wp-json\/wp\/v2\/users\/8"}],"replies":[{"embeddable":true,"href":"https:\/\/museros.org\/inici\/wp-json\/wp\/v2\/comments?post=247019"}],"version-history":[{"count":6,"href":"https:\/\/museros.org\/inici\/wp-json\/wp\/v2\/pages\/247019\/revisions"}],"predecessor-version":[{"id":265483,"href":"https:\/\/museros.org\/inici\/wp-json\/wp\/v2\/pages\/247019\/revisions\/265483"}],"wp:attachment":[{"href":"https:\/\/museros.org\/inici\/wp-json\/wp\/v2\/media?parent=247019"}],"wp:term":[{"taxonomy":"wf_page_folders","embeddable":true,"href":"https:\/\/museros.org\/inici\/wp-json\/wp\/v2\/wf_page_folders?post=247019"}],"curies":[{"name":"wp","href":"https:\/\/api.w.org\/{rel}","templated":true}]}}