{"id":246768,"date":"2021-08-20T14:55:19","date_gmt":"2021-08-20T14:55:19","guid":{"rendered":"https:\/\/museros.org\/?page_id=246768"},"modified":"2022-06-09T16:28:39","modified_gmt":"2022-06-09T16:28:39","slug":"forum-veinal","status":"publish","type":"page","link":"https:\/\/museros.org\/inici\/forum-veinal\/","title":{"rendered":"F\u00f2rum ve\u00efnal"},"content":{"rendered":"<p>[et_pb_section fb_built=\u00bb1&#8243; _builder_version=\u00bb4.16&#8243; _module_preset=\u00bbdefault\u00bb custom_margin=\u00bb0px||||false|false\u00bb custom_padding=\u00bb0px||||false|false\u00bb locked=\u00bboff\u00bb global_colors_info=\u00bb{}\u00bb][et_pb_row column_structure=\u00bb1_3,2_3&#8243; _builder_version=\u00bb4.16&#8243; _module_preset=\u00bbdefault\u00bb custom_margin=\u00bb0px||||false|false\u00bb custom_padding=\u00bb0px||||false|false\u00bb global_colors_info=\u00bb{}\u00bb][et_pb_column type=\u00bb1_3&#8243; _builder_version=\u00bb4.16&#8243; _module_preset=\u00bbdefault\u00bb global_colors_info=\u00bb{}\u00bb][et_pb_image src=\u00bbhttps:\/\/museros.org\/wp-content\/uploads\/2021\/06\/logo-forumvecinal-230&#215;180-1.jpg\u00bb title_text=\u00bblogo-forumvecinal-230&#215;180&#8243; align=\u00bbcenter\u00bb _builder_version=\u00bb4.16&#8243; _module_preset=\u00bbdefault\u00bb width=\u00bb100%\u00bb width_tablet=\u00bb100%\u00bb width_phone=\u00bb100%\u00bb width_last_edited=\u00bbon|desktop\u00bb custom_margin=\u00bb145px||||false|false\u00bb custom_margin_tablet=\u00bb30px||||false|false\u00bb custom_margin_phone=\u00bb\u00bb custom_margin_last_edited=\u00bbon|phone\u00bb global_colors_info=\u00bb{}\u00bb][\/et_pb_image][\/et_pb_column][et_pb_column type=\u00bb2_3&#8243; _builder_version=\u00bb4.16&#8243; _module_preset=\u00bbdefault\u00bb global_colors_info=\u00bb{}\u00bb][et_pb_text _builder_version=\u00bb4.16&#8243; _module_preset=\u00bbdefault\u00bb locked=\u00bboff\u00bb global_colors_info=\u00bb{}\u00bb]<\/p>\n<h1>F\u00f2rum ve\u00efnal<\/h1>\n<p>Aquest \u00e9s un \u00f2rgan, impulsat per l&#8217;Ajuntament, per a facilitar la participaci\u00f3 de la ciutadania en temes relacionats amb el municipi i el benestar del ve\u00efnat. Est\u00e0 conformat per 20 ve\u00efns i ve\u00efnes i es reunir\u00e0 peri\u00f2dicament.<\/p>\n<p><a href=\"https:\/\/museros.org\/wp-content\/uploads\/2020\/09\/funcionament-FORUM-VEINAL_web.pdf\" target=\"_blank\" rel=\"noopener\">Funcionament F\u00f2rum ve\u00efnal. PDF<\/a><br \/><a href=\"https:\/\/museros.org\/wp-content\/uploads\/2021\/04\/informe-conformacio-Forum_web-2.pdf\" target=\"_blank\" rel=\"noopener\">Conformaci\u00f3 F\u00f2rum ve\u00efnal.PDF<\/a><\/p>\n<p>[\/et_pb_text][et_pb_image src=\u00bbhttps:\/\/museros.org\/wp-content\/uploads\/2022\/06\/sesions-forumveinal.jpg\u00bb title_text=\u00bbsesions-forumveinal\u00bb _builder_version=\u00bb4.17.4&#8243; _module_preset=\u00bbdefault\u00bb custom_margin=\u00bb30px||30px||false|false\u00bb global_colors_info=\u00bb{}\u00bb][\/et_pb_image][\/et_pb_column][\/et_pb_row][et_pb_row column_structure=\u00bb1_3,1_3,1_3&#8243; _builder_version=\u00bb4.16&#8243; _module_preset=\u00bbdefault\u00bb custom_margin=\u00bb0px||||false|false\u00bb custom_padding=\u00bb0px||||false|false\u00bb global_colors_info=\u00bb{}\u00bb][et_pb_column type=\u00bb1_3&#8243; _builder_version=\u00bb4.16&#8243; _module_preset=\u00bbdefault\u00bb global_colors_info=\u00bb{}\u00bb][\/et_pb_column][et_pb_column type=\u00bb1_3&#8243; _builder_version=\u00bb4.16&#8243; _module_preset=\u00bbdefault\u00bb global_colors_info=\u00bb{}\u00bb][et_pb_button button_url=\u00bbhttps:\/\/museros.org\/inici\/edicions-del-forum-veinal\/\u00bb button_text=\u00bbEdicions del F\u00f2rum ve\u00efnal\u00bb _builder_version=\u00bb4.17.4&#8243; _module_preset=\u00bbdefault\u00bb global_colors_info=\u00bb{}\u00bb][\/et_pb_button][\/et_pb_column][et_pb_column type=\u00bb1_3&#8243; _builder_version=\u00bb4.16&#8243; _module_preset=\u00bbdefault\u00bb global_colors_info=\u00bb{}\u00bb][et_pb_button button_text=\u00bbXarxa d&#8217;Espais Amigables\u00bb _builder_version=\u00bb4.17.4&#8243; _module_preset=\u00bbdefault\u00bb hover_enabled=\u00bb0&#8243; global_colors_info=\u00bb{}\u00bb button_url=\u00bbhttps:\/\/museros.org\/inici\/xarxa-despais-amigables\u00bb sticky_enabled=\u00bb0&#8243;][\/et_pb_button][\/et_pb_column][\/et_pb_row][et_pb_row _builder_version=\u00bb4.16&#8243; _module_preset=\u00bbdefault\u00bb global_colors_info=\u00bb{}\u00bb][et_pb_column type=\u00bb4_4&#8243; _builder_version=\u00bb4.16&#8243; _module_preset=\u00bbdefault\u00bb global_colors_info=\u00bb{}\u00bb][et_pb_divider color=\u00bb#cc0000&#8243; divider_weight=\u00bb4px\u00bb _builder_version=\u00bb4.16&#8243; _module_preset=\u00bbdefault\u00bb global_colors_info=\u00bb{}\u00bb][\/et_pb_divider][\/et_pb_column][\/et_pb_row][\/et_pb_section]<\/p>\n","protected":false},"excerpt":{"rendered":"<p>F\u00f2rum ve\u00efnal Aquest \u00e9s un \u00f2rgan, impulsat per l&#8217;Ajuntament, per a facilitar la participaci\u00f3 de la ciutadania en temes relacionats amb el municipi i el benestar del ve\u00efnat. Est\u00e0 conformat per 20 ve\u00efns i ve\u00efnes i es reunir\u00e0 peri\u00f2dicament. Funcionament F\u00f2rum ve\u00efnal. PDFConformaci\u00f3 F\u00f2rum ve\u00efnal.PDF<\/p>\n","protected":false},"author":8,"featured_media":0,"parent":0,"menu_order":0,"comment_status":"closed","ping_status":"closed","template":"","meta":{"_et_pb_use_builder":"on","_et_pb_old_content":"","_et_gb_content_width":"","_mc_calendar":[],"footnotes":""},"wf_page_folders":[1064],"class_list":["post-246768","page","type-page","status-publish","hentry"],"_links":{"self":[{"href":"https:\/\/museros.org\/inici\/wp-json\/wp\/v2\/pages\/246768","targetHints":{"allow":["GET"]}}],"collection":[{"href":"https:\/\/museros.org\/inici\/wp-json\/wp\/v2\/pages"}],"about":[{"href":"https:\/\/museros.org\/inici\/wp-json\/wp\/v2\/types\/page"}],"author":[{"embeddable":true,"href":"https:\/\/museros.org\/inici\/wp-json\/wp\/v2\/users\/8"}],"replies":[{"embeddable":true,"href":"https:\/\/museros.org\/inici\/wp-json\/wp\/v2\/comments?post=246768"}],"version-history":[{"count":19,"href":"https:\/\/museros.org\/inici\/wp-json\/wp\/v2\/pages\/246768\/revisions"}],"predecessor-version":[{"id":259800,"href":"https:\/\/museros.org\/inici\/wp-json\/wp\/v2\/pages\/246768\/revisions\/259800"}],"wp:attachment":[{"href":"https:\/\/museros.org\/inici\/wp-json\/wp\/v2\/media?parent=246768"}],"wp:term":[{"taxonomy":"wf_page_folders","embeddable":true,"href":"https:\/\/museros.org\/inici\/wp-json\/wp\/v2\/wf_page_folders?post=246768"}],"curies":[{"name":"wp","href":"https:\/\/api.w.org\/{rel}","templated":true}]}}

Fòrum veïnal

<p>[et_pb_section fb_built=»1&#8243; _builder_version=»4.16&#8243; _module_preset=»default» custom_margin=»0px||||false|false» custom_padding=»0px||||false|false» locked=»off» global_colors_info=»{}»][et_pb_row column_structure=»1_3,2_3&#8243; _builder_version=»4.16&#8243; _module_preset=»default» custom_margin=»0px||||false|false» custom_padding=»0px||||false|false» global_colors_info=»{}»][et_pb_column type=»1_3&#8243; _builder_version=»4.16&#8243; _module_preset=»default» global_colors_info=»{}»][et_pb_image src=»https://museros.org/wp-content/uploads/2021/06/logo-forumvecinal-230&#215;180-1.jpg» title_text=»logo-forumvecinal-230&#215;180&#8243; align=»center» _builder_version=»4.16&#8243; _module_preset=»default» width=»100%» width_tablet=»100%» width_phone=»100%» width_last_edited=»on|desktop» custom_margin=»145px||||false|false» custom_margin_tablet=»30px||||false|false» custom_margin_phone=»» custom_margin_last_edited=»on|phone» global_colors_info=»{}»][/et_pb_image][/et_pb_column][et_pb_column type=»2_3&#8243; _builder_version=»4.16&#8243; _module_preset=»default» global_colors_info=»{}»][et_pb_text _builder_version=»4.16&#8243; _module_preset=»default» locked=»off» global_colors_info=»{}»]</p>
<h1>Fòrum veïnal</h1>
<p>Aquest és un òrgan, impulsat per l&#8217;Ajuntament, per a facilitar la participació de la ciutadania en temes relacionats amb el municipi i el benestar del veïnat. Està conformat per 20 veïns i veïnes i es reunirà periòdicament.</p>
<p><a href="https://museros.org/wp-content/uploads/2020/09/funcionament-FORUM-VEINAL_web.pdf" target="_blank" rel="noopener">Funcionament Fòrum veïnal. PDF</a><br /><a href="https://museros.org/wp-content/uploads/2021/04/informe-conformacio-Forum_web-2.pdf" target="_blank" rel="noopener">Conformació Fòrum veïnal.PDF</a></p>
<p>[/et_pb_text][et_pb_image src=»https://museros.org/wp-content/uploads/2022/06/sesions-forumveinal.jpg» title_text=»sesions-forumveinal» _builder_version=»4.17.4&#8243; _module_preset=»default» custom_margin=»30px||30px||false|false» global_colors_info=»{}»][/et_pb_image][/et_pb_column][/et_pb_row][et_pb_row column_structure=»1_3,1_3,1_3&#8243; _builder_version=»4.16&#8243; _module_preset=»default» custom_margin=»0px||||false|false» custom_padding=»0px||||false|false» global_colors_info=»{}»][et_pb_column type=»1_3&#8243; _builder_version=»4.16&#8243; _module_preset=»default» global_colors_info=»{}»][/et_pb_column][et_pb_column type=»1_3&#8243; _builder_version=»4.16&#8243; _module_preset=»default» global_colors_info=»{}»][et_pb_button button_url=»https://museros.org/inici/edicions-del-forum-veinal/» button_text=»Edicions del Fòrum veïnal» _builder_version=»4.17.4&#8243; _module_preset=»default» global_colors_info=»{}»][/et_pb_button][/et_pb_column][et_pb_column type=»1_3&#8243; _builder_version=»4.16&#8243; _module_preset=»default» global_colors_info=»{}»][et_pb_button button_text=»Xarxa d&#8217;Espais Amigables» _builder_version=»4.17.4&#8243; _module_preset=»default» hover_enabled=»0&#8243; global_colors_info=»{}» button_url=»https://museros.org/inici/xarxa-despais-amigables» sticky_enabled=»0&#8243;][/et_pb_button][/et_pb_column][/et_pb_row][et_pb_row _builder_version=»4.16&#8243; _module_preset=»default» global_colors_info=»{}»][et_pb_column type=»4_4&#8243; _builder_version=»4.16&#8243; _module_preset=»default» global_colors_info=»{}»][et_pb_divider color=»#cc0000&#8243; divider_weight=»4px» _builder_version=»4.16&#8243; _module_preset=»default» global_colors_info=»{}»][/et_pb_divider][/et_pb_column][/et_pb_row][/et_pb_section]</p>

<p>Fòrum veïnal Aquest és un òrgan, impulsat per l&#8217;Ajuntament, per a facilitar la participació de la ciutadania en temes relacionats amb el municipi i el benestar del veïnat. Està conformat per 20 veïns i veïnes i es reunirà periòdicament. Funcionament Fòrum veïnal. PDFConformació Fòrum veïnal.PDF</p>
