{"id":246634,"date":"2021-08-20T05:19:41","date_gmt":"2021-08-20T05:19:41","guid":{"rendered":"https:\/\/museros.org\/?page_id=246634"},"modified":"2026-02-11T10:54:12","modified_gmt":"2026-02-11T08:54:12","slug":"eco-parc","status":"publish","type":"page","link":"https:\/\/museros.org\/inici\/eco-parc\/","title":{"rendered":"Ecoparc"},"content":{"rendered":"<p>[et_pb_section fb_built=\u00bb1&#8243; _builder_version=\u00bb4.16&#8243; _module_preset=\u00bbdefault\u00bb custom_margin=\u00bb0px||||false|false\u00bb custom_padding=\u00bb0px||||false|false\u00bb locked=\u00bboff\u00bb global_colors_info=\u00bb{}\u00bb][et_pb_row column_structure=\u00bb1_4,3_4&#8243; _builder_version=\u00bb4.16&#8243; _module_preset=\u00bbdefault\u00bb custom_margin=\u00bb0px||||false|false\u00bb custom_padding=\u00bb0px||||false|false\u00bb global_colors_info=\u00bb{}\u00bb][et_pb_column type=\u00bb1_4&#8243; _builder_version=\u00bb4.16&#8243; _module_preset=\u00bbdefault\u00bb global_colors_info=\u00bb{}\u00bb][et_pb_image src=\u00bbhttps:\/\/museros.org\/wp-content\/uploads\/2021\/08\/logo-3rm-redueix.jpg\u00bb title_text=\u00bblogo-3rm-redueix\u00bb url=\u00bbhttps:\/\/museros.org\/\/inici\/area-de-transicio-ecologica\/\u00bb use_overlay=\u00bbon\u00bb overlay_icon_color=\u00bb#E02B20&#8243; hover_overlay_color=\u00bbrgba(255,255,255,0.7)\u00bb hover_icon=\u00bb&#xe04d;||divi||400&#8243; align=\u00bbcenter\u00bb _builder_version=\u00bb4.27.4&#8243; _module_preset=\u00bbdefault\u00bb global_colors_info=\u00bb{}\u00bb][\/et_pb_image][\/et_pb_column][et_pb_column type=\u00bb3_4&#8243; _builder_version=\u00bb4.16&#8243; _module_preset=\u00bbdefault\u00bb global_colors_info=\u00bb{}\u00bb][et_pb_text _builder_version=\u00bb4.16&#8243; _module_preset=\u00bbdefault\u00bb global_colors_info=\u00bb{}\u00bb]<\/p>\n<h2>Ecoparc &#8211; Residus especials<\/h2>\n<p>[\/et_pb_text][et_pb_image src=\u00bbhttps:\/\/museros.org\/wp-content\/uploads\/2025\/01\/ecoparc-mobil-2025-1080&#215;720-1.jpg\u00bb title_text=\u00bbecoparc-mobil-2025-1080&#215;720&#8243; _builder_version=\u00bb4.27.4&#8243; _module_preset=\u00bbdefault\u00bb width=\u00bb70%\u00bb global_colors_info=\u00bb{}\u00bb][\/et_pb_image][\/et_pb_column][\/et_pb_row][et_pb_row column_structure=\u00bb1_2,1_2&#8243; _builder_version=\u00bb4.16&#8243; _module_preset=\u00bbdefault\u00bb global_colors_info=\u00bb{}\u00bb][et_pb_column type=\u00bb1_2&#8243; _builder_version=\u00bb4.16&#8243; _module_preset=\u00bbdefault\u00bb global_colors_info=\u00bb{}\u00bb][et_pb_image src=\u00bbhttps:\/\/museros.org\/wp-content\/uploads\/2021\/04\/ecoparque-movil.jpg\u00bb title_text=\u00bbecoparque-movil\u00bb _builder_version=\u00bb4.16&#8243; _module_preset=\u00bbdefault\u00bb global_colors_info=\u00bb{}\u00bb][\/et_pb_image][\/et_pb_column][et_pb_column type=\u00bb1_2&#8243; _builder_version=\u00bb4.16&#8243; _module_preset=\u00bbdefault\u00bb global_colors_info=\u00bb{}\u00bb][et_pb_text _builder_version=\u00bb4.27.5&#8243; _module_preset=\u00bbdefault\u00bb hover_enabled=\u00bb0&#8243; global_colors_info=\u00bb{}\u00bb sticky_enabled=\u00bb0&#8243;]<\/p>\n<h1>Ecoparc m\u00f2bil<\/h1>\n<p>Se situa al Parc Blasco Ib\u00e1\u00f1ez amb el carrer de la Sarsola<\/p>\n<p>Pr\u00f2ximes dates:<\/p>\n<p>Gener 2026<br \/>Dijous 22- Ecoparc EM 5<br \/>Divendres 23 &#8211; Ecoparc EM 5<br \/>Dissabte 24 &#8211; Ecoparc EM 5<\/p>\n<p>Maig 2026<br \/>Dijous 7 &#8211; Ecoparc EM 5<br \/>Divendres 8 &#8211; Ecoparc EM 5<br \/>Dissabte 9 &#8211; Ecoparc EM 5<\/p>\n<p>Juny 2026<br \/>Dilluns 29 &#8211; Ecoparc EM 5<br \/>Dimarts 30 &#8211; Ecoparc EM 5<\/p>\n<p>Juliol 2026<br \/>Dimecres 1- Ecoparc EM 5<\/p>\n<p>Agost 2026<br \/>Dijous 20 &#8211; Ecoparc EM 5<br \/>Divendres 21 &#8211; Ecoparc EM 5<br \/>Dissabte 22 &#8211; Ecoparc EM 5<\/p>\n<p>Octubre 2026<br \/>Dimarts 13 &#8211; Ecoparc EM 5<br \/>Divendres 14 &#8211; Ecoparc EM 5<\/p>\n<p>Desembre 2026<br \/>Dijous 3 &#8211; Ecoparc EM 5<br \/>Divendres 4 &#8211; Ecoparc EM 5<br \/>Dissabte 5 &#8211; Ecoparc EM 5<\/p>\n<p>&nbsp;<\/p>\n<p>[\/et_pb_text][\/et_pb_column][\/et_pb_row][et_pb_row _builder_version=\u00bb4.16&#8243; _module_preset=\u00bbdefault\u00bb custom_margin=\u00bb||0px||false|false\u00bb custom_padding=\u00bb||0px||false|false\u00bb global_colors_info=\u00bb{}\u00bb][et_pb_column type=\u00bb4_4&#8243; _builder_version=\u00bb4.16&#8243; _module_preset=\u00bbdefault\u00bb global_colors_info=\u00bb{}\u00bb][et_pb_divider color=\u00bb#999999&#8243; divider_style=\u00bbdotted\u00bb divider_weight=\u00bb7px\u00bb _builder_version=\u00bb4.16&#8243; _module_preset=\u00bbdefault\u00bb locked=\u00bboff\u00bb global_colors_info=\u00bb{}\u00bb][\/et_pb_divider][\/et_pb_column][\/et_pb_row][et_pb_row column_structure=\u00bb2_5,3_5&#8243; _builder_version=\u00bb4.16&#8243; _module_preset=\u00bbdefault\u00bb custom_margin=\u00bb||6px||false|false\u00bb global_colors_info=\u00bb{}\u00bb][et_pb_column type=\u00bb2_5&#8243; _builder_version=\u00bb4.16&#8243; _module_preset=\u00bbdefault\u00bb global_colors_info=\u00bb{}\u00bb][et_pb_image src=\u00bbhttps:\/\/museros.org\/wp-content\/uploads\/2021\/04\/Ecoparque-fijo.jpg\u00bb title_text=\u00bbEcoparque-fijo\u00bb _builder_version=\u00bb4.16&#8243; _module_preset=\u00bbdefault\u00bb global_colors_info=\u00bb{}\u00bb][\/et_pb_image][\/et_pb_column][et_pb_column type=\u00bb3_5&#8243; _builder_version=\u00bb4.16&#8243; _module_preset=\u00bbdefault\u00bb global_colors_info=\u00bb{}\u00bb][et_pb_text _builder_version=\u00bb4.17.1&#8243; _module_preset=\u00bbdefault\u00bb global_colors_info=\u00bb{}\u00bb]<\/p>\n<h2 id=\"ecoparc-fix\">Ecoparc fix<\/h2>\n<p>Els m\u00e9s pr\u00f2xims a Museros s\u00f3n el d\u2019Albalat dels Sorells i el de Massamagrell, per a depositar grans objectes.<br \/>Tots aquells objectes que no tenen cabuda en els contenidors \u00e9s necessari portar-los als ecoparcs per reciclar-los.<br \/>Sabies que pel gener els objectes m\u00e9s recollits als ecoparcs de Val\u00e8ncia van ser les piles, radiografies i m\u00e0quines de caf\u00e9? En concret es van recollir 19.000 piles i bateries. Font: EMTRE.<br \/>Suma&#8217;t a la #Campanya3R i descobreix els residus de cada contenidor.<\/p>\n<p><strong>Albalat dels Sorells<\/strong><br \/>Pol\u00edgon industrial Ciutat Vella. Carrer Les Moreres, 31.<br \/>Horari: de dilluns a divendres, de 9.00 h a 14.00 h i de 16.00 h a 18.00 h. Dissabtes, de 9.00 h a 14.00 h, i diumenges i festius, tancat.<br \/><strong>Massamagrell<\/strong><br \/>Pol\u00edgon Bobalar. Avinguda Serra, 108, cantonada amb el carrer 7.<br \/>Horari: de dilluns a divendres, de 9.00 h a 14.00 h i de 16.00 h a 18.00 h. Dissabtes, de 9.00 h a 14.00 h, i diumenges i festius, tancat.<br \/><strong>Albuixec<\/strong><br \/>Cam\u00ed d&#8217;Ortiz s\/n.<br \/>Horari: de dilluns, dimecres i divendres, de 15.00 h a 17.00 h.<br \/>Dissabtes, de 09.00 h a 13.30 h, i diumenges i festius, tancat.<br \/><strong>Meliana<\/strong><br \/>Cam\u00ed del cementeri, s\/n.<br \/>Horari: de dilluns a divendres, de 9.00 h a 14.00 h i de 16.00 h a 18.00 h. Dissabtes, de 09.00 h a 14.00 h, i diumenges i festius, tancat.<br \/><strong>Alm\u00e0ssera<\/strong><br \/>Cam\u00ed del Mar. Partida del Barranc, s\/n.<br \/>Horari: de dilluns a divendres, de 9.00 h a 14.00 h i de 16.00 h a 18.00 h. Dissabtes, de 09.00 h a 14.00 h, i diumenges i festius, tancat.<br \/><strong>Alboraia<\/strong><br \/>Cam\u00ed de Calvet, parcel\u00b7la 41.<br \/>Horari: de dilluns a divendres, de 08.00 h a 21.00 h.<br \/>Dissabtes i diumenges, de 09.00 h a 14.00 h, i festius, tancat.<br \/><strong>Pu\u00e7ol<\/strong><br \/>Avinguda del Progr\u00e9s (cant\u00f3 Teixidors). Pol\u00edgono Industrial Campo Anibal.<br \/>Horari: de dilluns a divendres, de 9.00 h a 14.00 h i de 16.00 h a 18.00 h. Dissabtes, de 09.00 h a 14.00 h, i diumenges i festius, tancat.<\/p>\n<p>[\/et_pb_text][\/et_pb_column][\/et_pb_row][et_pb_row _builder_version=\u00bb4.16&#8243; _module_preset=\u00bbdefault\u00bb custom_margin=\u00bb||0px||false|false\u00bb custom_padding=\u00bb||0px||false|false\u00bb locked=\u00bboff\u00bb global_colors_info=\u00bb{}\u00bb][et_pb_column type=\u00bb4_4&#8243; _builder_version=\u00bb4.16&#8243; _module_preset=\u00bbdefault\u00bb global_colors_info=\u00bb{}\u00bb][et_pb_divider color=\u00bb#999999&#8243; divider_style=\u00bbdotted\u00bb divider_weight=\u00bb7px\u00bb _builder_version=\u00bb4.16&#8243; _module_preset=\u00bbdefault\u00bb locked=\u00bboff\u00bb global_colors_info=\u00bb{}\u00bb][\/et_pb_divider][\/et_pb_column][\/et_pb_row][et_pb_row column_structure=\u00bb1_4,3_4&#8243; _builder_version=\u00bb4.16&#8243; _module_preset=\u00bbdefault\u00bb global_colors_info=\u00bb{}\u00bb][et_pb_column type=\u00bb1_4&#8243; _builder_version=\u00bb4.16&#8243; _module_preset=\u00bbdefault\u00bb global_colors_info=\u00bb{}\u00bb][et_pb_image src=\u00bbhttps:\/\/museros.org\/wp-content\/uploads\/2021\/04\/logoemtre-500&#215;500-1.jpg\u00bb title_text=\u00bblogoemtre-500&#215;500&#8243; _builder_version=\u00bb4.16&#8243; _module_preset=\u00bbdefault\u00bb global_colors_info=\u00bb{}\u00bb][\/et_pb_image][\/et_pb_column][et_pb_column type=\u00bb3_4&#8243; _builder_version=\u00bb4.16&#8243; _module_preset=\u00bbdefault\u00bb global_colors_info=\u00bb{}\u00bb][et_pb_text _builder_version=\u00bb4.16&#8243; _module_preset=\u00bbdefault\u00bb global_colors_info=\u00bb{}\u00bb]<\/p>\n<p>D&#8217;acord amb el que estableix l&#8217;EMTRE, en l&#8217;article 7 de l&#8217;Ordenan\u00e7a reguladora de les normes d&#8217;\u00fas i gesti\u00f3 dels ecoparcs integrants de la xarxa d&#8217;ecoparcs de l&#8217;\u00e0rea metropolitana:<br \/>\u00abEls usuaris residents en l&#8217;\u00e0rea metropolitana de Val\u00e8ncia podran depositar els seus residus, sempre que estiguen inclosos en el llistat de residus admissibles, en qualsevol dels ecoparcs integrants de la Xarxa d&#8217;Ecoparcs de Gesti\u00f3 Metropolitana, la gesti\u00f3 de la qual \u00e9s compet\u00e8ncia de l&#8217;EMTRE\u00bb.<\/p>\n<p>Tots aquells objectes que no tenen cabuda en els contenidors \u00e9s necessari portar-los als ecoparcs per a reciclar-los.<br \/>Suma&#8217;t a la #Campanya3R i descobreix els residus de cada contenidor.<\/p>\n<p>&nbsp;<\/p>\n<p>Desc\u00e0rrega en PDF de la declaraci\u00f3 responsable per als ecoparcs fixos durant l&#8217;estat d&#8217;alarma.<\/p>\n<p>[\/et_pb_text][et_pb_button button_url=\u00bbhttps:\/\/museros.org\/wp-content\/uploads\/2021\/04\/Declaracion-Responsable-necesidad-acceso-a-Ecoparques-Gestion-Metropolit.._.pdf\u00bb url_new_window=\u00bbon\u00bb button_text=\u00bbDECLARACI\u00d3 RESPONSABLE\u00bb _builder_version=\u00bb4.16&#8243; _module_preset=\u00bbdefault\u00bb custom_margin=\u00bb0px||||false|false\u00bb global_colors_info=\u00bb{}\u00bb][\/et_pb_button][\/et_pb_column][\/et_pb_row][et_pb_row _builder_version=\u00bb4.16&#8243; _module_preset=\u00bbdefault\u00bb global_colors_info=\u00bb{}\u00bb][et_pb_column type=\u00bb4_4&#8243; _builder_version=\u00bb4.16&#8243; _module_preset=\u00bbdefault\u00bb global_colors_info=\u00bb{}\u00bb][et_pb_divider color=\u00bb#E02B20&#8243; divider_weight=\u00bb4px\u00bb _builder_version=\u00bb4.16&#8243; _module_preset=\u00bbdefault\u00bb global_colors_info=\u00bb{}\u00bb][\/et_pb_divider][\/et_pb_column][\/et_pb_row][\/et_pb_section]<\/p>\n","protected":false},"excerpt":{"rendered":"<p>Ecoparc &#8211; Residus especialsEcoparc m\u00f2bil Se situa al Parc Blasco Ib\u00e1\u00f1ez amb el carrer de la Sarsola Pr\u00f2ximes dates: Gener 2026Dijous 22- Ecoparc EM 5Divendres 23 &#8211; Ecoparc EM 5Dissabte 24 &#8211; Ecoparc EM 5 Maig 2026Dijous 7 &#8211; Ecoparc EM 5Divendres 8 &#8211; Ecoparc EM 5Dissabte 9 &#8211; Ecoparc EM 5 Juny 2026Dilluns 29 [&hellip;]<\/p>\n","protected":false},"author":8,"featured_media":0,"parent":0,"menu_order":0,"comment_status":"closed","ping_status":"closed","template":"","meta":{"_et_pb_use_builder":"on","_et_pb_old_content":"","_et_gb_content_width":"","_mc_calendar":[],"footnotes":""},"wf_page_folders":[384],"class_list":["post-246634","page","type-page","status-publish","hentry"],"_links":{"self":[{"href":"https:\/\/museros.org\/inici\/wp-json\/wp\/v2\/pages\/246634","targetHints":{"allow":["GET"]}}],"collection":[{"href":"https:\/\/museros.org\/inici\/wp-json\/wp\/v2\/pages"}],"about":[{"href":"https:\/\/museros.org\/inici\/wp-json\/wp\/v2\/types\/page"}],"author":[{"embeddable":true,"href":"https:\/\/museros.org\/inici\/wp-json\/wp\/v2\/users\/8"}],"replies":[{"embeddable":true,"href":"https:\/\/museros.org\/inici\/wp-json\/wp\/v2\/comments?post=246634"}],"version-history":[{"count":29,"href":"https:\/\/museros.org\/inici\/wp-json\/wp\/v2\/pages\/246634\/revisions"}],"predecessor-version":[{"id":278625,"href":"https:\/\/museros.org\/inici\/wp-json\/wp\/v2\/pages\/246634\/revisions\/278625"}],"wp:attachment":[{"href":"https:\/\/museros.org\/inici\/wp-json\/wp\/v2\/media?parent=246634"}],"wp:term":[{"taxonomy":"wf_page_folders","embeddable":true,"href":"https:\/\/museros.org\/inici\/wp-json\/wp\/v2\/wf_page_folders?post=246634"}],"curies":[{"name":"wp","href":"https:\/\/api.w.org\/{rel}","templated":true}]}}