{"id":246582,"date":"2021-08-19T21:11:02","date_gmt":"2021-08-19T21:11:02","guid":{"rendered":"https:\/\/museros.org\/?page_id=246582"},"modified":"2025-02-24T12:28:28","modified_gmt":"2025-02-24T12:28:28","slug":"us-de-la-pirotecnia","status":"publish","type":"page","link":"https:\/\/museros.org\/inici\/us-de-la-pirotecnia\/","title":{"rendered":"\u00das de la pirot\u00e8cnia"},"content":{"rendered":"<p>[et_pb_section fb_built=\u00bb1&#8243; _builder_version=\u00bb4.16&#8243; _module_preset=\u00bbdefault\u00bb custom_margin=\u00bb0px||||false|false\u00bb custom_padding=\u00bb0px||||false|false\u00bb locked=\u00bboff\u00bb global_colors_info=\u00bb{}\u00bb][et_pb_row column_structure=\u00bb1_4,3_4&#8243; _builder_version=\u00bb4.16&#8243; _module_preset=\u00bbdefault\u00bb custom_padding=\u00bb0px||||false|false\u00bb global_colors_info=\u00bb{}\u00bb][et_pb_column type=\u00bb1_4&#8243; _builder_version=\u00bb4.16&#8243; _module_preset=\u00bbdefault\u00bb global_colors_info=\u00bb{}\u00bb][et_pb_image src=\u00bbhttps:\/\/museros.org\/wp-content\/uploads\/2021\/08\/logo-artificis-200&#215;160-1.jpg\u00bb title_text=\u00bblogo-artificis-200&#215;160&#8243; url=\u00bbhttps:\/\/museros.org\/inici\/area-de-seguretat-ciutadana\u00bb use_overlay=\u00bbon\u00bb overlay_icon_color=\u00bb#E02B20&#8243; hover_overlay_color=\u00bbrgba(255,255,255,0.7)\u00bb hover_icon=\u00bb&#xe04d;||divi||400&#8243; align=\u00bbcenter\u00bb _builder_version=\u00bb4.16&#8243; _module_preset=\u00bbdefault\u00bb width=\u00bb100%\u00bb module_alignment=\u00bbcenter\u00bb global_colors_info=\u00bb{}\u00bb][\/et_pb_image][\/et_pb_column][et_pb_column type=\u00bb3_4&#8243; _builder_version=\u00bb4.16&#8243; _module_preset=\u00bbdefault\u00bb global_colors_info=\u00bb{}\u00bb][et_pb_text _builder_version=\u00bb4.16&#8243; _module_preset=\u00bbdefault\u00bb custom_padding=\u00bb||7px|||\u00bb global_colors_info=\u00bb{}\u00bb]<\/p>\n<h1>\u00das d&#8217;articles pirot\u00e8cnics per menors<\/h1>\n<p>El Decret 19\/2011, de 4 de mar\u00e7, del Consell, pel qual es reconeix el car\u00e0cter religi\u00f3s, cultural o tradicional de les manifestacions festives celebrades a la Comunitat Valenciana, en qu\u00e8 s&#8217;utilitzen artificis pirot\u00e8cnics (Diari Oficial de la Generalitat Valenciana n\u00fam. 6475), de 8 de mar\u00e7 de 2011, dictat a l&#8217;empara de la disposici\u00f3 addiciona 6a del RD 563\/2010, de 7 de maig, en l&#8217;article 7 permet que en les celebracions festives organitzades, realitzades per consumidors reconeguts com a experts i en les celebracions particulars de car\u00e0cter familiar, singular o espor\u00e0dic puguen participar els menors d&#8217;edat d&#8217;acord amb les condicions i requisits previstos en la normativa en vigor sobre la mat\u00e8ria.<br \/>Aix\u00ed mateix, el Decret 19\/2011 permet la rebaixa de les edats per a l&#8217;\u00fas d&#8217;articles pirot\u00e8cnics. D&#8217;aquesta manera, els productes amb marcat CE de categoria 1, de molt baixa perillositat i nivell sonor insignificant (bombetes, mine petards, bengales), podran ser utilitzats pels xiquets a partir de 8 anys, i els de categoria 2 (articles de baixa perillositat i baix nivell sonor, que han de disparar-se a l&#8217;aire lliure en zones delimitades com s\u00f3n els xinesos, les fonts o els voladors), per xiquets a partir de 10 anys.<br \/>Per aquest motiu, el pare, la mare o el tutor, tutora o titulars de la p\u00e0tria potestat hauran d&#8217;autoritzar als seus fills menors a utilitzar el material i manifestar que disposen de formaci\u00f3 suficient perqu\u00e8 no es produ\u00efsquen accidents, i tamb\u00e9, de la seua utilitzaci\u00f3 segura, i per conseg\u00fcent s&#8217;autoritza, sota la seua responsabilitat, que el menor utilitze artificis de la categoria indicada sempre que aqueix \u00fas siga sota la supervisi\u00f3 d&#8217;un adult. Aquesta autoritzaci\u00f3 es troba disponible a la p\u00e0gina web i a les oficines d&#8217;atenci\u00f3 al p\u00fablic de l&#8217;Ajuntament de Museros.<\/p>\n<p>[\/et_pb_text][\/et_pb_column][\/et_pb_row][et_pb_row column_structure=\u00bb1_4,1_4,1_4,1_4&#8243; _builder_version=\u00bb4.16&#8243; _module_preset=\u00bbdefault\u00bb custom_margin=\u00bb0px||0px||false|false\u00bb custom_padding=\u00bb0px||0px||false|false\u00bb global_colors_info=\u00bb{}\u00bb][et_pb_column type=\u00bb1_4&#8243; _builder_version=\u00bb4.16&#8243; _module_preset=\u00bbdefault\u00bb global_colors_info=\u00bb{}\u00bb][\/et_pb_column][et_pb_column type=\u00bb1_4&#8243; _builder_version=\u00bb4.16&#8243; _module_preset=\u00bbdefault\u00bb global_colors_info=\u00bb{}\u00bb][et_pb_image src=\u00bbhttps:\/\/museros.org\/wp-content\/uploads\/2022\/02\/declaracio-us-pirotecnia.jpg\u00bb title_text=\u00bbdeclaracio-us-pirotecnia\u00bb url=\u00bbhttps:\/\/museros.org\/wp-content\/uploads\/2022\/04\/a-declaracio-responsable-acte-pirotecnic.pdf\u00bb url_new_window=\u00bbon\u00bb use_overlay=\u00bbon\u00bb overlay_icon_color=\u00bb#E02B20&#8243; hover_overlay_color=\u00bbrgba(255,255,255,0.7)\u00bb hover_icon=\u00bb&#xe04c;||divi||400&#8243; align=\u00bbcenter\u00bb _builder_version=\u00bb4.17.0&#8243; _module_preset=\u00bbdefault\u00bb width=\u00bb100%\u00bb global_colors_info=\u00bb{}\u00bb][\/et_pb_image][\/et_pb_column][et_pb_column type=\u00bb1_4&#8243; _builder_version=\u00bb4.16&#8243; _module_preset=\u00bbdefault\u00bb global_colors_info=\u00bb{}\u00bb][et_pb_image src=\u00bbhttps:\/\/museros.org\/wp-content\/uploads\/2021\/08\/logo-autoritzacio-200&#215;160-1.jpg\u00bb title_text=\u00bblogo-autoritzacio-200&#215;160&#8243; url=\u00bbhttps:\/\/museros.org\/wp-content\/uploads\/2025\/02\/autorizacion-generalitat-artificios.pdf\u00bb url_new_window=\u00bbon\u00bb use_overlay=\u00bbon\u00bb overlay_icon_color=\u00bb#E02B20&#8243; hover_overlay_color=\u00bbrgba(255,255,255,0.7)\u00bb hover_icon=\u00bb&#xe04c;||divi||400&#8243; align=\u00bbcenter\u00bb _builder_version=\u00bb4.27.4&#8243; _module_preset=\u00bbdefault\u00bb width=\u00bb100%\u00bb hover_enabled=\u00bb0&#8243; global_colors_info=\u00bb{}\u00bb sticky_enabled=\u00bb0&#8243;][\/et_pb_image][\/et_pb_column][et_pb_column type=\u00bb1_4&#8243; _builder_version=\u00bb4.16&#8243; _module_preset=\u00bbdefault\u00bb global_colors_info=\u00bb{}\u00bb][\/et_pb_column][\/et_pb_row][et_pb_row _builder_version=\u00bb4.16&#8243; _module_preset=\u00bbdefault\u00bb custom_margin=\u00bb50px||||false|false\u00bb custom_padding=\u00bb0px|||||\u00bb global_colors_info=\u00bb{}\u00bb][et_pb_column type=\u00bb4_4&#8243; _builder_version=\u00bb4.16&#8243; _module_preset=\u00bbdefault\u00bb global_colors_info=\u00bb{}\u00bb][et_pb_divider color=\u00bb#E02B20&#8243; divider_weight=\u00bb4px\u00bb _builder_version=\u00bb4.16&#8243; _module_preset=\u00bbdefault\u00bb global_colors_info=\u00bb{}\u00bb][\/et_pb_divider][\/et_pb_column][\/et_pb_row][\/et_pb_section]<\/p>\n","protected":false},"excerpt":{"rendered":"<p>\u00das d&#8217;articles pirot\u00e8cnics per menors El Decret 19\/2011, de 4 de mar\u00e7, del Consell, pel qual es reconeix el car\u00e0cter religi\u00f3s, cultural o tradicional de les manifestacions festives celebrades a la Comunitat Valenciana, en qu\u00e8 s&#8217;utilitzen artificis pirot\u00e8cnics (Diari Oficial de la Generalitat Valenciana n\u00fam. 6475), de 8 de mar\u00e7 de 2011, dictat a l&#8217;empara [&hellip;]<\/p>\n","protected":false},"author":8,"featured_media":0,"parent":0,"menu_order":0,"comment_status":"closed","ping_status":"closed","template":"","meta":{"_et_pb_use_builder":"on","_et_pb_old_content":"","_et_gb_content_width":"","_mc_calendar":[],"footnotes":""},"wf_page_folders":[278],"class_list":["post-246582","page","type-page","status-publish","hentry"],"_links":{"self":[{"href":"https:\/\/museros.org\/inici\/wp-json\/wp\/v2\/pages\/246582","targetHints":{"allow":["GET"]}}],"collection":[{"href":"https:\/\/museros.org\/inici\/wp-json\/wp\/v2\/pages"}],"about":[{"href":"https:\/\/museros.org\/inici\/wp-json\/wp\/v2\/types\/page"}],"author":[{"embeddable":true,"href":"https:\/\/museros.org\/inici\/wp-json\/wp\/v2\/users\/8"}],"replies":[{"embeddable":true,"href":"https:\/\/museros.org\/inici\/wp-json\/wp\/v2\/comments?post=246582"}],"version-history":[{"count":12,"href":"https:\/\/museros.org\/inici\/wp-json\/wp\/v2\/pages\/246582\/revisions"}],"predecessor-version":[{"id":273035,"href":"https:\/\/museros.org\/inici\/wp-json\/wp\/v2\/pages\/246582\/revisions\/273035"}],"wp:attachment":[{"href":"https:\/\/museros.org\/inici\/wp-json\/wp\/v2\/media?parent=246582"}],"wp:term":[{"taxonomy":"wf_page_folders","embeddable":true,"href":"https:\/\/museros.org\/inici\/wp-json\/wp\/v2\/wf_page_folders?post=246582"}],"curies":[{"name":"wp","href":"https:\/\/api.w.org\/{rel}","templated":true}]}}

Ús de la pirotècnia

<p>[et_pb_section fb_built=»1&#8243; _builder_version=»4.16&#8243; _module_preset=»default» custom_margin=»0px||||false|false» custom_padding=»0px||||false|false» locked=»off» global_colors_info=»{}»][et_pb_row column_structure=»1_4,3_4&#8243; _builder_version=»4.16&#8243; _module_preset=»default» custom_padding=»0px||||false|false» global_colors_info=»{}»][et_pb_column type=»1_4&#8243; _builder_version=»4.16&#8243; _module_preset=»default» global_colors_info=»{}»][et_pb_image src=»https://museros.org/wp-content/uploads/2021/08/logo-artificis-200&#215;160-1.jpg» title_text=»logo-artificis-200&#215;160&#8243; url=»https://museros.org/inici/area-de-seguretat-ciutadana» use_overlay=»on» overlay_icon_color=»#E02B20&#8243; hover_overlay_color=»rgba(255,255,255,0.7)» hover_icon=»&#xe04d;||divi||400&#8243; align=»center» _builder_version=»4.16&#8243; _module_preset=»default» width=»100%» module_alignment=»center» global_colors_info=»{}»][/et_pb_image][/et_pb_column][et_pb_column type=»3_4&#8243; _builder_version=»4.16&#8243; _module_preset=»default» global_colors_info=»{}»][et_pb_text _builder_version=»4.16&#8243; _module_preset=»default» custom_padding=»||7px|||» global_colors_info=»{}»]</p>
<h1>Ús d&#8217;articles pirotècnics per menors</h1>
<p>El Decret 19/2011, de 4 de març, del Consell, pel qual es reconeix el caràcter religiós, cultural o tradicional de les manifestacions festives celebrades a la Comunitat Valenciana, en què s&#8217;utilitzen artificis pirotècnics (Diari Oficial de la Generalitat Valenciana núm. 6475), de 8 de març de 2011, dictat a l&#8217;empara de la disposició addiciona 6a del RD 563/2010, de 7 de maig, en l&#8217;article 7 permet que en les celebracions festives organitzades, realitzades per consumidors reconeguts com a experts i en les celebracions particulars de caràcter familiar, singular o esporàdic puguen participar els menors d&#8217;edat d&#8217;acord amb les condicions i requisits previstos en la normativa en vigor sobre la matèria.<br />Així mateix, el Decret 19/2011 permet la rebaixa de les edats per a l&#8217;ús d&#8217;articles pirotècnics. D&#8217;aquesta manera, els productes amb marcat CE de categoria 1, de molt baixa perillositat i nivell sonor insignificant (bombetes, mine petards, bengales), podran ser utilitzats pels xiquets a partir de 8 anys, i els de categoria 2 (articles de baixa perillositat i baix nivell sonor, que han de disparar-se a l&#8217;aire lliure en zones delimitades com són els xinesos, les fonts o els voladors), per xiquets a partir de 10 anys.<br />Per aquest motiu, el pare, la mare o el tutor, tutora o titulars de la pàtria potestat hauran d&#8217;autoritzar als seus fills menors a utilitzar el material i manifestar que disposen de formació suficient perquè no es produïsquen accidents, i també, de la seua utilització segura, i per consegüent s&#8217;autoritza, sota la seua responsabilitat, que el menor utilitze artificis de la categoria indicada sempre que aqueix ús siga sota la supervisió d&#8217;un adult. Aquesta autorització es troba disponible a la pàgina web i a les oficines d&#8217;atenció al públic de l&#8217;Ajuntament de Museros.</p>
<p>[/et_pb_text][/et_pb_column][/et_pb_row][et_pb_row column_structure=»1_4,1_4,1_4,1_4&#8243; _builder_version=»4.16&#8243; _module_preset=»default» custom_margin=»0px||0px||false|false» custom_padding=»0px||0px||false|false» global_colors_info=»{}»][et_pb_column type=»1_4&#8243; _builder_version=»4.16&#8243; _module_preset=»default» global_colors_info=»{}»][/et_pb_column][et_pb_column type=»1_4&#8243; _builder_version=»4.16&#8243; _module_preset=»default» global_colors_info=»{}»][et_pb_image src=»https://museros.org/wp-content/uploads/2022/02/declaracio-us-pirotecnia.jpg» title_text=»declaracio-us-pirotecnia» url=»https://museros.org/wp-content/uploads/2022/04/a-declaracio-responsable-acte-pirotecnic.pdf» url_new_window=»on» use_overlay=»on» overlay_icon_color=»#E02B20&#8243; hover_overlay_color=»rgba(255,255,255,0.7)» hover_icon=»&#xe04c;||divi||400&#8243; align=»center» _builder_version=»4.17.0&#8243; _module_preset=»default» width=»100%» global_colors_info=»{}»][/et_pb_image][/et_pb_column][et_pb_column type=»1_4&#8243; _builder_version=»4.16&#8243; _module_preset=»default» global_colors_info=»{}»][et_pb_image src=»https://museros.org/wp-content/uploads/2021/08/logo-autoritzacio-200&#215;160-1.jpg» title_text=»logo-autoritzacio-200&#215;160&#8243; url=»https://museros.org/wp-content/uploads/2025/02/autorizacion-generalitat-artificios.pdf» url_new_window=»on» use_overlay=»on» overlay_icon_color=»#E02B20&#8243; hover_overlay_color=»rgba(255,255,255,0.7)» hover_icon=»&#xe04c;||divi||400&#8243; align=»center» _builder_version=»4.27.4&#8243; _module_preset=»default» width=»100%» hover_enabled=»0&#8243; global_colors_info=»{}» sticky_enabled=»0&#8243;][/et_pb_image][/et_pb_column][et_pb_column type=»1_4&#8243; _builder_version=»4.16&#8243; _module_preset=»default» global_colors_info=»{}»][/et_pb_column][/et_pb_row][et_pb_row _builder_version=»4.16&#8243; _module_preset=»default» custom_margin=»50px||||false|false» custom_padding=»0px|||||» global_colors_info=»{}»][et_pb_column type=»4_4&#8243; _builder_version=»4.16&#8243; _module_preset=»default» global_colors_info=»{}»][et_pb_divider color=»#E02B20&#8243; divider_weight=»4px» _builder_version=»4.16&#8243; _module_preset=»default» global_colors_info=»{}»][/et_pb_divider][/et_pb_column][/et_pb_row][/et_pb_section]</p>

<p>Ús d&#8217;articles pirotècnics per menors El Decret 19/2011, de 4 de març, del Consell, pel qual es reconeix el caràcter religiós, cultural o tradicional de les manifestacions festives celebrades a la Comunitat Valenciana, en què s&#8217;utilitzen artificis pirotècnics (Diari Oficial de la Generalitat Valenciana núm. 6475), de 8 de març de 2011, dictat a l&#8217;empara [&hellip;]</p>
