{"id":245937,"date":"2021-08-16T11:08:44","date_gmt":"2021-08-16T11:08:44","guid":{"rendered":"https:\/\/museros.org\/?page_id=245937"},"modified":"2022-03-17T12:39:50","modified_gmt":"2022-03-17T12:39:50","slug":"borsa-docupacio","status":"publish","type":"page","link":"https:\/\/museros.org\/inici\/borsa-docupacio\/","title":{"rendered":"Borsa d&#8217;ocupaci\u00f3"},"content":{"rendered":"<p>[et_pb_section fb_built=\u00bb1&#8243; _builder_version=\u00bb4.10.4&#8243; _module_preset=\u00bbdefault\u00bb custom_padding=\u00bb0px||||false|false\u00bb locked=\u00bboff\u00bb global_colors_info=\u00bb{}\u00bb][et_pb_row column_structure=\u00bb1_4,3_4&#8243; _builder_version=\u00bb4.10.4&#8243; _module_preset=\u00bbdefault\u00bb min_height=\u00bb406.2px\u00bb custom_margin=\u00bb0px|auto|-70px|auto|false|false\u00bb custom_padding=\u00bb0px||0px||false|false\u00bb global_colors_info=\u00bb{}\u00bb][et_pb_column type=\u00bb1_4&#8243; _builder_version=\u00bb4.9.4&#8243; _module_preset=\u00bbdefault\u00bb global_colors_info=\u00bb{}\u00bb][et_pb_image src=\u00bbhttps:\/\/museros.org\/wp-content\/uploads\/2021\/08\/logo-borsadocp-200&#215;160-1.jpg\u00bb title_text=\u00bblogo-borsadocp-200&#215;160&#8243; url=\u00bbhttps:\/\/museros.org\/ca\/aodl\u00bb use_overlay=\u00bbon\u00bb overlay_icon_color=\u00bb#E02B20&#8243; hover_overlay_color=\u00bbrgba(255,255,255,0.7)\u00bb hover_icon=\u00bb&#xe04d;||divi||400&#8243; align=\u00bbcenter\u00bb _builder_version=\u00bb4.14.9&#8243; _module_preset=\u00bbdefault\u00bb width=\u00bb100%\u00bb module_alignment=\u00bbcenter\u00bb custom_margin=\u00bb0px||||false|false\u00bb custom_padding=\u00bb0px||||false|false\u00bb global_colors_info=\u00bb{}\u00bb][\/et_pb_image][\/et_pb_column][et_pb_column type=\u00bb3_4&#8243; _builder_version=\u00bb4.9.4&#8243; _module_preset=\u00bbdefault\u00bb global_colors_info=\u00bb{}\u00bb][et_pb_text _builder_version=\u00bb4.9.11&#8243; _module_preset=\u00bbdefault\u00bb header_text_color=\u00bb#990000&#8243; global_colors_info=\u00bb{}\u00bb]<\/p>\n<h1>Borsa d&#8217;ocupaci\u00f3<\/h1>\n<p>[\/et_pb_text][et_pb_text _builder_version=\u00bb4.9.11&#8243; _module_preset=\u00bbdefault\u00bb global_colors_info=\u00bb{}\u00bb]<\/p>\n<p>L&#8217;Ag\u00e8ncia d&#8217;Ocupaci\u00f3 i Desenvolupament Local de Museros, dins de l&#8217;Ag\u00e8ncia p\u00fablica d&#8217;ocupaci\u00f3 de l&#8217;Horta Nord, ofereix un servei d&#8217;atenci\u00f3 a les persones desocupades del municipi. Entre les seues funcions, es troba la posada en marxa d&#8217;una borsa d&#8217;ocupaci\u00f3, dirigida a persones sense treball del municipi, que s&#8217;inscriuen com a demandants de treball, i a les empreses de la localitat i els voltants, que presenten les seues ofertes laborals.<\/p>\n<p>Si est\u00e0s buscant treball i vols formar part dels processos de selecci\u00f3 d&#8217;empreses de la comarca o necessites personal per a la teua empresa pots demanar m\u00e9s informaci\u00f3 i inscriure&#8217;t en la AEDL, en el primer pis de l&#8217;Ajuntament, de dilluns a divendres, de 12.00 h a 14.00 h.<\/p>\n<p>[\/et_pb_text][et_pb_divider color=\u00bb#999999&#8243; divider_style=\u00bbdotted\u00bb divider_weight=\u00bb7px\u00bb _builder_version=\u00bb4.9.4&#8243; _module_preset=\u00bbdefault\u00bb max_width=\u00bb100%\u00bb custom_margin=\u00bb40px||-15px||false|false\u00bb custom_padding=\u00bb||0px||false|false\u00bb global_colors_info=\u00bb{}\u00bb][\/et_pb_divider][\/et_pb_column][\/et_pb_row][et_pb_row column_structure=\u00bb1_3,1_3,1_3&#8243; _builder_version=\u00bb4.14.9&#8243; _module_preset=\u00bbdefault\u00bb custom_margin=\u00bb0px||||false|false\u00bb custom_padding=\u00bb0px||||false|false\u00bb global_colors_info=\u00bb{}\u00bb][et_pb_column type=\u00bb1_3&#8243; _builder_version=\u00bb4.14.9&#8243; _module_preset=\u00bbdefault\u00bb global_colors_info=\u00bb{}\u00bb][\/et_pb_column][et_pb_column type=\u00bb1_3&#8243; _builder_version=\u00bb4.14.9&#8243; _module_preset=\u00bbdefault\u00bb global_colors_info=\u00bb{}\u00bb][et_pb_image src=\u00bbhttps:\/\/museros.org\/wp-content\/uploads\/2022\/02\/banner-pactem-vl.jpg\u00bb title_text=\u00bbbanner-pactem-vl\u00bb url=\u00bbhttps:\/\/museros.org\/inici\/setmana-de-lemprenedoria\/\u00bb use_overlay=\u00bbon\u00bb overlay_icon_color=\u00bb#E02B20&#8243; hover_overlay_color=\u00bbrgba(255,255,255,0.7)\u00bb hover_icon=\u00bb&#xe04e;||divi||400&#8243; _builder_version=\u00bb4.14.8&#8243; _module_preset=\u00bbdefault\u00bb width=\u00bb100%\u00bb locked=\u00bboff\u00bb global_colors_info=\u00bb{}\u00bb][\/et_pb_image][\/et_pb_column][et_pb_column type=\u00bb1_3&#8243; _builder_version=\u00bb4.14.9&#8243; _module_preset=\u00bbdefault\u00bb global_colors_info=\u00bb{}\u00bb][\/et_pb_column][\/et_pb_row][et_pb_row _builder_version=\u00bb4.14.9&#8243; _module_preset=\u00bbdefault\u00bb custom_margin=\u00bb0px||0px||false|false\u00bb custom_padding=\u00bb0px||0px||false|false\u00bb global_colors_info=\u00bb{}\u00bb][et_pb_column type=\u00bb4_4&#8243; _builder_version=\u00bb4.14.9&#8243; _module_preset=\u00bbdefault\u00bb global_colors_info=\u00bb{}\u00bb][et_pb_divider color=\u00bb#999999&#8243; divider_style=\u00bbdotted\u00bb divider_weight=\u00bb7px\u00bb _builder_version=\u00bb4.14.9&#8243; _module_preset=\u00bbdefault\u00bb max_width=\u00bb100%\u00bb custom_margin=\u00bb0px||0px||false|false\u00bb custom_padding=\u00bb0px||0px||false|false\u00bb global_colors_info=\u00bb{}\u00bb][\/et_pb_divider][\/et_pb_column][\/et_pb_row][et_pb_row column_structure=\u00bb1_5,1_5,1_5,1_5,1_5&#8243; _builder_version=\u00bb4.14.9&#8243; _module_preset=\u00bbdefault\u00bb custom_margin=\u00bb0px||0px||false|false\u00bb custom_padding=\u00bb0px||0px||false|false\u00bb global_colors_info=\u00bb{}\u00bb][et_pb_column type=\u00bb1_5&#8243; _builder_version=\u00bb4.9.4&#8243; _module_preset=\u00bbdefault\u00bb global_colors_info=\u00bb{}\u00bb][\/et_pb_column][et_pb_column type=\u00bb1_5&#8243; _builder_version=\u00bb4.9.4&#8243; _module_preset=\u00bbdefault\u00bb global_colors_info=\u00bb{}\u00bb][et_pb_image src=\u00bbhttps:\/\/museros.org\/wp-content\/uploads\/2022\/03\/noticiesocupacio-230&#215;180-1.jpg\u00bb title_text=\u00bbnoticiesocupacio-230&#215;180&#8243; url=\u00bbhttps:\/\/museros.org\/inici\/el-punt-mobil-de-labora-visita-museros\/\u00bb use_overlay=\u00bbon\u00bb overlay_icon_color=\u00bb#E02B20&#8243; hover_overlay_color=\u00bbrgba(255,255,255,0.68)\u00bb hover_icon=\u00bb&#xe04e;||divi||400&#8243; _builder_version=\u00bb4.14.9&#8243; _module_preset=\u00bbdefault\u00bb custom_margin=\u00bb||||false|false\u00bb custom_padding=\u00bb0px||||false|false\u00bb locked=\u00bboff\u00bb global_colors_info=\u00bb{}\u00bb][\/et_pb_image][\/et_pb_column][et_pb_column type=\u00bb1_5&#8243; _builder_version=\u00bb4.9.4&#8243; _module_preset=\u00bbdefault\u00bb global_colors_info=\u00bb{}\u00bb][et_pb_image src=\u00bbhttps:\/\/museros.org\/wp-content\/uploads\/2021\/08\/logo-accions-200&#215;160-1.jpg\u00bb title_text=\u00bblogo-accions-200&#215;160&#8243; url=\u00bbhttps:\/\/museros.org\/ca\/accions-de-formacio\u00bb use_overlay=\u00bbon\u00bb overlay_icon_color=\u00bb#E02B20&#8243; hover_overlay_color=\u00bbrgba(255,255,255,0.7)\u00bb hover_icon=\u00bb&#xe04e;||divi||400&#8243; align=\u00bbcenter\u00bb _builder_version=\u00bb4.14.9&#8243; _module_preset=\u00bbdefault\u00bb width=\u00bb100%\u00bb module_alignment=\u00bbcenter\u00bb global_colors_info=\u00bb{}\u00bb][\/et_pb_image][\/et_pb_column][et_pb_column type=\u00bb1_5&#8243; _builder_version=\u00bb4.9.4&#8243; _module_preset=\u00bbdefault\u00bb global_colors_info=\u00bb{}\u00bb][et_pb_image src=\u00bbhttps:\/\/museros.org\/wp-content\/uploads\/2021\/08\/logo-tallers-200&#215;160-1.jpg\u00bb title_text=\u00bblogo-tallers-200&#215;160&#8243; url=\u00bbhttps:\/\/museros.org\/ca\/tallers-i-cursos\u00bb use_overlay=\u00bbon\u00bb overlay_icon_color=\u00bb#E02B20&#8243; hover_overlay_color=\u00bbrgba(255,255,255,0.7)\u00bb hover_icon=\u00bb&#xe04e;||divi||400&#8243; align=\u00bbcenter\u00bb _builder_version=\u00bb4.13.0&#8243; _module_preset=\u00bbdefault\u00bb width=\u00bb100%\u00bb module_alignment=\u00bbcenter\u00bb global_colors_info=\u00bb{}\u00bb][\/et_pb_image][\/et_pb_column][et_pb_column type=\u00bb1_5&#8243; _builder_version=\u00bb4.9.4&#8243; _module_preset=\u00bbdefault\u00bb global_colors_info=\u00bb{}\u00bb][et_pb_image src=\u00bbhttps:\/\/museros.org\/wp-content\/uploads\/2021\/08\/logo-pactemnord.jpg\u00bb title_text=\u00bblogo-pactemnord\u00bb url=\u00bbhttps:\/\/www.consorci.info\/webempleo.html\u00bb url_new_window=\u00bbon\u00bb use_overlay=\u00bbon\u00bb overlay_icon_color=\u00bb#E02B20&#8243; hover_overlay_color=\u00bbrgba(255,255,255,0.7)\u00bb hover_icon=\u00bb&#xe04e;||divi||400&#8243; align=\u00bbcenter\u00bb _builder_version=\u00bb4.14.9&#8243; _module_preset=\u00bbdefault\u00bb width=\u00bb100%\u00bb module_alignment=\u00bbcenter\u00bb custom_margin=\u00bb||||false|false\u00bb custom_padding=\u00bb||||false|false\u00bb locked=\u00bboff\u00bb global_colors_info=\u00bb{}\u00bb][\/et_pb_image][\/et_pb_column][\/et_pb_row][et_pb_row _builder_version=\u00bb4.9.4&#8243; _module_preset=\u00bbdefault\u00bb global_colors_info=\u00bb{}\u00bb][et_pb_column type=\u00bb4_4&#8243; _builder_version=\u00bb4.9.4&#8243; _module_preset=\u00bbdefault\u00bb global_colors_info=\u00bb{}\u00bb][et_pb_divider color=\u00bb#E02B20&#8243; divider_weight=\u00bb3px\u00bb _builder_version=\u00bb4.9.4&#8243; _module_preset=\u00bbdefault\u00bb global_colors_info=\u00bb{}\u00bb][\/et_pb_divider][\/et_pb_column][\/et_pb_row][\/et_pb_section]<\/p>\n","protected":false},"excerpt":{"rendered":"<p>Borsa d&#8217;ocupaci\u00f3L&#8217;Ag\u00e8ncia d&#8217;Ocupaci\u00f3 i Desenvolupament Local de Museros, dins de l&#8217;Ag\u00e8ncia p\u00fablica d&#8217;ocupaci\u00f3 de l&#8217;Horta Nord, ofereix un servei d&#8217;atenci\u00f3 a les persones desocupades del municipi. Entre les seues funcions, es troba la posada en marxa d&#8217;una borsa d&#8217;ocupaci\u00f3, dirigida a persones sense treball del municipi, que s&#8217;inscriuen com a demandants de treball, i a [&hellip;]<\/p>\n","protected":false},"author":8,"featured_media":0,"parent":0,"menu_order":0,"comment_status":"closed","ping_status":"closed","template":"","meta":{"_et_pb_use_builder":"on","_et_pb_old_content":"","_et_gb_content_width":"","_mc_calendar":[],"footnotes":""},"wf_page_folders":[157],"class_list":["post-245937","page","type-page","status-publish","hentry"],"_links":{"self":[{"href":"https:\/\/museros.org\/inici\/wp-json\/wp\/v2\/pages\/245937","targetHints":{"allow":["GET"]}}],"collection":[{"href":"https:\/\/museros.org\/inici\/wp-json\/wp\/v2\/pages"}],"about":[{"href":"https:\/\/museros.org\/inici\/wp-json\/wp\/v2\/types\/page"}],"author":[{"embeddable":true,"href":"https:\/\/museros.org\/inici\/wp-json\/wp\/v2\/users\/8"}],"replies":[{"embeddable":true,"href":"https:\/\/museros.org\/inici\/wp-json\/wp\/v2\/comments?post=245937"}],"version-history":[{"count":20,"href":"https:\/\/museros.org\/inici\/wp-json\/wp\/v2\/pages\/245937\/revisions"}],"predecessor-version":[{"id":255071,"href":"https:\/\/museros.org\/inici\/wp-json\/wp\/v2\/pages\/245937\/revisions\/255071"}],"wp:attachment":[{"href":"https:\/\/museros.org\/inici\/wp-json\/wp\/v2\/media?parent=245937"}],"wp:term":[{"taxonomy":"wf_page_folders","embeddable":true,"href":"https:\/\/museros.org\/inici\/wp-json\/wp\/v2\/wf_page_folders?post=245937"}],"curies":[{"name":"wp","href":"https:\/\/api.w.org\/{rel}","templated":true}]}}

Borsa d&#8217;ocupació

<p>[et_pb_section fb_built=»1&#8243; _builder_version=»4.10.4&#8243; _module_preset=»default» custom_padding=»0px||||false|false» locked=»off» global_colors_info=»{}»][et_pb_row column_structure=»1_4,3_4&#8243; _builder_version=»4.10.4&#8243; _module_preset=»default» min_height=»406.2px» custom_margin=»0px|auto|-70px|auto|false|false» custom_padding=»0px||0px||false|false» global_colors_info=»{}»][et_pb_column type=»1_4&#8243; _builder_version=»4.9.4&#8243; _module_preset=»default» global_colors_info=»{}»][et_pb_image src=»https://museros.org/wp-content/uploads/2021/08/logo-borsadocp-200&#215;160-1.jpg» title_text=»logo-borsadocp-200&#215;160&#8243; url=»https://museros.org/ca/aodl» use_overlay=»on» overlay_icon_color=»#E02B20&#8243; hover_overlay_color=»rgba(255,255,255,0.7)» hover_icon=»&#xe04d;||divi||400&#8243; align=»center» _builder_version=»4.14.9&#8243; _module_preset=»default» width=»100%» module_alignment=»center» custom_margin=»0px||||false|false» custom_padding=»0px||||false|false» global_colors_info=»{}»][/et_pb_image][/et_pb_column][et_pb_column type=»3_4&#8243; _builder_version=»4.9.4&#8243; _module_preset=»default» global_colors_info=»{}»][et_pb_text _builder_version=»4.9.11&#8243; _module_preset=»default» header_text_color=»#990000&#8243; global_colors_info=»{}»]</p>
<h1>Borsa d&#8217;ocupació</h1>
<p>[/et_pb_text][et_pb_text _builder_version=»4.9.11&#8243; _module_preset=»default» global_colors_info=»{}»]</p>
<p>L&#8217;Agència d&#8217;Ocupació i Desenvolupament Local de Museros, dins de l&#8217;Agència pública d&#8217;ocupació de l&#8217;Horta Nord, ofereix un servei d&#8217;atenció a les persones desocupades del municipi. Entre les seues funcions, es troba la posada en marxa d&#8217;una borsa d&#8217;ocupació, dirigida a persones sense treball del municipi, que s&#8217;inscriuen com a demandants de treball, i a les empreses de la localitat i els voltants, que presenten les seues ofertes laborals.</p>
<p>Si estàs buscant treball i vols formar part dels processos de selecció d&#8217;empreses de la comarca o necessites personal per a la teua empresa pots demanar més informació i inscriure&#8217;t en la AEDL, en el primer pis de l&#8217;Ajuntament, de dilluns a divendres, de 12.00 h a 14.00 h.</p>
<p>[/et_pb_text][et_pb_divider color=»#999999&#8243; divider_style=»dotted» divider_weight=»7px» _builder_version=»4.9.4&#8243; _module_preset=»default» max_width=»100%» custom_margin=»40px||-15px||false|false» custom_padding=»||0px||false|false» global_colors_info=»{}»][/et_pb_divider][/et_pb_column][/et_pb_row][et_pb_row column_structure=»1_3,1_3,1_3&#8243; _builder_version=»4.14.9&#8243; _module_preset=»default» custom_margin=»0px||||false|false» custom_padding=»0px||||false|false» global_colors_info=»{}»][et_pb_column type=»1_3&#8243; _builder_version=»4.14.9&#8243; _module_preset=»default» global_colors_info=»{}»][/et_pb_column][et_pb_column type=»1_3&#8243; _builder_version=»4.14.9&#8243; _module_preset=»default» global_colors_info=»{}»][et_pb_image src=»https://museros.org/wp-content/uploads/2022/02/banner-pactem-vl.jpg» title_text=»banner-pactem-vl» url=»https://museros.org/inici/setmana-de-lemprenedoria/» use_overlay=»on» overlay_icon_color=»#E02B20&#8243; hover_overlay_color=»rgba(255,255,255,0.7)» hover_icon=»&#xe04e;||divi||400&#8243; _builder_version=»4.14.8&#8243; _module_preset=»default» width=»100%» locked=»off» global_colors_info=»{}»][/et_pb_image][/et_pb_column][et_pb_column type=»1_3&#8243; _builder_version=»4.14.9&#8243; _module_preset=»default» global_colors_info=»{}»][/et_pb_column][/et_pb_row][et_pb_row _builder_version=»4.14.9&#8243; _module_preset=»default» custom_margin=»0px||0px||false|false» custom_padding=»0px||0px||false|false» global_colors_info=»{}»][et_pb_column type=»4_4&#8243; _builder_version=»4.14.9&#8243; _module_preset=»default» global_colors_info=»{}»][et_pb_divider color=»#999999&#8243; divider_style=»dotted» divider_weight=»7px» _builder_version=»4.14.9&#8243; _module_preset=»default» max_width=»100%» custom_margin=»0px||0px||false|false» custom_padding=»0px||0px||false|false» global_colors_info=»{}»][/et_pb_divider][/et_pb_column][/et_pb_row][et_pb_row column_structure=»1_5,1_5,1_5,1_5,1_5&#8243; _builder_version=»4.14.9&#8243; _module_preset=»default» custom_margin=»0px||0px||false|false» custom_padding=»0px||0px||false|false» global_colors_info=»{}»][et_pb_column type=»1_5&#8243; _builder_version=»4.9.4&#8243; _module_preset=»default» global_colors_info=»{}»][/et_pb_column][et_pb_column type=»1_5&#8243; _builder_version=»4.9.4&#8243; _module_preset=»default» global_colors_info=»{}»][et_pb_image src=»https://museros.org/wp-content/uploads/2022/03/noticiesocupacio-230&#215;180-1.jpg» title_text=»noticiesocupacio-230&#215;180&#8243; url=»https://museros.org/inici/el-punt-mobil-de-labora-visita-museros/» use_overlay=»on» overlay_icon_color=»#E02B20&#8243; hover_overlay_color=»rgba(255,255,255,0.68)» hover_icon=»&#xe04e;||divi||400&#8243; _builder_version=»4.14.9&#8243; _module_preset=»default» custom_margin=»||||false|false» custom_padding=»0px||||false|false» locked=»off» global_colors_info=»{}»][/et_pb_image][/et_pb_column][et_pb_column type=»1_5&#8243; _builder_version=»4.9.4&#8243; _module_preset=»default» global_colors_info=»{}»][et_pb_image src=»https://museros.org/wp-content/uploads/2021/08/logo-accions-200&#215;160-1.jpg» title_text=»logo-accions-200&#215;160&#8243; url=»https://museros.org/ca/accions-de-formacio» use_overlay=»on» overlay_icon_color=»#E02B20&#8243; hover_overlay_color=»rgba(255,255,255,0.7)» hover_icon=»&#xe04e;||divi||400&#8243; align=»center» _builder_version=»4.14.9&#8243; _module_preset=»default» width=»100%» module_alignment=»center» global_colors_info=»{}»][/et_pb_image][/et_pb_column][et_pb_column type=»1_5&#8243; _builder_version=»4.9.4&#8243; _module_preset=»default» global_colors_info=»{}»][et_pb_image src=»https://museros.org/wp-content/uploads/2021/08/logo-tallers-200&#215;160-1.jpg» title_text=»logo-tallers-200&#215;160&#8243; url=»https://museros.org/ca/tallers-i-cursos» use_overlay=»on» overlay_icon_color=»#E02B20&#8243; hover_overlay_color=»rgba(255,255,255,0.7)» hover_icon=»&#xe04e;||divi||400&#8243; align=»center» _builder_version=»4.13.0&#8243; _module_preset=»default» width=»100%» module_alignment=»center» global_colors_info=»{}»][/et_pb_image][/et_pb_column][et_pb_column type=»1_5&#8243; _builder_version=»4.9.4&#8243; _module_preset=»default» global_colors_info=»{}»][et_pb_image src=»https://museros.org/wp-content/uploads/2021/08/logo-pactemnord.jpg» title_text=»logo-pactemnord» url=»https://www.consorci.info/webempleo.html» url_new_window=»on» use_overlay=»on» overlay_icon_color=»#E02B20&#8243; hover_overlay_color=»rgba(255,255,255,0.7)» hover_icon=»&#xe04e;||divi||400&#8243; align=»center» _builder_version=»4.14.9&#8243; _module_preset=»default» width=»100%» module_alignment=»center» custom_margin=»||||false|false» custom_padding=»||||false|false» locked=»off» global_colors_info=»{}»][/et_pb_image][/et_pb_column][/et_pb_row][et_pb_row _builder_version=»4.9.4&#8243; _module_preset=»default» global_colors_info=»{}»][et_pb_column type=»4_4&#8243; _builder_version=»4.9.4&#8243; _module_preset=»default» global_colors_info=»{}»][et_pb_divider color=»#E02B20&#8243; divider_weight=»3px» _builder_version=»4.9.4&#8243; _module_preset=»default» global_colors_info=»{}»][/et_pb_divider][/et_pb_column][/et_pb_row][/et_pb_section]</p>

<p>Borsa d&#8217;ocupacióL&#8217;Agència d&#8217;Ocupació i Desenvolupament Local de Museros, dins de l&#8217;Agència pública d&#8217;ocupació de l&#8217;Horta Nord, ofereix un servei d&#8217;atenció a les persones desocupades del municipi. Entre les seues funcions, es troba la posada en marxa d&#8217;una borsa d&#8217;ocupació, dirigida a persones sense treball del municipi, que s&#8217;inscriuen com a demandants de treball, i a [&hellip;]</p>
