{"id":245775,"date":"2021-08-15T17:42:21","date_gmt":"2021-08-15T17:42:21","guid":{"rendered":"https:\/\/museros.org\/?page_id=245775"},"modified":"2022-03-28T08:58:02","modified_gmt":"2022-03-28T08:58:02","slug":"centre-de-salut-2","status":"publish","type":"page","link":"https:\/\/museros.org\/inici\/centre-de-salut-2\/","title":{"rendered":"Centre de Salut"},"content":{"rendered":"<p>[et_pb_section fb_built=\u00bb1&#8243; _builder_version=\u00bb4.15&#8243; _module_preset=\u00bbdefault\u00bb custom_margin=\u00bb0px||||false|false\u00bb custom_padding=\u00bb0px||||false|false\u00bb global_colors_info=\u00bb{}\u00bb][et_pb_row column_structure=\u00bb1_4,3_4&#8243; _builder_version=\u00bb4.15&#8243; _module_preset=\u00bbdefault\u00bb custom_margin=\u00bb0px||||false|false\u00bb custom_padding=\u00bb0px||||false|false\u00bb global_colors_info=\u00bb{}\u00bb][et_pb_column type=\u00bb1_4&#8243; _builder_version=\u00bb4.15&#8243; _module_preset=\u00bbdefault\u00bb global_colors_info=\u00bb{}\u00bb][et_pb_image src=\u00bbhttps:\/\/museros.org\/wp-content\/uploads\/2021\/03\/agenciavalencianadesalud.jpg\u00bb title_text=\u00bbagenciavalencianadesalud\u00bb _builder_version=\u00bb4.15&#8243; _module_preset=\u00bbdefault\u00bb global_colors_info=\u00bb{}\u00bb][\/et_pb_image][\/et_pb_column][et_pb_column type=\u00bb3_4&#8243; _builder_version=\u00bb4.15&#8243; _module_preset=\u00bbdefault\u00bb global_colors_info=\u00bb{}\u00bb][et_pb_image src=\u00bbhttps:\/\/museros.org\/wp-content\/uploads\/2021\/03\/centrosalud-1080&#215;360-B.jpg\u00bb title_text=\u00bbcentrosalud-1080&#215;360-B\u00bb _builder_version=\u00bb4.15&#8243; _module_preset=\u00bbdefault\u00bb global_colors_info=\u00bb{}\u00bb][\/et_pb_image][et_pb_text _builder_version=\u00bb4.15.1&#8243; _module_preset=\u00bbdefault\u00bb custom_padding=\u00bb|||4px||\u00bb hover_enabled=\u00bb0&#8243; global_colors_info=\u00bb{}\u00bb sticky_enabled=\u00bb0&#8243;]<\/p>\n<h2>Centre de Salut<\/h2>\n<p>Avinguda del Pa\u00eds Valenci\u00e0, 15<\/p>\n<p>Telf. 963 10 88 80<br \/>Fax: 963 10 88 81<br \/>Correu electr\u00f2nic: <a href=\"mailto:paci_csmuseros@gva.es\">paci_csmuseros@gva.es<\/a><br \/>(indicar el n\u00famero de SIP i el motiu o professional a qui va dirigida la consulta)<\/p>\n<h4>Horari de consultes<\/h4>\n<p>De dilluns a dissabtes: de 08.00 h a 15.00 h<\/p>\n<p>Per a urg\u00e8ncies fora d&#8217;horari de consulta, dirigiu-vos al punt d&#8217;Atenci\u00f3 Continuada de Massamagrell<br \/>Telf. 961 46 70 50<br \/>De dilluns a dissabte, de 15.00 h a 08.00 h<br \/>Diumenges i festius 24 hores<\/p>\n<h4>Cartera de serveis<\/h4>\n<p>\u2022 Medicina familiar i comunit\u00e0ria<br \/>\u2022 Pediatria<br \/>\u2022 Infermeria<br \/>\u2022 Matrona<\/p>\n<p>[\/et_pb_text][\/et_pb_column][\/et_pb_row][et_pb_row _builder_version=\u00bb4.15&#8243; _module_preset=\u00bbdefault\u00bb global_colors_info=\u00bb{}\u00bb][et_pb_column type=\u00bb4_4&#8243; _builder_version=\u00bb4.15&#8243; _module_preset=\u00bbdefault\u00bb global_colors_info=\u00bb{}\u00bb][et_pb_divider color=\u00bb#E02B20&#8243; divider_weight=\u00bb4px\u00bb _builder_version=\u00bb4.15&#8243; _module_preset=\u00bbdefault\u00bb global_colors_info=\u00bb{}\u00bb][\/et_pb_divider][\/et_pb_column][\/et_pb_row][\/et_pb_section]<\/p>\n","protected":false},"excerpt":{"rendered":"<p>Centre de Salut Avinguda del Pa\u00eds Valenci\u00e0, 15 Telf. 963 10 88 80Fax: 963 10 88 81Correu electr\u00f2nic: paci_csmuseros@gva.es(indicar el n\u00famero de SIP i el motiu o professional a qui va dirigida la consulta) Horari de consultes De dilluns a dissabtes: de 08.00 h a 15.00 h Per a urg\u00e8ncies fora d&#8217;horari de consulta, dirigiu-vos [&hellip;]<\/p>\n","protected":false},"author":8,"featured_media":0,"parent":0,"menu_order":0,"comment_status":"closed","ping_status":"closed","template":"","meta":{"_et_pb_use_builder":"on","_et_pb_old_content":"","_et_gb_content_width":"","_mc_calendar":[],"footnotes":""},"wf_page_folders":[383],"class_list":["post-245775","page","type-page","status-publish","hentry"],"_links":{"self":[{"href":"https:\/\/museros.org\/inici\/wp-json\/wp\/v2\/pages\/245775","targetHints":{"allow":["GET"]}}],"collection":[{"href":"https:\/\/museros.org\/inici\/wp-json\/wp\/v2\/pages"}],"about":[{"href":"https:\/\/museros.org\/inici\/wp-json\/wp\/v2\/types\/page"}],"author":[{"embeddable":true,"href":"https:\/\/museros.org\/inici\/wp-json\/wp\/v2\/users\/8"}],"replies":[{"embeddable":true,"href":"https:\/\/museros.org\/inici\/wp-json\/wp\/v2\/comments?post=245775"}],"version-history":[{"count":13,"href":"https:\/\/museros.org\/inici\/wp-json\/wp\/v2\/pages\/245775\/revisions"}],"predecessor-version":[{"id":256481,"href":"https:\/\/museros.org\/inici\/wp-json\/wp\/v2\/pages\/245775\/revisions\/256481"}],"wp:attachment":[{"href":"https:\/\/museros.org\/inici\/wp-json\/wp\/v2\/media?parent=245775"}],"wp:term":[{"taxonomy":"wf_page_folders","embeddable":true,"href":"https:\/\/museros.org\/inici\/wp-json\/wp\/v2\/wf_page_folders?post=245775"}],"curies":[{"name":"wp","href":"https:\/\/api.w.org\/{rel}","templated":true}]}}

<p>[et_pb_section fb_built=»1&#8243; _builder_version=»4.15&#8243; _module_preset=»default» custom_margin=»0px||||false|false» custom_padding=»0px||||false|false» global_colors_info=»{}»][et_pb_row column_structure=»1_4,3_4&#8243; _builder_version=»4.15&#8243; _module_preset=»default» custom_margin=»0px||||false|false» custom_padding=»0px||||false|false» global_colors_info=»{}»][et_pb_column type=»1_4&#8243; _builder_version=»4.15&#8243; _module_preset=»default» global_colors_info=»{}»][et_pb_image src=»https://museros.org/wp-content/uploads/2021/03/agenciavalencianadesalud.jpg» title_text=»agenciavalencianadesalud» _builder_version=»4.15&#8243; _module_preset=»default» global_colors_info=»{}»][/et_pb_image][/et_pb_column][et_pb_column type=»3_4&#8243; _builder_version=»4.15&#8243; _module_preset=»default» global_colors_info=»{}»][et_pb_image src=»https://museros.org/wp-content/uploads/2021/03/centrosalud-1080&#215;360-B.jpg» title_text=»centrosalud-1080&#215;360-B» _builder_version=»4.15&#8243; _module_preset=»default» global_colors_info=»{}»][/et_pb_image][et_pb_text _builder_version=»4.15.1&#8243; _module_preset=»default» custom_padding=»|||4px||» hover_enabled=»0&#8243; global_colors_info=»{}» sticky_enabled=»0&#8243;]</p>
<h2>Centre de Salut</h2>
<p>Avinguda del País Valencià, 15</p>
<p>Telf. 963 10 88 80<br />Fax: 963 10 88 81<br />Correu electrònic: <a href="mailto:paci_csmuseros@gva.es">paci_csmuseros@gva.es</a><br />(indicar el número de SIP i el motiu o professional a qui va dirigida la consulta)</p>
<h4>Horari de consultes</h4>
<p>De dilluns a dissabtes: de 08.00 h a 15.00 h</p>
<p>Per a urgències fora d&#8217;horari de consulta, dirigiu-vos al punt d&#8217;Atenció Continuada de Massamagrell<br />Telf. 961 46 70 50<br />De dilluns a dissabte, de 15.00 h a 08.00 h<br />Diumenges i festius 24 hores</p>
<h4>Cartera de serveis</h4>
<p>• Medicina familiar i comunitària<br />• Pediatria<br />• Infermeria<br />• Matrona</p>
<p>[/et_pb_text][/et_pb_column][/et_pb_row][et_pb_row _builder_version=»4.15&#8243; _module_preset=»default» global_colors_info=»{}»][et_pb_column type=»4_4&#8243; _builder_version=»4.15&#8243; _module_preset=»default» global_colors_info=»{}»][et_pb_divider color=»#E02B20&#8243; divider_weight=»4px» _builder_version=»4.15&#8243; _module_preset=»default» global_colors_info=»{}»][/et_pb_divider][/et_pb_column][/et_pb_row][/et_pb_section]</p>

<p>Centre de Salut Avinguda del País Valencià, 15 Telf. 963 10 88 80Fax: 963 10 88 81Correu electrònic: paci_csmuseros@gva.es(indicar el número de SIP i el motiu o professional a qui va dirigida la consulta) Horari de consultes De dilluns a dissabtes: de 08.00 h a 15.00 h Per a urgències fora d&#8217;horari de consulta, dirigiu-vos [&hellip;]</p>
