{"id":244653,"date":"2021-07-07T16:58:34","date_gmt":"2021-07-07T16:58:34","guid":{"rendered":"https:\/\/museros.org\/?page_id=244653"},"modified":"2022-02-27T14:26:31","modified_gmt":"2022-02-27T14:26:31","slug":"campana-aviva-museros","status":"publish","type":"page","link":"https:\/\/museros.org\/inici\/es\/campana-aviva-museros\/","title":{"rendered":"Campa\u00f1a AVIVA Museros"},"content":{"rendered":"<p>[et_pb_section fb_built=\u00bb1&#8243; _builder_version=\u00bb4.10.4&#8243; _module_preset=\u00bbdefault\u00bb custom_padding=\u00bb0px||||false|false\u00bb global_colors_info=\u00bb{}\u00bb][et_pb_row column_structure=\u00bb1_4,3_4&#8243; _builder_version=\u00bb4.10.4&#8243; _module_preset=\u00bbdefault\u00bb custom_padding=\u00bb0px||||false|false\u00bb global_colors_info=\u00bb{}\u00bb][et_pb_column type=\u00bb1_4&#8243; _builder_version=\u00bb4.9.7&#8243; _module_preset=\u00bbdefault\u00bb global_colors_info=\u00bb{}\u00bb][et_pb_image src=\u00bbhttps:\/\/museros.org\/wp-content\/uploads\/2021\/08\/logo-promocion-cl-230&#215;180-1.jpg\u00bb title_text=\u00bblogo-promocion-cl-230&#215;180&#8243; url=\u00bbhttps:\/\/museros.org\/inici\/es\/area-de-promocion-linguistica\u00bb use_overlay=\u00bbon\u00bb overlay_icon_color=\u00bb#E02B20&#8243; hover_overlay_color=\u00bbrgba(255,255,255,0.7)\u00bb hover_icon=\u00bb&#xe04d;||divi||400&#8243; _builder_version=\u00bb4.14.8&#8243; _module_preset=\u00bbdefault\u00bb hover_enabled=\u00bb0&#8243; global_colors_info=\u00bb{}\u00bb sticky_enabled=\u00bb0&#8243;][\/et_pb_image][\/et_pb_column][et_pb_column type=\u00bb3_4&#8243; _builder_version=\u00bb4.9.7&#8243; _module_preset=\u00bbdefault\u00bb global_colors_info=\u00bb{}\u00bb][et_pb_text _builder_version=\u00bb4.13.0&#8243; _module_preset=\u00bbdefault\u00bb global_colors_info=\u00bb{}\u00bb]<\/p>\n<h1>Campa\u00f1a <em>Viu en Valenci\u00e0<\/em><\/h1>\n<p>La Concejal\u00eda de Cultura y Promoci\u00f3n Ling\u00fc\u00edstica contin\u00faa apostando por el arte urbano, esta vez desde la Agencia de Promoci\u00f3n del Valenciano, AVIVA Museros, que ha llevado a cabo la campa\u00f1a <em>Viu en Valenci\u00e0<\/em>.<\/p>\n<p>David Lim\u00f3n y La Ni\u00f1a Wapa Wapa, artistas muy reconocidos en el \u00e1mbito del arte urbano, han realizado una serie murales y grafitos que se encuentran en diferentes localizaciones de Museros, para hacer visible el uso del valenciano, porque el valenciano forma parte de nuestra vida y el arte tambi\u00e9n.<\/p>\n<p>Las actuaciones, en cuanto al lugar y el mensaje, han sido seleccionadas para que hagan referencia a varias situaciones de nuestro d\u00eda a d\u00eda, pero eso s\u00ed, en valenciano, como la cultura, el ocio infantil, el comercio, la sanidad o el deporte.<\/p>\n<p>Esperamos que os gusten y os invitamos a hacer una ruta por nuestra localidad, para visitarlos todos.<\/p>\n<p>&nbsp;<\/p>\n<p>[\/et_pb_text][\/et_pb_column][\/et_pb_row][et_pb_row column_structure=\u00bb3_5,2_5&#8243; _builder_version=\u00bb4.9.7&#8243; _module_preset=\u00bbdefault\u00bb global_colors_info=\u00bb{}\u00bb][et_pb_column type=\u00bb3_5&#8243; _builder_version=\u00bb4.9.7&#8243; _module_preset=\u00bbdefault\u00bb global_colors_info=\u00bb{}\u00bb][et_pb_image src=\u00bbhttps:\/\/museros.org\/wp-content\/uploads\/2021\/07\/cartula-video-720&#215;360-1.jpg\u00bb title_text=\u00bbcartula-video-720&#215;360&#8243; url=\u00bbhttps:\/\/museros.org\/wp-content\/uploads\/2021\/07\/Campanya.mp4&#8243; url_new_window=\u00bbon\u00bb use_overlay=\u00bbon\u00bb overlay_icon_color=\u00bb#E02B20&#8243; hover_overlay_color=\u00bbrgba(255,255,255,0.69)\u00bb hover_icon=\u00bb&#xe04e;||divi||400&#8243; align=\u00bbcenter\u00bb _builder_version=\u00bb4.14.2&#8243; _module_preset=\u00bbdefault\u00bb global_colors_info=\u00bb{}\u00bb][\/et_pb_image][\/et_pb_column][et_pb_column type=\u00bb2_5&#8243; _builder_version=\u00bb4.9.7&#8243; _module_preset=\u00bbdefault\u00bb global_colors_info=\u00bb{}\u00bb][et_pb_slider _builder_version=\u00bb4.14.2&#8243; _module_preset=\u00bbdefault\u00bb width=\u00bb80%\u00bb custom_margin=\u00bb||||false|false\u00bb custom_padding=\u00bb140px||180px||false|false\u00bb animation_style=\u00bbfade\u00bb auto=\u00bbon\u00bb auto_speed=\u00bb4000&#8243; global_colors_info=\u00bb{}\u00bb][et_pb_slide _builder_version=\u00bb4.9.7&#8243; _module_preset=\u00bbdefault\u00bb background_image=\u00bbhttps:\/\/museros.org\/wp-content\/uploads\/2021\/07\/aviva-museros-1.jpg\u00bb background_enable_image=\u00bbon\u00bb global_colors_info=\u00bb{}\u00bb sticky_transition=\u00bbon\u00bb][\/et_pb_slide][et_pb_slide _builder_version=\u00bb4.9.7&#8243; _module_preset=\u00bbdefault\u00bb background_image=\u00bbhttps:\/\/museros.org\/wp-content\/uploads\/2021\/07\/aviva-museros-2.jpg\u00bb background_enable_image=\u00bbon\u00bb global_colors_info=\u00bb{}\u00bb sticky_transition=\u00bbon\u00bb][\/et_pb_slide][et_pb_slide _builder_version=\u00bb4.9.7&#8243; _module_preset=\u00bbdefault\u00bb background_image=\u00bbhttps:\/\/museros.org\/wp-content\/uploads\/2021\/07\/aviva-museros-3.jpg\u00bb background_enable_image=\u00bbon\u00bb global_colors_info=\u00bb{}\u00bb sticky_transition=\u00bbon\u00bb][\/et_pb_slide][et_pb_slide _builder_version=\u00bb4.9.7&#8243; _module_preset=\u00bbdefault\u00bb background_image=\u00bbhttps:\/\/museros.org\/wp-content\/uploads\/2021\/07\/aviva-museros-4.jpg\u00bb background_enable_image=\u00bbon\u00bb global_colors_info=\u00bb{}\u00bb sticky_transition=\u00bbon\u00bb][\/et_pb_slide][et_pb_slide _builder_version=\u00bb4.9.7&#8243; _module_preset=\u00bbdefault\u00bb background_image=\u00bbhttps:\/\/museros.org\/wp-content\/uploads\/2021\/07\/aviva-museros-5.jpg\u00bb background_enable_image=\u00bbon\u00bb global_colors_info=\u00bb{}\u00bb sticky_transition=\u00bbon\u00bb][\/et_pb_slide][\/et_pb_slider][\/et_pb_column][\/et_pb_row][et_pb_row _builder_version=\u00bb4.9.7&#8243; _module_preset=\u00bbdefault\u00bb custom_margin=\u00bb25px||||false|false\u00bb global_colors_info=\u00bb{}\u00bb][et_pb_column type=\u00bb4_4&#8243; _builder_version=\u00bb4.9.7&#8243; _module_preset=\u00bbdefault\u00bb global_colors_info=\u00bb{}\u00bb][et_pb_divider color=\u00bb#E02B20&#8243; divider_weight=\u00bb4px\u00bb _builder_version=\u00bb4.9.7&#8243; _module_preset=\u00bbdefault\u00bb global_colors_info=\u00bb{}\u00bb][\/et_pb_divider][\/et_pb_column][\/et_pb_row][\/et_pb_section]<\/p>\n","protected":false},"excerpt":{"rendered":"<p>Campa\u00f1a Viu en Valenci\u00e0 La Concejal\u00eda de Cultura y Promoci\u00f3n Ling\u00fc\u00edstica contin\u00faa apostando por el arte urbano, esta vez desde la Agencia de Promoci\u00f3n del Valenciano, AVIVA Museros, que ha llevado a cabo la campa\u00f1a Viu en Valenci\u00e0. David Lim\u00f3n y La Ni\u00f1a Wapa Wapa, artistas muy reconocidos en el \u00e1mbito del arte urbano, han [&hellip;]<\/p>\n","protected":false},"author":8,"featured_media":0,"parent":0,"menu_order":0,"comment_status":"closed","ping_status":"closed","template":"","meta":{"_et_pb_use_builder":"on","_et_pb_old_content":"","_et_gb_content_width":"","_mc_calendar":[],"footnotes":""},"wf_page_folders":[140],"class_list":["post-244653","page","type-page","status-publish","hentry"],"_links":{"self":[{"href":"https:\/\/museros.org\/inici\/wp-json\/wp\/v2\/pages\/244653","targetHints":{"allow":["GET"]}}],"collection":[{"href":"https:\/\/museros.org\/inici\/wp-json\/wp\/v2\/pages"}],"about":[{"href":"https:\/\/museros.org\/inici\/wp-json\/wp\/v2\/types\/page"}],"author":[{"embeddable":true,"href":"https:\/\/museros.org\/inici\/wp-json\/wp\/v2\/users\/8"}],"replies":[{"embeddable":true,"href":"https:\/\/museros.org\/inici\/wp-json\/wp\/v2\/comments?post=244653"}],"version-history":[{"count":20,"href":"https:\/\/museros.org\/inici\/wp-json\/wp\/v2\/pages\/244653\/revisions"}],"predecessor-version":[{"id":253577,"href":"https:\/\/museros.org\/inici\/wp-json\/wp\/v2\/pages\/244653\/revisions\/253577"}],"wp:attachment":[{"href":"https:\/\/museros.org\/inici\/wp-json\/wp\/v2\/media?parent=244653"}],"wp:term":[{"taxonomy":"wf_page_folders","embeddable":true,"href":"https:\/\/museros.org\/inici\/wp-json\/wp\/v2\/wf_page_folders?post=244653"}],"curies":[{"name":"wp","href":"https:\/\/api.w.org\/{rel}","templated":true}]}}

Campaña AVIVA Museros

<p>[et_pb_section fb_built=»1&#8243; _builder_version=»4.10.4&#8243; _module_preset=»default» custom_padding=»0px||||false|false» global_colors_info=»{}»][et_pb_row column_structure=»1_4,3_4&#8243; _builder_version=»4.10.4&#8243; _module_preset=»default» custom_padding=»0px||||false|false» global_colors_info=»{}»][et_pb_column type=»1_4&#8243; _builder_version=»4.9.7&#8243; _module_preset=»default» global_colors_info=»{}»][et_pb_image src=»https://museros.org/wp-content/uploads/2021/08/logo-promocion-cl-230&#215;180-1.jpg» title_text=»logo-promocion-cl-230&#215;180&#8243; url=»https://museros.org/inici/es/area-de-promocion-linguistica» use_overlay=»on» overlay_icon_color=»#E02B20&#8243; hover_overlay_color=»rgba(255,255,255,0.7)» hover_icon=»&#xe04d;||divi||400&#8243; _builder_version=»4.14.8&#8243; _module_preset=»default» hover_enabled=»0&#8243; global_colors_info=»{}» sticky_enabled=»0&#8243;][/et_pb_image][/et_pb_column][et_pb_column type=»3_4&#8243; _builder_version=»4.9.7&#8243; _module_preset=»default» global_colors_info=»{}»][et_pb_text _builder_version=»4.13.0&#8243; _module_preset=»default» global_colors_info=»{}»]</p>
<h1>Campaña <em>Viu en Valencià</em></h1>
<p>La Concejalía de Cultura y Promoción Lingüística continúa apostando por el arte urbano, esta vez desde la Agencia de Promoción del Valenciano, AVIVA Museros, que ha llevado a cabo la campaña <em>Viu en Valencià</em>.</p>
<p>David Limón y La Niña Wapa Wapa, artistas muy reconocidos en el ámbito del arte urbano, han realizado una serie murales y grafitos que se encuentran en diferentes localizaciones de Museros, para hacer visible el uso del valenciano, porque el valenciano forma parte de nuestra vida y el arte también.</p>
<p>Las actuaciones, en cuanto al lugar y el mensaje, han sido seleccionadas para que hagan referencia a varias situaciones de nuestro día a día, pero eso sí, en valenciano, como la cultura, el ocio infantil, el comercio, la sanidad o el deporte.</p>
<p>Esperamos que os gusten y os invitamos a hacer una ruta por nuestra localidad, para visitarlos todos.</p>
<p>&nbsp;</p>
<p>[/et_pb_text][/et_pb_column][/et_pb_row][et_pb_row column_structure=»3_5,2_5&#8243; _builder_version=»4.9.7&#8243; _module_preset=»default» global_colors_info=»{}»][et_pb_column type=»3_5&#8243; _builder_version=»4.9.7&#8243; _module_preset=»default» global_colors_info=»{}»][et_pb_image src=»https://museros.org/wp-content/uploads/2021/07/cartula-video-720&#215;360-1.jpg» title_text=»cartula-video-720&#215;360&#8243; url=»https://museros.org/wp-content/uploads/2021/07/Campanya.mp4&#8243; url_new_window=»on» use_overlay=»on» overlay_icon_color=»#E02B20&#8243; hover_overlay_color=»rgba(255,255,255,0.69)» hover_icon=»&#xe04e;||divi||400&#8243; align=»center» _builder_version=»4.14.2&#8243; _module_preset=»default» global_colors_info=»{}»][/et_pb_image][/et_pb_column][et_pb_column type=»2_5&#8243; _builder_version=»4.9.7&#8243; _module_preset=»default» global_colors_info=»{}»][et_pb_slider _builder_version=»4.14.2&#8243; _module_preset=»default» width=»80%» custom_margin=»||||false|false» custom_padding=»140px||180px||false|false» animation_style=»fade» auto=»on» auto_speed=»4000&#8243; global_colors_info=»{}»][et_pb_slide _builder_version=»4.9.7&#8243; _module_preset=»default» background_image=»https://museros.org/wp-content/uploads/2021/07/aviva-museros-1.jpg» background_enable_image=»on» global_colors_info=»{}» sticky_transition=»on»][/et_pb_slide][et_pb_slide _builder_version=»4.9.7&#8243; _module_preset=»default» background_image=»https://museros.org/wp-content/uploads/2021/07/aviva-museros-2.jpg» background_enable_image=»on» global_colors_info=»{}» sticky_transition=»on»][/et_pb_slide][et_pb_slide _builder_version=»4.9.7&#8243; _module_preset=»default» background_image=»https://museros.org/wp-content/uploads/2021/07/aviva-museros-3.jpg» background_enable_image=»on» global_colors_info=»{}» sticky_transition=»on»][/et_pb_slide][et_pb_slide _builder_version=»4.9.7&#8243; _module_preset=»default» background_image=»https://museros.org/wp-content/uploads/2021/07/aviva-museros-4.jpg» background_enable_image=»on» global_colors_info=»{}» sticky_transition=»on»][/et_pb_slide][et_pb_slide _builder_version=»4.9.7&#8243; _module_preset=»default» background_image=»https://museros.org/wp-content/uploads/2021/07/aviva-museros-5.jpg» background_enable_image=»on» global_colors_info=»{}» sticky_transition=»on»][/et_pb_slide][/et_pb_slider][/et_pb_column][/et_pb_row][et_pb_row _builder_version=»4.9.7&#8243; _module_preset=»default» custom_margin=»25px||||false|false» global_colors_info=»{}»][et_pb_column type=»4_4&#8243; _builder_version=»4.9.7&#8243; _module_preset=»default» global_colors_info=»{}»][et_pb_divider color=»#E02B20&#8243; divider_weight=»4px» _builder_version=»4.9.7&#8243; _module_preset=»default» global_colors_info=»{}»][/et_pb_divider][/et_pb_column][/et_pb_row][/et_pb_section]</p>

<p>Campaña Viu en Valencià La Concejalía de Cultura y Promoción Lingüística continúa apostando por el arte urbano, esta vez desde la Agencia de Promoción del Valenciano, AVIVA Museros, que ha llevado a cabo la campaña Viu en Valencià. David Limón y La Niña Wapa Wapa, artistas muy reconocidos en el ámbito del arte urbano, han [&hellip;]</p>
