{"id":243562,"date":"2021-06-03T09:02:14","date_gmt":"2021-06-03T09:02:14","guid":{"rendered":"https:\/\/museros.org\/?page_id=243562"},"modified":"2025-05-19T11:25:00","modified_gmt":"2025-05-19T11:25:00","slug":"area-de-agricultura","status":"publish","type":"page","link":"https:\/\/museros.org\/inici\/es\/area-de-agricultura\/","title":{"rendered":"\u00c1rea de agricultura"},"content":{"rendered":"<p>[et_pb_section fb_built=\u00bb1&#8243; _builder_version=\u00bb4.16&#8243; _module_preset=\u00bbdefault\u00bb custom_padding=\u00bb0px||||false|false\u00bb locked=\u00bboff\u00bb global_colors_info=\u00bb{}\u00bb][et_pb_row column_structure=\u00bb1_4,3_4&#8243; _builder_version=\u00bb4.16&#8243; _module_preset=\u00bbdefault\u00bb custom_margin=\u00bb0px||||false|false\u00bb custom_padding=\u00bb0px||||false|false\u00bb global_colors_info=\u00bb{}\u00bb][et_pb_column type=\u00bb1_4&#8243; _builder_version=\u00bb4.16&#8243; _module_preset=\u00bbdefault\u00bb global_colors_info=\u00bb{}\u00bb][et_pb_image src=\u00bbhttps:\/\/museros.org\/wp-content\/uploads\/2021\/06\/logo-agricultura-cl-230&#215;180-1.jpg\u00bb title_text=\u00bblogo-agricultura-cl-230&#215;180&#8243; url=\u00bbhttps:\/\/museros.org\/inici\/es\/concejalias\u00bb use_overlay=\u00bbon\u00bb overlay_icon_color=\u00bb#E02B20&#8243; hover_overlay_color=\u00bbrgba(255,255,255,0.69)\u00bb hover_icon=\u00bb&#xe04d;||divi||400&#8243; align=\u00bbcenter\u00bb _builder_version=\u00bb4.16&#8243; _module_preset=\u00bbdefault\u00bb width=\u00bb100%\u00bb width_tablet=\u00bb\u00bb width_phone=\u00bb\u00bb width_last_edited=\u00bbon|desktop\u00bb global_colors_info=\u00bb{}\u00bb][\/et_pb_image][\/et_pb_column][et_pb_column type=\u00bb3_4&#8243; _builder_version=\u00bb4.16&#8243; _module_preset=\u00bbdefault\u00bb global_colors_info=\u00bb{}\u00bb][et_pb_text _builder_version=\u00bb4.16&#8243; _module_preset=\u00bbdefault\u00bb global_colors_info=\u00bb{}\u00bb]<\/p>\n<h1>Agricultura<\/h1>\n<p>Este \u00c1rea es la responsable de dirigir la pol\u00edtica agr\u00edcola y de soberan\u00eda alimentaria del Ayuntamiento de Museros, participando en todos los procedimientos y servicios que puedan producir un efecto directo sobre el entorno de huerta, la comunidad agricultora les municipio, as\u00ed como los h\u00e1bitos sostenibles y la ecolog\u00eda.<br \/>Trata de mejorar la accesibilidad en el entorno de huerta y ponerlo en valor, as\u00ed como facilitar la tarea agraria en la localidad desde un paradigma colectivo y participativo, especialmente a trav\u00e9s del Consell Agrari y la representaci\u00f3n del municipio en el \u00f3rgano supramunicipal conocido como Consell de L\u2019Horta, como canal de comunicaci\u00f3n directo con el resto de municipios de la comarca y la Generalitat Valenciana.<br \/>La gesti\u00f3n de la misma incluye las siguientes l\u00edneas de actuaci\u00f3n:<\/p>\n<p>\u2022 <strong>Actuaciones para mejorar los caminos agr\u00edcolas del municipio<\/strong>: Anualmente se detectan los caminos que se pueden mejorar por parte del consistorio y se buscan la financiaci\u00f3n y los recursos adecuados (propios o externos) para ello.<\/p>\n<p>\u2022 <strong>Implantaci\u00f3n y gesti\u00f3n de los huertos sociales<\/strong>: El Ayuntamiento cede el uso a los vecinos y vecinas que lo soliciten, de forma que se pone en valor el autoconsumo y la soberan\u00eda alimentaria en la sociedad, a la vez que se fomenta la colaboraci\u00f3n y puesta marcha del cultivo ecol\u00f3gico.<\/p>\n<p>\u2022 <strong>Proyecto de adaptaci\u00f3n al cambio clim\u00e1tico<\/strong>: Con esta iniciativa se pretende estudiar los efectos del cambio clim\u00e1tico en especies vegetales de cultivo. De esta forma, se cultivar\u00e1n diversas especies resistentes a la sequ\u00eda, analizando cu\u00e1les son las m\u00e1s aptas, con el fin de mitigar en un futuro los impactos derivados de problemas como el estr\u00e9s h\u00eddrico.<\/p>\n<p>\u2022 <strong>Cursos de tem\u00e1tica agr\u00edcola destinados a las personas agricultoras del t\u00e9rmino<\/strong>: se busca facilitar la formaci\u00f3n de la comunidad agr\u00edcola en temas de inter\u00e9s, como la obtenci\u00f3n del carnet de manipulador de productos fitosanitarios o formaci\u00f3n enfocada al cultivo ecol\u00f3gico.<\/p>\n<p>\u2022 <strong>Cierre de caminos rurales<\/strong>: Adicionalmente, la concejal\u00eda lleva la gesti\u00f3n de los cierres de caminos rurales. De esta forma, los vecinos y vecinas que busquen solicitar el cierre deber\u00e1n cumplir una serie de requisitos establecidos en la ordenanza vigente en la materia y evitar as\u00ed el robo de los cultivos en plena \u00e9poca.<\/p>\n<p>[\/et_pb_text][et_pb_divider color=\u00bb#999999&#8243; divider_style=\u00bbdotted\u00bb divider_weight=\u00bb7px\u00bb _builder_version=\u00bb4.16&#8243; _module_preset=\u00bbdefault\u00bb global_colors_info=\u00bb{}\u00bb][\/et_pb_divider][et_pb_image src=\u00bbhttps:\/\/museros.org\/wp-content\/uploads\/2024\/01\/ayudas-trampeo-1080&#215;300-1.jpg\u00bb title_text=\u00bbayudas-trampeo-1080&#215;300&#8243; url=\u00bbhttps:\/\/museros.org\/inici\/es\/ayuda-para-el-trampeo\/\u00bb use_overlay=\u00bbon\u00bb overlay_icon_color=\u00bb#E02B20&#8243; hover_overlay_color=\u00bbrgba(255,255,255,0.71)\u00bb hover_icon=\u00bb&#xe04e;||divi||400&#8243; _builder_version=\u00bb4.24.0&#8243; _module_preset=\u00bbdefault\u00bb global_colors_info=\u00bb{}\u00bb][\/et_pb_image][et_pb_divider color=\u00bb#999999&#8243; divider_style=\u00bbdotted\u00bb divider_weight=\u00bb7px\u00bb _builder_version=\u00bb4.16&#8243; _module_preset=\u00bbdefault\u00bb global_colors_info=\u00bb{}\u00bb][\/et_pb_divider][et_pb_image src=\u00bbhttps:\/\/museros.org\/wp-content\/uploads\/2024\/01\/ayudas-huerta-1080&#215;300-3.jpg\u00bb title_text=\u00bbayudas-huerta-1080&#215;300-3&#8243; url=\u00bbhttps:\/\/museros.org\/inici\/es\/ayudas-paisaje\/\u00bb use_overlay=\u00bbon\u00bb overlay_icon_color=\u00bb#E02B20&#8243; hover_overlay_color=\u00bbrgba(255,255,255,0.71)\u00bb hover_icon=\u00bb&#xe04e;||divi||400&#8243; _builder_version=\u00bb4.24.0&#8243; _module_preset=\u00bbdefault\u00bb global_colors_info=\u00bb{}\u00bb][\/et_pb_image][et_pb_divider color=\u00bb#999999&#8243; divider_style=\u00bbdotted\u00bb divider_weight=\u00bb7px\u00bb _builder_version=\u00bb4.16&#8243; _module_preset=\u00bbdefault\u00bb global_colors_info=\u00bb{}\u00bb][\/et_pb_divider][\/et_pb_column][\/et_pb_row][et_pb_row column_structure=\u00bb1_6,1_6,1_6,1_6,1_6,1_6&#8243; _builder_version=\u00bb4.16&#8243; _module_preset=\u00bbdefault\u00bb global_colors_info=\u00bb{}\u00bb][et_pb_column type=\u00bb1_6&#8243; _builder_version=\u00bb4.16&#8243; _module_preset=\u00bbdefault\u00bb global_colors_info=\u00bb{}\u00bb][et_pb_image src=\u00bbhttps:\/\/museros.org\/wp-content\/uploads\/2024\/01\/anuncio-trampeo-400&#215;320-1.jpg\u00bb title_text=\u00bbanuncio-trampeo-400&#215;320&#8243; url=\u00bbhttps:\/\/museros.org\/inici\/es\/ayuda-para-el-trampeo\u00bb use_overlay=\u00bbon\u00bb overlay_icon_color=\u00bb#E02B20&#8243; hover_overlay_color=\u00bbrgba(255,255,255,0.7)\u00bb hover_icon=\u00bb&#xe04e;||divi||400&#8243; _builder_version=\u00bb4.24.0&#8243; _module_preset=\u00bbdefault\u00bb locked=\u00bboff\u00bb global_colors_info=\u00bb{}\u00bb][\/et_pb_image][\/et_pb_column][et_pb_column type=\u00bb1_6&#8243; _builder_version=\u00bb4.16&#8243; _module_preset=\u00bbdefault\u00bb global_colors_info=\u00bb{}\u00bb][et_pb_image src=\u00bbhttps:\/\/museros.org\/wp-content\/uploads\/2022\/02\/banner-cultius.jpg\u00bb title_text=\u00bbbanner-cultius\u00bb url=\u00bbhttps:\/\/museros.org\/inici\/es\/que-plantar-en-el-campo\/\u00bb use_overlay=\u00bbon\u00bb overlay_icon_color=\u00bb#E02B20&#8243; hover_overlay_color=\u00bbrgba(255,255,255,0.69)\u00bb hover_icon=\u00bb&#xe04e;||divi||400&#8243; _builder_version=\u00bb4.16&#8243; _module_preset=\u00bbdefault\u00bb global_colors_info=\u00bb{}\u00bb][\/et_pb_image][\/et_pb_column][et_pb_column type=\u00bb1_6&#8243; _builder_version=\u00bb4.16&#8243; _module_preset=\u00bbdefault\u00bb global_colors_info=\u00bb{}\u00bb][et_pb_image src=\u00bbhttps:\/\/museros.org\/wp-content\/uploads\/2023\/12\/definitivos-400&#215;320-1.jpg\u00bb title_text=\u00bbdefinitivos-400&#215;320&#8243; url=\u00bbhttps:\/\/museros.org\/wp-content\/uploads\/2023\/12\/RESULTADOS-CONCESION-DE-AYUDAS-DEFINITIVA.pdf\u00bb url_new_window=\u00bbon\u00bb use_overlay=\u00bbon\u00bb overlay_icon_color=\u00bb#E02B20&#8243; hover_overlay_color=\u00bbrgba(255,255,255,0.7)\u00bb hover_icon=\u00bb&#xe04e;||divi||400&#8243; _builder_version=\u00bb4.23.1&#8243; _module_preset=\u00bbdefault\u00bb locked=\u00bboff\u00bb global_colors_info=\u00bb{}\u00bb][\/et_pb_image][\/et_pb_column][et_pb_column type=\u00bb1_6&#8243; _builder_version=\u00bb4.16&#8243; _module_preset=\u00bbdefault\u00bb global_colors_info=\u00bb{}\u00bb][et_pb_image src=\u00bbhttps:\/\/museros.org\/wp-content\/uploads\/2022\/02\/enlace-guia-cultivo.jpg\u00bb title_text=\u00bbenlace-guia-cultivo\u00bb url=\u00bbhttps:\/\/museros.org\/wp-content\/uploads\/2022\/02\/Guia-de-cultivo-para-Huertos-Sociales-Ecologicos-de-Museros.pdf\u00bb url_new_window=\u00bbon\u00bb use_overlay=\u00bbon\u00bb overlay_icon_color=\u00bb#E02B20&#8243; hover_overlay_color=\u00bbrgba(255,255,255,0.66)\u00bb hover_icon=\u00bb&#xe04e;||divi||400&#8243; _builder_version=\u00bb4.16&#8243; _module_preset=\u00bbdefault\u00bb global_colors_info=\u00bb{}\u00bb][\/et_pb_image][\/et_pb_column][et_pb_column type=\u00bb1_6&#8243; _builder_version=\u00bb4.16&#8243; _module_preset=\u00bbdefault\u00bb global_colors_info=\u00bb{}\u00bb][et_pb_image src=\u00bbhttps:\/\/museros.org\/wp-content\/uploads\/2022\/02\/enlace-huertos-urbanos.jpg\u00bb title_text=\u00bbenlace-huertos-urbanos\u00bb url=\u00bbhttps:\/\/museros.org\/wp-content\/uploads\/2022\/02\/HUERTOS-URBANOS-Y-PERIURBANOS-EN-VALENCIA.pdf\u00bb url_new_window=\u00bbon\u00bb use_overlay=\u00bbon\u00bb overlay_icon_color=\u00bb#E02B20&#8243; hover_overlay_color=\u00bbrgba(255,255,255,0.71)\u00bb hover_icon=\u00bb&#xe04e;||divi||400&#8243; _builder_version=\u00bb4.16&#8243; _module_preset=\u00bbdefault\u00bb global_colors_info=\u00bb{}\u00bb][\/et_pb_image][\/et_pb_column][et_pb_column type=\u00bb1_6&#8243; _builder_version=\u00bb4.16&#8243; _module_preset=\u00bbdefault\u00bb global_colors_info=\u00bb{}\u00bb][et_pb_image src=\u00bbhttps:\/\/museros.org\/wp-content\/uploads\/2022\/02\/enlace-mosquito.jpg\u00bb title_text=\u00bbenlace-mosquito\u00bb url=\u00bbhttps:\/\/museros.org\/wp-content\/uploads\/2022\/02\/RECOMENDACIONES-MOSQUITO-TIGRE-EN-HUERTOS-URBANOS.pdf\u00bb url_new_window=\u00bbon\u00bb use_overlay=\u00bbon\u00bb overlay_icon_color=\u00bb#E02B20&#8243; hover_overlay_color=\u00bbrgba(255,255,255,0.71)\u00bb hover_icon=\u00bb&#xe04e;||divi||400&#8243; _builder_version=\u00bb4.16&#8243; _module_preset=\u00bbdefault\u00bb global_colors_info=\u00bb{}\u00bb][\/et_pb_image][\/et_pb_column][\/et_pb_row][et_pb_row _builder_version=\u00bb4.16&#8243; _module_preset=\u00bbdefault\u00bb global_colors_info=\u00bb{}\u00bb][et_pb_column type=\u00bb4_4&#8243; _builder_version=\u00bb4.16&#8243; _module_preset=\u00bbdefault\u00bb global_colors_info=\u00bb{}\u00bb][et_pb_divider color=\u00bb#999999&#8243; divider_style=\u00bbdotted\u00bb divider_weight=\u00bb7px\u00bb _builder_version=\u00bb4.16&#8243; _module_preset=\u00bbdefault\u00bb global_colors_info=\u00bb{}\u00bb][\/et_pb_divider][\/et_pb_column][\/et_pb_row][et_pb_row column_structure=\u00bb1_6,1_6,1_6,1_6,1_6,1_6&#8243; _builder_version=\u00bb4.16&#8243; _module_preset=\u00bbdefault\u00bb locked=\u00bboff\u00bb global_colors_info=\u00bb{}\u00bb][et_pb_column type=\u00bb1_6&#8243; _builder_version=\u00bb4.16&#8243; _module_preset=\u00bbdefault\u00bb global_colors_info=\u00bb{}\u00bb][et_pb_button button_url=\u00bbhttps:\/\/museros.org\/wp-content\/uploads\/2023\/07\/MAPA-HORTA-DE-MUSEROS.pdf\u00bb url_new_window=\u00bbon\u00bb button_text=\u00bbMapa de la huerta de Museros PDF\u00bb admin_label=\u00bbMapa de la huerta\u00bb _builder_version=\u00bb4.21.0&#8243; _module_preset=\u00bbdefault\u00bb locked=\u00bboff\u00bb global_colors_info=\u00bb{}\u00bb][\/et_pb_button][\/et_pb_column][et_pb_column type=\u00bb1_6&#8243; _builder_version=\u00bb4.16&#8243; _module_preset=\u00bbdefault\u00bb global_colors_info=\u00bb{}\u00bb][et_pb_button button_url=\u00bbhttps:\/\/museros.org\/wp-content\/uploads\/2024\/05\/Reglament-dus-dels-horts-socials-ecologics.pdf\u00bb url_new_window=\u00bbon\u00bb button_text=\u00bbReglamento huertos sociales PDF\u00bb admin_label=\u00bbReglamento huertos\u00bb _builder_version=\u00bb4.25.1&#8243; _module_preset=\u00bbdefault\u00bb global_colors_info=\u00bb{}\u00bb][\/et_pb_button][\/et_pb_column][et_pb_column type=\u00bb1_6&#8243; _builder_version=\u00bb4.16&#8243; _module_preset=\u00bbdefault\u00bb global_colors_info=\u00bb{}\u00bb][et_pb_button button_url=\u00bbhttps:\/\/museros.org\/wp-content\/uploads\/2022\/04\/a-sollicitud-horts-socials.pdf\u00bb url_new_window=\u00bbon\u00bb button_text=\u00bbSolicitud huertos sociales PDF\u00bb admin_label=\u00bbSolicitud huertos \u00bb _builder_version=\u00bb4.17.1&#8243; _module_preset=\u00bbdefault\u00bb global_colors_info=\u00bb{}\u00bb][\/et_pb_button][\/et_pb_column][et_pb_column type=\u00bb1_6&#8243; _builder_version=\u00bb4.16&#8243; _module_preset=\u00bbdefault\u00bb global_colors_info=\u00bb{}\u00bb][et_pb_button button_url=\u00bbhttps:\/\/museros.org\/wp-content\/uploads\/2022\/04\/a-declaracio-horts-socials.pdf\u00bb url_new_window=\u00bbon\u00bb button_text=\u00bbDeclaraci\u00f3n huertos sociales PDF\u00bb admin_label=\u00bbDeclaraci\u00f3n huertos\u00bb _builder_version=\u00bb4.17.1&#8243; _module_preset=\u00bbdefault\u00bb global_colors_info=\u00bb{}\u00bb][\/et_pb_button][\/et_pb_column][et_pb_column type=\u00bb1_6&#8243; _builder_version=\u00bb4.16&#8243; _module_preset=\u00bbdefault\u00bb global_colors_info=\u00bb{}\u00bb][et_pb_button button_url=\u00bbhttps:\/\/museros.org\/wp-content\/uploads\/2022\/02\/Reglament-tancament-camins-rurals.pdf\u00bb url_new_window=\u00bbon\u00bb button_text=\u00bbReglamento cierre caminos rurales PDF\u00bb admin_label=\u00bbReglamento cierre\u00bb _builder_version=\u00bb4.16&#8243; _module_preset=\u00bbdefault\u00bb global_colors_info=\u00bb{}\u00bb][\/et_pb_button][\/et_pb_column][et_pb_column type=\u00bb1_6&#8243; _builder_version=\u00bb4.16&#8243; _module_preset=\u00bbdefault\u00bb global_colors_info=\u00bb{}\u00bb][et_pb_button button_url=\u00bbhttps:\/\/museros.org\/wp-content\/uploads\/2022\/04\/a-sollicitud-tancament-camins.pdf\u00bb url_new_window=\u00bbon\u00bb button_text=\u00bbSolicitud cierre caminos rurales PDF\u00bb admin_label=\u00bbSolicitud cierre\u00bb _builder_version=\u00bb4.17.1&#8243; _module_preset=\u00bbdefault\u00bb global_colors_info=\u00bb{}\u00bb][\/et_pb_button][\/et_pb_column][\/et_pb_row][et_pb_row _builder_version=\u00bb4.16&#8243; _module_preset=\u00bbdefault\u00bb global_colors_info=\u00bb{}\u00bb][et_pb_column type=\u00bb4_4&#8243; _builder_version=\u00bb4.16&#8243; _module_preset=\u00bbdefault\u00bb global_colors_info=\u00bb{}\u00bb][et_pb_divider color=\u00bb#E02B20&#8243; divider_weight=\u00bb4px\u00bb _builder_version=\u00bb4.16&#8243; _module_preset=\u00bbdefault\u00bb global_colors_info=\u00bb{}\u00bb][\/et_pb_divider][\/et_pb_column][\/et_pb_row][\/et_pb_section]<\/p>\n","protected":false},"excerpt":{"rendered":"<p>Agricultura Este \u00c1rea es la responsable de dirigir la pol\u00edtica agr\u00edcola y de soberan\u00eda alimentaria del Ayuntamiento de Museros, participando en todos los procedimientos y servicios que puedan producir un efecto directo sobre el entorno de huerta, la comunidad agricultora les municipio, as\u00ed como los h\u00e1bitos sostenibles y la ecolog\u00eda.Trata de mejorar la accesibilidad en [&hellip;]<\/p>\n","protected":false},"author":8,"featured_media":0,"parent":0,"menu_order":0,"comment_status":"closed","ping_status":"closed","template":"","meta":{"_et_pb_use_builder":"on","_et_pb_old_content":"","_et_gb_content_width":"","_mc_calendar":[],"footnotes":""},"wf_page_folders":[300],"class_list":["post-243562","page","type-page","status-publish","hentry"],"_links":{"self":[{"href":"https:\/\/museros.org\/inici\/wp-json\/wp\/v2\/pages\/243562","targetHints":{"allow":["GET"]}}],"collection":[{"href":"https:\/\/museros.org\/inici\/wp-json\/wp\/v2\/pages"}],"about":[{"href":"https:\/\/museros.org\/inici\/wp-json\/wp\/v2\/types\/page"}],"author":[{"embeddable":true,"href":"https:\/\/museros.org\/inici\/wp-json\/wp\/v2\/users\/8"}],"replies":[{"embeddable":true,"href":"https:\/\/museros.org\/inici\/wp-json\/wp\/v2\/comments?post=243562"}],"version-history":[{"count":34,"href":"https:\/\/museros.org\/inici\/wp-json\/wp\/v2\/pages\/243562\/revisions"}],"predecessor-version":[{"id":274298,"href":"https:\/\/museros.org\/inici\/wp-json\/wp\/v2\/pages\/243562\/revisions\/274298"}],"wp:attachment":[{"href":"https:\/\/museros.org\/inici\/wp-json\/wp\/v2\/media?parent=243562"}],"wp:term":[{"taxonomy":"wf_page_folders","embeddable":true,"href":"https:\/\/museros.org\/inici\/wp-json\/wp\/v2\/wf_page_folders?post=243562"}],"curies":[{"name":"wp","href":"https:\/\/api.w.org\/{rel}","templated":true}]}}