{"id":243557,"date":"2021-06-03T08:58:34","date_gmt":"2021-06-03T08:58:34","guid":{"rendered":"https:\/\/museros.org\/?page_id=243557"},"modified":"2026-03-31T10:02:49","modified_gmt":"2026-03-31T08:02:49","slug":"area-de-transicion-ecologica","status":"publish","type":"page","link":"https:\/\/museros.org\/inici\/es\/area-de-transicion-ecologica\/","title":{"rendered":"\u00c1rea de Transici\u00f3n Ecol\u00f3gica"},"content":{"rendered":"<p>[et_pb_section fb_built=\u00bb1&#8243; _builder_version=\u00bb4.16&#8243; _module_preset=\u00bbdefault\u00bb custom_padding=\u00bb0px||||false|false\u00bb global_colors_info=\u00bb{}\u00bb][et_pb_row column_structure=\u00bb1_4,3_4&#8243; _builder_version=\u00bb4.16&#8243; _module_preset=\u00bbdefault\u00bb custom_margin=\u00bb0px||||false|false\u00bb custom_padding=\u00bb0px||||false|false\u00bb global_colors_info=\u00bb{}\u00bb][et_pb_column type=\u00bb1_4&#8243; _builder_version=\u00bb4.16&#8243; _module_preset=\u00bbdefault\u00bb global_colors_info=\u00bb{}\u00bb][et_pb_image src=\u00bbhttps:\/\/museros.org\/wp-content\/uploads\/2023\/07\/logo-transicion-cl-230&#215;180-1.jpg\u00bb title_text=\u00bblogo-transicion-cl-230&#215;180&#8243; url=\u00bbhttps:\/\/museros.org\/inici\/es\/concejalias\u00bb use_overlay=\u00bbon\u00bb overlay_icon_color=\u00bb#E02B20&#8243; hover_overlay_color=\u00bbrgba(255,255,255,0.69)\u00bb hover_icon=\u00bb&#xe04d;||divi||400&#8243; align=\u00bbcenter\u00bb _builder_version=\u00bb4.21.0&#8243; _module_preset=\u00bbdefault\u00bb width=\u00bb100%\u00bb width_tablet=\u00bb\u00bb width_phone=\u00bb\u00bb width_last_edited=\u00bbon|phone\u00bb global_colors_info=\u00bb{}\u00bb][\/et_pb_image][\/et_pb_column][et_pb_column type=\u00bb3_4&#8243; _builder_version=\u00bb4.16&#8243; _module_preset=\u00bbdefault\u00bb global_colors_info=\u00bb{}\u00bb][et_pb_accordion open_toggle_text_color=\u00bb#990000&#8243; icon_color=\u00bb#990000&#8243; _builder_version=\u00bb4.27.6&#8243; _module_preset=\u00bbdefault\u00bb toggle_font=\u00bb||||||||\u00bb toggle_font_size=\u00bb23px\u00bb global_colors_info=\u00bb{}\u00bb][et_pb_accordion_item title=\u00bbTransici\u00f3n Ecol\u00f3gica\u00bb open=\u00bbon\u00bb _builder_version=\u00bb4.21.0&#8243; _module_preset=\u00bbdefault\u00bb global_colors_info=\u00bb{}\u00bb toggle_font_size=\u00bb30px\u00bb]<\/p>\n<p>Esta \u00c1rea es la responsable de dirigir la pol\u00edtica medioambiental del Ayuntamiento de Museros, participando en todos los procedimientos y servicios que puedan producir un efecto directo sobre el medio, los recursos naturales, la fauna y la flora locales, los h\u00e1bitos sostenibles y la ecolog\u00eda, entre otros.<br \/>Trata de mejorar las condiciones ambientales de la localidad desde un paradigma colectivo y participativo, as\u00ed como de educar a la ciudadan\u00eda del ma\u00f1ana en el respeto a nuestro planeta y al resto de especies con quienes lo compartimos, por lo que principalmente desarrolla la Educaci\u00f3n Ambiental en su amplio espectro.<\/p>\n<p>&#8211; Promoci\u00f3n de los Objetivos de Desarrollo Sostenible (ODS) fijados por la ONU para el horizonte del a\u00f1o 2030.<br \/>&#8211; Fomentar la Educaci\u00f3n Ambiental en el municipio de Museros, mediante agentes dinamizadores (centros escolares, comercio local, tejido asociativo y el vecindario del pueblo en general).<br \/>&#8211; Incidir en los h\u00e1bitos sostenibles que la sociedad ha de adoptar ante la crisis clim\u00e1tica que tiene lugar.<br \/>&#8211; Campa\u00f1as de concienciaci\u00f3n medioambiental que sensibilicen sobre la valoraci\u00f3n y cuidado al Medio Ambiente.<br \/>&#8211; Poner en valor la flora y la fauna de nuestro entorno.<br \/>&#8211; Cuidado y mantenimiento de las zonas verdes p\u00fablicas y parques municipales.<br \/>&#8211; Gesti\u00f3n y coordinaci\u00f3n de la poda del arbolado local.<br \/>&#8211; Bienestar animal.<br \/>&#8211; Protecci\u00f3n de la avifauna.<br \/>&#8211; Trabajar en pro de la creaci\u00f3n de una comunidad energ\u00e9tica local.<br \/>&#8211; Ampliaci\u00f3n de las instalaciones de placas fotovoltaicas en edificios municipales.<\/p>\n<p>[\/et_pb_accordion_item][et_pb_accordion_item title=\u00bbAnimales\u00bb open_toggle_text_color=\u00bb#990000&#8243; _builder_version=\u00bb4.27.6&#8243; _module_preset=\u00bbdefault\u00bb global_colors_info=\u00bb{}\u00bb open=\u00bboff\u00bb]<\/p>\n<p><strong>\u2022 Gesti\u00f3n de colonias y animales abandonados<\/strong>: Con la cofinanciaci\u00f3n del Ministerio de Derechos Sociales, Consumo y Agenda 2030 del Gobierno de Espa\u00f1a y con la colaboraci\u00f3n de las protectoras locales, se protege a los animales dom\u00e9sticos (principalmente felinos y c\u00e1nidos) que se encuentran abandonados y\/o perdidos. De esta forma, se pretende fomentar la adopci\u00f3n (con carteles, posts de comunicaci\u00f3n, etc.).<\/p>\n<p><strong>\u2022 Rutas ornitol\u00f3gicas<\/strong>: Para despertar el inter\u00e9s de la poblaci\u00f3n por la fauna local e incentivar su protecci\u00f3n, la concejal\u00eda ha organizado por primera vez diversas rutas ornitol\u00f3gicas por la huerta y el casco urbano. De esta forma, guiados por un ornit\u00f3logo, pueden ver y aprender de las aves localizadas en el municipio. Adicionalmente, se est\u00e1 preparando una gu\u00eda sobre las aves de Museros, con una descripci\u00f3n concisa de sus h\u00e1bitats, su nivel de conservaci\u00f3n y la \u00e9poca de reproducci\u00f3n proclive a cada especie.<\/p>\n<p><strong>\u2022 Charlas escolares con asociaciones<\/strong>: Se organizan diversas charlas, en colaboraci\u00f3n con profesionales, para impartirlas en los centros escolares del municipio. Recientemente, la Asociaci\u00f3n de Profesionales en Defensa de los Animales (PRODA) ha realizado una explicaci\u00f3n a los estudiantes del IES sobre el respeto y el cuidado de las mascotas (y su extrapolaci\u00f3n a la convivencia con otros estudiantes).<\/p>\n<p><strong>\u2022 Protecci\u00f3n de fauna silvestre<\/strong>: En b\u00fasqueda del cuidado de las especies que integran el ecosistema, se busca la protecci\u00f3n de especies amenazadas. Actualmente, se est\u00e1n llevando actuaciones para proteger y fomentar la aparici\u00f3n de polinizadores (como \u201choteles para insectos\u201d) y se est\u00e1 llevando un control y registro de los nidos activos de avi\u00f3n com\u00fan y del murci\u00e9lago encuentran repartidos por el municipio (con el fin de protegerlos y sancionar a quienes los destruyan). Adem\u00e1s, con la participaci\u00f3n ciudadana se ha realizado un concurso de fotograf\u00eda de mariposas (con el posterior reparto de gu\u00edas para aprender sobre los lepid\u00f3pteros).<\/p>\n<p>[\/et_pb_accordion_item][et_pb_accordion_item title=\u00bbMantenimiento del municipio\u00bb _builder_version=\u00bb4.16&#8243; _module_preset=\u00bbdefault\u00bb global_colors_info=\u00bb{}\u00bb open=\u00bboff\u00bb]<\/p>\n<p><strong>\u2022 Control de plagas<\/strong>: La concejal\u00eda mantiene y combate las plagas que puedan asolar Museros (sean de forma constante o estacionales). De este modo, y en colaboraci\u00f3n con empresas como Anticimex, se realiza la detecci\u00f3n y exterminio de plagas que incluyen roedores (principalmente ratas), mosquitos (como el mosquito tigre) y moscas (mosca de la fruta).<\/p>\n<p><strong>\u2022 Limpieza de solares<\/strong>: Cada a\u00f1o, Museros realiza una limpieza de los solares del municipio con el fin de mantenerlos libres de plagas. As\u00ed pues, se inspeccionan las parcelas y se notifica a los propietarios para llevar a cabo esta pr\u00e1ctica, en cumplimiento de la ordenanza local vigente.<\/p>\n<p><strong>\u2022 Control de desechos animales<\/strong>: En concreto, la orina y heces de los perros en v\u00eda p\u00fablica est\u00e1 sancionada en el municipio. De esta forma, se fomenta constantemente la concienciaci\u00f3n con posts de comunicaci\u00f3n y carteles donde proh\u00edben dejar abandonadas las deposiciones. Adem\u00e1s, se est\u00e1 estudiando la implantaci\u00f3n del \u201cADN canino\u201d.<\/p>\n<p>[\/et_pb_accordion_item][et_pb_accordion_item title=\u00bbMantenimiento de flora, especies vegetales y espacios verdes\u00bb _builder_version=\u00bb4.16&#8243; _module_preset=\u00bbdefault\u00bb global_colors_info=\u00bb{}\u00bb open=\u00bboff\u00bb]<\/p>\n<p><strong>\u2022 Redacci\u00f3n de un plan local reducido de prevenci\u00f3n de incendios forestales<\/strong>: Remitido a la Conselleria de Medio Ambiente y realizado el pasado 2020.<\/p>\n<p><strong>\u2022 Contrataci\u00f3n del servicio peri\u00f3dico de poda<\/strong>: Encargado de mantener el arbolado del municipio en condiciones \u00f3ptimas (a nivel est\u00e9tico y de seguridad) y de tratar los ejemplares frente a enfermedades concretas, como la procesionaria.<\/p>\n<p><strong>\u2022 Gesti\u00f3n del arbolado en v\u00eda p\u00fablica, as\u00ed c\u00f3mo en parques y jardines<\/strong>: Se tienen inventariadas todas las especies vegetales del municipio con el fin de reponerlas en el caso de que fallezcan y de comprobar su poda, as\u00ed como el mantenimiento de las zonas verdes ajardinadas de la localidad.<\/p>\n<p>[\/et_pb_accordion_item][\/et_pb_accordion][et_pb_divider color=\u00bb#999999&#8243; divider_style=\u00bbdotted\u00bb divider_weight=\u00bb8px\u00bb admin_label=\u00bbSeparador\u00bb _builder_version=\u00bb4.16&#8243; _module_preset=\u00bbdefault\u00bb width=\u00bb100%\u00bb module_alignment=\u00bbright\u00bb custom_margin=\u00bb40px||0px||false|false\u00bb custom_padding=\u00bb0px||0px||false|false\u00bb global_colors_info=\u00bb{}\u00bb][\/et_pb_divider][\/et_pb_column][\/et_pb_row][et_pb_row column_structure=\u00bb1_3,1_3,1_3&#8243; _builder_version=\u00bb4.16&#8243; _module_preset=\u00bbdefault\u00bb global_colors_info=\u00bb{}\u00bb][et_pb_column type=\u00bb1_3&#8243; _builder_version=\u00bb4.16&#8243; _module_preset=\u00bbdefault\u00bb global_colors_info=\u00bb{}\u00bb][et_pb_image src=\u00bbhttps:\/\/museros.org\/wp-content\/uploads\/2026\/03\/colonias-felinas-400&#215;320-1-m.jpg\u00bb title_text=\u00bbcolonias-felinas-400&#215;320-1 m\u00bb url=\u00bbhttps:\/\/museros.org\/wp-content\/uploads\/2025\/04\/Plan-etico-de-gestion-y-control-de-colonias-felinas-de-Museros.pdf\u00bb url_new_window=\u00bbon\u00bb use_overlay=\u00bbon\u00bb overlay_icon_color=\u00bbrgba(224,43,32,0.7)\u00bb hover_overlay_color=\u00bbrgba(255,255,255,0.5)\u00bb hover_icon=\u00bb&#xe04e;||divi||400&#8243; align=\u00bbcenter\u00bb _builder_version=\u00bb4.27.6&#8243; _module_preset=\u00bbdefault\u00bb width=\u00bb100%\u00bb width_tablet=\u00bb70%\u00bb width_phone=\u00bb100%\u00bb width_last_edited=\u00bbon|phone\u00bb hover_enabled=\u00bb0&#8243; locked=\u00bboff\u00bb global_colors_info=\u00bb{}\u00bb src__hover_enabled=\u00bbon|desktop\u00bb src__hover=\u00bb\u00bb sticky_enabled=\u00bb0&#8243;][\/et_pb_image][\/et_pb_column][et_pb_column type=\u00bb1_3&#8243; _builder_version=\u00bb4.16&#8243; _module_preset=\u00bbdefault\u00bb global_colors_info=\u00bb{}\u00bb][et_pb_image src=\u00bbhttps:\/\/museros.org\/wp-content\/uploads\/2022\/06\/mural-en-la-huerta-400&#215;320-1.jpg\u00bb title_text=\u00bbmural-en-la-huerta-400&#215;320&#8243; url=\u00bbhttps:\/\/museros.org\/inici\/es\/pintura-mural-en-la-huerta\/\u00bb use_overlay=\u00bbon\u00bb overlay_icon_color=\u00bb#E02B20&#8243; hover_overlay_color=\u00bbrgba(255,255,255,0.7)\u00bb hover_icon=\u00bb&#xe04e;||divi||400&#8243; align=\u00bbcenter\u00bb _builder_version=\u00bb4.27.4&#8243; _module_preset=\u00bbdefault\u00bb width=\u00bb100%\u00bb width_tablet=\u00bb70%\u00bb width_phone=\u00bb100%\u00bb width_last_edited=\u00bbon|phone\u00bb locked=\u00bboff\u00bb global_colors_info=\u00bb{}\u00bb src__hover_enabled=\u00bbon|desktop\u00bb src__hover=\u00bb\u00bb][\/et_pb_image][\/et_pb_column][et_pb_column type=\u00bb1_3&#8243; _builder_version=\u00bb4.16&#8243; _module_preset=\u00bbdefault\u00bb global_colors_info=\u00bb{}\u00bb][et_pb_image src=\u00bbhttps:\/\/museros.org\/wp-content\/uploads\/2022\/02\/enlace-avion-com-400&#215;320-1.jpg\u00bb title_text=\u00bbenlace-avion-com-400&#215;320&#8243; url=\u00bbhttps:\/\/museros.org\/inici\/es\/nidos-de-avion-comun\/\u00bb use_overlay=\u00bbon\u00bb overlay_icon_color=\u00bb#E02B20&#8243; hover_overlay_color=\u00bbrgba(255,255,255,0.7)\u00bb hover_icon=\u00bb&#xe04e;||divi||400&#8243; _builder_version=\u00bb4.27.4&#8243; _module_preset=\u00bbdefault\u00bb global_colors_info=\u00bb{}\u00bb][\/et_pb_image][\/et_pb_column][\/et_pb_row][et_pb_row column_structure=\u00bb1_4,1_4,1_4,1_4&#8243; _builder_version=\u00bb4.27.4&#8243; _module_preset=\u00bbdefault\u00bb global_colors_info=\u00bb{}\u00bb][et_pb_column type=\u00bb1_4&#8243; _builder_version=\u00bb4.27.4&#8243; _module_preset=\u00bbdefault\u00bb global_colors_info=\u00bb{}\u00bb][et_pb_image src=\u00bbhttps:\/\/museros.org\/wp-content\/uploads\/2022\/02\/enlace-limpio-400&#215;320-1.jpg\u00bb title_text=\u00bbenlace-limpio-400&#215;320&#8243; url=\u00bbhttps:\/\/museros.org\/inici\/es\/pueblo-limpio\/\u00bb use_overlay=\u00bbon\u00bb overlay_icon_color=\u00bb#E02B20&#8243; hover_overlay_color=\u00bbrgba(255,255,255,0.69)\u00bb hover_icon=\u00bb&#xe04e;||divi||400&#8243; _builder_version=\u00bb4.27.4&#8243; _module_preset=\u00bbdefault\u00bb hover_enabled=\u00bb0&#8243; global_colors_info=\u00bb{}\u00bb sticky_enabled=\u00bb0&#8243;][\/et_pb_image][\/et_pb_column][et_pb_column type=\u00bb1_4&#8243; _builder_version=\u00bb4.27.4&#8243; _module_preset=\u00bbdefault\u00bb global_colors_info=\u00bb{}\u00bb][et_pb_image src=\u00bbhttps:\/\/museros.org\/wp-content\/uploads\/2022\/02\/enlace-recicla-400&#215;320-1.jpg\u00bb title_text=\u00bbenlace-recicla-400&#215;320&#8243; url=\u00bbhttps:\/\/museros.org\/inici\/es\/en-museros-se%20recicla\/\u00bb use_overlay=\u00bbon\u00bb overlay_icon_color=\u00bb#E02B20&#8243; hover_overlay_color=\u00bbrgba(255,255,255,0.7)\u00bb hover_icon=\u00bb&#xe04e;||divi||400&#8243; _builder_version=\u00bb4.27.4&#8243; _module_preset=\u00bbdefault\u00bb hover_enabled=\u00bb0&#8243; global_colors_info=\u00bb{}\u00bb sticky_enabled=\u00bb0&#8243;][\/et_pb_image][\/et_pb_column][et_pb_column type=\u00bb1_4&#8243; _builder_version=\u00bb4.27.4&#8243; _module_preset=\u00bbdefault\u00bb global_colors_info=\u00bb{}\u00bb][et_pb_image src=\u00bbhttps:\/\/museros.org\/wp-content\/uploads\/2022\/02\/enlace-ecoparc-400&#215;320-1.jpg\u00bb title_text=\u00bbenlace-ecoparc-400&#215;320&#8243; url=\u00bbhttps:\/\/museros.org\/inici\/es\/ecoparque\/\u00bb use_overlay=\u00bbon\u00bb overlay_icon_color=\u00bb#E02B20&#8243; hover_overlay_color=\u00bbrgba(255,255,255,0.7)\u00bb hover_icon=\u00bb&#xe04e;||divi||400&#8243; _builder_version=\u00bb4.27.4&#8243; _module_preset=\u00bbdefault\u00bb global_colors_info=\u00bb{}\u00bb][\/et_pb_image][\/et_pb_column][et_pb_column type=\u00bb1_4&#8243; _builder_version=\u00bb4.27.4&#8243; _module_preset=\u00bbdefault\u00bb global_colors_info=\u00bb{}\u00bb][et_pb_image src=\u00bbhttps:\/\/museros.org\/wp-content\/uploads\/2023\/04\/SOSTENIBLE-400&#215;320-1.jpg\u00bb title_text=\u00bbSOSTENIBLE-400&#215;320&#8243; url=\u00bbhttps:\/\/museros.org\/inici\/es\/sostenible\u00bb use_overlay=\u00bbon\u00bb overlay_icon_color=\u00bb#E02B20&#8243; hover_overlay_color=\u00bbrgba(255,255,255,0.7)\u00bb hover_icon=\u00bb&#xe04e;||divi||400&#8243; _builder_version=\u00bb4.20.4&#8243; _module_preset=\u00bbdefault\u00bb locked=\u00bboff\u00bb global_colors_info=\u00bb{}\u00bb][\/et_pb_image][\/et_pb_column][\/et_pb_row][et_pb_row _builder_version=\u00bb4.16&#8243; _module_preset=\u00bbdefault\u00bb custom_margin=\u00bb0px||||false|false\u00bb custom_padding=\u00bb||20px||false|false\u00bb locked=\u00bboff\u00bb global_colors_info=\u00bb{}\u00bb][et_pb_column type=\u00bb4_4&#8243; _builder_version=\u00bb4.16&#8243; _module_preset=\u00bbdefault\u00bb global_colors_info=\u00bb{}\u00bb][et_pb_divider color=\u00bb#999999&#8243; divider_style=\u00bbdotted\u00bb divider_weight=\u00bb8px\u00bb admin_label=\u00bbSeparador\u00bb _builder_version=\u00bb4.16&#8243; _module_preset=\u00bbdefault\u00bb width=\u00bb100%\u00bb module_alignment=\u00bbright\u00bb custom_margin=\u00bb0px||20px||false|false\u00bb custom_padding=\u00bb0px||0px||false|false\u00bb global_colors_info=\u00bb{}\u00bb][\/et_pb_divider][et_pb_image src=\u00bbhttps:\/\/museros.org\/wp-content\/uploads\/2021\/12\/paseoporlahuerta.jpg\u00bb title_text=\u00bbpaseo-movil\u00bb url=\u00bbhttps:\/\/museros.org\/inici\/es\/atril-inicio\/\u00bb use_overlay=\u00bbon\u00bb overlay_icon_color=\u00bb#E02B20&#8243; hover_overlay_color=\u00bbrgba(255,255,255,0.68)\u00bb hover_icon=\u00bb&#xe04e;||divi||400&#8243; src_tablet=\u00bbhttps:\/\/museros.org\/wp-content\/uploads\/2021\/12\/paseoporlahuerta.jpg\u00bb src_phone=\u00bbhttps:\/\/museros.org\/wp-content\/uploads\/2021\/12\/paseo-movil.jpg\u00bb src_last_edited=\u00bbon|phone\u00bb _builder_version=\u00bb4.18.0&#8243; _module_preset=\u00bbdefault\u00bb global_colors_info=\u00bb{}\u00bb][\/et_pb_image][et_pb_divider color=\u00bb#999999&#8243; divider_style=\u00bbdotted\u00bb divider_weight=\u00bb8px\u00bb admin_label=\u00bbSeparador\u00bb _builder_version=\u00bb4.18.0&#8243; _module_preset=\u00bbdefault\u00bb width=\u00bb100%\u00bb module_alignment=\u00bbright\u00bb custom_margin=\u00bb40px||40px||false|false\u00bb custom_padding=\u00bb0px||0px||false|false\u00bb global_colors_info=\u00bb{}\u00bb][\/et_pb_divider][et_pb_text _builder_version=\u00bb4.18.0&#8243; _module_preset=\u00bbdefault\u00bb global_colors_info=\u00bb{}\u00bb]<\/p>\n<h2>Publicidad sobre la Campa\u00f1a de desratizaci\u00f3n, desinfectaci\u00f3n y desinfecci\u00f3n<\/h2>\n<p>[\/et_pb_text][\/et_pb_column][\/et_pb_row][et_pb_row column_structure=\u00bb1_5,3_5,1_5&#8243; _builder_version=\u00bb4.18.0&#8243; _module_preset=\u00bbdefault\u00bb locked=\u00bboff\u00bb global_colors_info=\u00bb{}\u00bb][et_pb_column type=\u00bb1_5&#8243; _builder_version=\u00bb4.18.0&#8243; _module_preset=\u00bbdefault\u00bb global_colors_info=\u00bb{}\u00bb][\/et_pb_column][et_pb_column type=\u00bb3_5&#8243; _builder_version=\u00bb4.18.0&#8243; _module_preset=\u00bbdefault\u00bb global_colors_info=\u00bb{}\u00bb][et_pb_image src=\u00bbhttps:\/\/museros.org\/wp-content\/uploads\/2022\/10\/programa-control-plagues.jpg\u00bb title_text=\u00bbprograma-control-plagues\u00bb _builder_version=\u00bb4.18.0&#8243; _module_preset=\u00bbdefault\u00bb global_colors_info=\u00bb{}\u00bb][\/et_pb_image][\/et_pb_column][et_pb_column type=\u00bb1_5&#8243; _builder_version=\u00bb4.18.0&#8243; _module_preset=\u00bbdefault\u00bb global_colors_info=\u00bb{}\u00bb][\/et_pb_column][\/et_pb_row][et_pb_row _builder_version=\u00bb4.16&#8243; _module_preset=\u00bbdefault\u00bb global_colors_info=\u00bb{}\u00bb][et_pb_column type=\u00bb4_4&#8243; _builder_version=\u00bb4.16&#8243; _module_preset=\u00bbdefault\u00bb global_colors_info=\u00bb{}\u00bb][et_pb_divider color=\u00bb#E02B20&#8243; divider_weight=\u00bb4px\u00bb _builder_version=\u00bb4.16&#8243; _module_preset=\u00bbdefault\u00bb global_colors_info=\u00bb{}\u00bb][\/et_pb_divider][\/et_pb_column][\/et_pb_row][\/et_pb_section]<\/p>\n","protected":false},"excerpt":{"rendered":"<p>Esta \u00c1rea es la responsable de dirigir la pol\u00edtica medioambiental del Ayuntamiento de Museros, participando en todos los procedimientos y servicios que puedan producir un efecto directo sobre el medio, los recursos naturales, la fauna y la flora locales, los h\u00e1bitos sostenibles y la ecolog\u00eda, entre otros.Trata de mejorar las condiciones ambientales de la localidad [&hellip;]<\/p>\n","protected":false},"author":8,"featured_media":0,"parent":0,"menu_order":0,"comment_status":"closed","ping_status":"closed","template":"","meta":{"_et_pb_use_builder":"on","_et_pb_old_content":"","_et_gb_content_width":"","_mc_calendar":[],"footnotes":""},"wf_page_folders":[299],"class_list":["post-243557","page","type-page","status-publish","hentry"],"_links":{"self":[{"href":"https:\/\/museros.org\/inici\/wp-json\/wp\/v2\/pages\/243557","targetHints":{"allow":["GET"]}}],"collection":[{"href":"https:\/\/museros.org\/inici\/wp-json\/wp\/v2\/pages"}],"about":[{"href":"https:\/\/museros.org\/inici\/wp-json\/wp\/v2\/types\/page"}],"author":[{"embeddable":true,"href":"https:\/\/museros.org\/inici\/wp-json\/wp\/v2\/users\/8"}],"replies":[{"embeddable":true,"href":"https:\/\/museros.org\/inici\/wp-json\/wp\/v2\/comments?post=243557"}],"version-history":[{"count":41,"href":"https:\/\/museros.org\/inici\/wp-json\/wp\/v2\/pages\/243557\/revisions"}],"predecessor-version":[{"id":279306,"href":"https:\/\/museros.org\/inici\/wp-json\/wp\/v2\/pages\/243557\/revisions\/279306"}],"wp:attachment":[{"href":"https:\/\/museros.org\/inici\/wp-json\/wp\/v2\/media?parent=243557"}],"wp:term":[{"taxonomy":"wf_page_folders","embeddable":true,"href":"https:\/\/museros.org\/inici\/wp-json\/wp\/v2\/wf_page_folders?post=243557"}],"curies":[{"name":"wp","href":"https:\/\/api.w.org\/{rel}","templated":true}]}}