{"id":242770,"date":"2021-04-23T15:32:59","date_gmt":"2021-04-23T15:32:59","guid":{"rendered":"https:\/\/museros.org\/?page_id=242770"},"modified":"2023-07-18T11:45:22","modified_gmt":"2023-07-18T11:45:22","slug":"protocolo-contra-la-violencia-de-genero","status":"publish","type":"page","link":"https:\/\/museros.org\/inici\/es\/protocolo-contra-la-violencia-de-genero\/","title":{"rendered":"Protocolo contra la viol\u00e9ncia de g\u00e9nero"},"content":{"rendered":"<p>[et_pb_section fb_built=\u00bb1&#8243; _builder_version=\u00bb4.16&#8243; _module_preset=\u00bbdefault\u00bb custom_padding=\u00bb0px||||false|false\u00bb global_colors_info=\u00bb{}\u00bb][et_pb_row column_structure=\u00bb1_4,3_4&#8243; _builder_version=\u00bb4.16&#8243; _module_preset=\u00bbdefault\u00bb custom_margin=\u00bb-4px||||false|false\u00bb custom_padding=\u00bb0px||||false|false\u00bb global_colors_info=\u00bb{}\u00bb][et_pb_column type=\u00bb1_4&#8243; _builder_version=\u00bb4.16&#8243; _module_preset=\u00bbdefault\u00bb global_colors_info=\u00bb{}\u00bb][et_pb_image src=\u00bbhttps:\/\/museros.org\/wp-content\/uploads\/2021\/06\/logo-contra-vgenero-230&#215;180-1.jpg\u00bb title_text=\u00bblogo-contra-vgenero-230&#215;180&#8243; url=\u00bbhttps:\/\/museros.org\/inici\/es\/igualdad-y-violencia-de-genero\u00bb use_overlay=\u00bbon\u00bb overlay_icon_color=\u00bb#E02B20&#8243; hover_overlay_color=\u00bbrgba(255,255,255,0.7)\u00bb hover_icon=\u00bb&#xe04d;||divi||400&#8243; align=\u00bbcenter\u00bb _builder_version=\u00bb4.16&#8243; _module_preset=\u00bbdefault\u00bb global_colors_info=\u00bb{}\u00bb][\/et_pb_image][\/et_pb_column][et_pb_column type=\u00bb3_4&#8243; _builder_version=\u00bb4.16&#8243; _module_preset=\u00bbdefault\u00bb global_colors_info=\u00bb{}\u00bb][et_pb_text _builder_version=\u00bb4.16&#8243; _module_preset=\u00bbdefault\u00bb custom_margin=\u00bb0px||0px||false|false\u00bb global_colors_info=\u00bb{}\u00bb]<\/p>\n<h1>Protocolo contra la violencia de g\u00e9nero<\/h1>\n<p>En el pasado pleno de febrero, el Ayuntamiento de Museros aprob\u00f3, por unanimidad, un protocolo de actuaci\u00f3n contra la violencia de g\u00e9nero para prestar un buen servicio de asesoramiento y protecci\u00f3n desde el minuto 0 de detecci\u00f3n de un caso de maltrato.<br \/>Los datos de casos se mantienen constantes y Museros, por desgracia, conoce el problema de primera mano. Este hecho, adem\u00e1s que los gobiernos locales, dentro del marco de competencias, tienen la obligaci\u00f3n de promover y aplicar todas las medidas al alcance para conseguir la erradicaci\u00f3n, ha llevado el actual equipo de gobierno de Museros a trabajar de lo lindo para elaborar un protocolo de actuaci\u00f3n en el cual se coordinan y colaboran los cuatro sectores profesionales implicados en materia de violencia de g\u00e9nero: polic\u00eda local, trabajadoras sociales, sanidad (Centro de Salud) y educaci\u00f3n (escuelas locales).<br \/>La violencia de g\u00e9nero ha sido reconocida como un problema de salud p\u00fablica, seg\u00fan la OMS, a causa del importante impacto que provoca tanto de manera directa sobre la v\u00edctima como en su familia y entorno social. El hecho de tener un protocolo de actuaci\u00f3n ante este tipo de casos facilitar\u00e1 la actuaci\u00f3n de todos los profesionales, porque se han comprometido a estar totalmente coordinados y extraer la m\u00e1xima informaci\u00f3n posible desde su \u00e1mbito lo cual que repercutir\u00e1 en una mejor actuaci\u00f3n conjunta. Adem\u00e1s, pretende ser un instrumento pr\u00e1ctico y ajustado a los medios disponibles de este ayuntamiento de forma que la derivaci\u00f3n, el tratamiento y el seguimiento con en una atenci\u00f3n m\u00e1s personalizada.<\/p>\n<p>&nbsp;<\/p>\n<p>[\/et_pb_text][et_pb_button button_url=\u00bbhttps:\/\/museros.org\/wp-content\/uploads\/2021\/04\/reglament_violencia_genere.pdf\u00bb url_new_window=\u00bbon\u00bb button_text=\u00bbReglament contra la viol\u00e8ncia de g\u00e8nere\u00bb _builder_version=\u00bb4.16&#8243; _module_preset=\u00bbdefault\u00bb custom_margin=\u00bb30px||||false|false\u00bb global_colors_info=\u00bb{}\u00bb][\/et_pb_button][et_pb_button button_text=\u00bbPROTOCOLO DE COORDINACI\u00d3N PARA LA PREVENCI\u00d3N Y ERRADICACI\u00d3N DE LA VIOLENCIA DE G\u00c9NERO EN EL MUNICIPIO DE MUSEROS.pdf\u00bb _builder_version=\u00bb4.21.0&#8243; _module_preset=\u00bbdefault\u00bb url_new_window=\u00bbon\u00bb button_url=\u00bbhttps:\/\/museros.org\/wp-content\/uploads\/2023\/07\/PROTOCOLO-DE-COORDINACION-PARA-LA-PREVENCION-Y-ERRADICACION-DE-LA-VIOLENCIA-DE-GENERO-EN-EL-MUNICIPIO-DE-MUSEROS.pdf\u00bb hover_enabled=\u00bb0&#8243; sticky_enabled=\u00bb0&#8243;][\/et_pb_button][\/et_pb_column][\/et_pb_row][et_pb_row _builder_version=\u00bb4.16&#8243; _module_preset=\u00bbdefault\u00bb custom_margin=\u00bb10px||||false|false\u00bb global_colors_info=\u00bb{}\u00bb][et_pb_column type=\u00bb4_4&#8243; _builder_version=\u00bb4.16&#8243; _module_preset=\u00bbdefault\u00bb global_colors_info=\u00bb{}\u00bb][et_pb_divider color=\u00bb#E02B20&#8243; divider_weight=\u00bb4px\u00bb _builder_version=\u00bb4.16&#8243; _module_preset=\u00bbdefault\u00bb global_colors_info=\u00bb{}\u00bb][\/et_pb_divider][\/et_pb_column][\/et_pb_row][\/et_pb_section]<\/p>\n","protected":false},"excerpt":{"rendered":"<p>Protocolo contra la violencia de g\u00e9nero En el pasado pleno de febrero, el Ayuntamiento de Museros aprob\u00f3, por unanimidad, un protocolo de actuaci\u00f3n contra la violencia de g\u00e9nero para prestar un buen servicio de asesoramiento y protecci\u00f3n desde el minuto 0 de detecci\u00f3n de un caso de maltrato.Los datos de casos se mantienen constantes y [&hellip;]<\/p>\n","protected":false},"author":8,"featured_media":0,"parent":0,"menu_order":0,"comment_status":"closed","ping_status":"closed","template":"","meta":{"_et_pb_use_builder":"on","_et_pb_old_content":"","_et_gb_content_width":"","_mc_calendar":[],"footnotes":""},"wf_page_folders":[290],"class_list":["post-242770","page","type-page","status-publish","hentry"],"_links":{"self":[{"href":"https:\/\/museros.org\/inici\/wp-json\/wp\/v2\/pages\/242770","targetHints":{"allow":["GET"]}}],"collection":[{"href":"https:\/\/museros.org\/inici\/wp-json\/wp\/v2\/pages"}],"about":[{"href":"https:\/\/museros.org\/inici\/wp-json\/wp\/v2\/types\/page"}],"author":[{"embeddable":true,"href":"https:\/\/museros.org\/inici\/wp-json\/wp\/v2\/users\/8"}],"replies":[{"embeddable":true,"href":"https:\/\/museros.org\/inici\/wp-json\/wp\/v2\/comments?post=242770"}],"version-history":[{"count":14,"href":"https:\/\/museros.org\/inici\/wp-json\/wp\/v2\/pages\/242770\/revisions"}],"predecessor-version":[{"id":265485,"href":"https:\/\/museros.org\/inici\/wp-json\/wp\/v2\/pages\/242770\/revisions\/265485"}],"wp:attachment":[{"href":"https:\/\/museros.org\/inici\/wp-json\/wp\/v2\/media?parent=242770"}],"wp:term":[{"taxonomy":"wf_page_folders","embeddable":true,"href":"https:\/\/museros.org\/inici\/wp-json\/wp\/v2\/wf_page_folders?post=242770"}],"curies":[{"name":"wp","href":"https:\/\/api.w.org\/{rel}","templated":true}]}}

Protocolo contra la violéncia de género

<p>[et_pb_section fb_built=»1&#8243; _builder_version=»4.16&#8243; _module_preset=»default» custom_padding=»0px||||false|false» global_colors_info=»{}»][et_pb_row column_structure=»1_4,3_4&#8243; _builder_version=»4.16&#8243; _module_preset=»default» custom_margin=»-4px||||false|false» custom_padding=»0px||||false|false» global_colors_info=»{}»][et_pb_column type=»1_4&#8243; _builder_version=»4.16&#8243; _module_preset=»default» global_colors_info=»{}»][et_pb_image src=»https://museros.org/wp-content/uploads/2021/06/logo-contra-vgenero-230&#215;180-1.jpg» title_text=»logo-contra-vgenero-230&#215;180&#8243; url=»https://museros.org/inici/es/igualdad-y-violencia-de-genero» use_overlay=»on» overlay_icon_color=»#E02B20&#8243; hover_overlay_color=»rgba(255,255,255,0.7)» hover_icon=»&#xe04d;||divi||400&#8243; align=»center» _builder_version=»4.16&#8243; _module_preset=»default» global_colors_info=»{}»][/et_pb_image][/et_pb_column][et_pb_column type=»3_4&#8243; _builder_version=»4.16&#8243; _module_preset=»default» global_colors_info=»{}»][et_pb_text _builder_version=»4.16&#8243; _module_preset=»default» custom_margin=»0px||0px||false|false» global_colors_info=»{}»]</p>
<h1>Protocolo contra la violencia de género</h1>
<p>En el pasado pleno de febrero, el Ayuntamiento de Museros aprobó, por unanimidad, un protocolo de actuación contra la violencia de género para prestar un buen servicio de asesoramiento y protección desde el minuto 0 de detección de un caso de maltrato.<br />Los datos de casos se mantienen constantes y Museros, por desgracia, conoce el problema de primera mano. Este hecho, además que los gobiernos locales, dentro del marco de competencias, tienen la obligación de promover y aplicar todas las medidas al alcance para conseguir la erradicación, ha llevado el actual equipo de gobierno de Museros a trabajar de lo lindo para elaborar un protocolo de actuación en el cual se coordinan y colaboran los cuatro sectores profesionales implicados en materia de violencia de género: policía local, trabajadoras sociales, sanidad (Centro de Salud) y educación (escuelas locales).<br />La violencia de género ha sido reconocida como un problema de salud pública, según la OMS, a causa del importante impacto que provoca tanto de manera directa sobre la víctima como en su familia y entorno social. El hecho de tener un protocolo de actuación ante este tipo de casos facilitará la actuación de todos los profesionales, porque se han comprometido a estar totalmente coordinados y extraer la máxima información posible desde su ámbito lo cual que repercutirá en una mejor actuación conjunta. Además, pretende ser un instrumento práctico y ajustado a los medios disponibles de este ayuntamiento de forma que la derivación, el tratamiento y el seguimiento con en una atención más personalizada.</p>
<p>&nbsp;</p>
<p>[/et_pb_text][et_pb_button button_url=»https://museros.org/wp-content/uploads/2021/04/reglament_violencia_genere.pdf» url_new_window=»on» button_text=»Reglament contra la violència de gènere» _builder_version=»4.16&#8243; _module_preset=»default» custom_margin=»30px||||false|false» global_colors_info=»{}»][/et_pb_button][et_pb_button button_text=»PROTOCOLO DE COORDINACIÓN PARA LA PREVENCIÓN Y ERRADICACIÓN DE LA VIOLENCIA DE GÉNERO EN EL MUNICIPIO DE MUSEROS.pdf» _builder_version=»4.21.0&#8243; _module_preset=»default» url_new_window=»on» button_url=»https://museros.org/wp-content/uploads/2023/07/PROTOCOLO-DE-COORDINACION-PARA-LA-PREVENCION-Y-ERRADICACION-DE-LA-VIOLENCIA-DE-GENERO-EN-EL-MUNICIPIO-DE-MUSEROS.pdf» hover_enabled=»0&#8243; sticky_enabled=»0&#8243;][/et_pb_button][/et_pb_column][/et_pb_row][et_pb_row _builder_version=»4.16&#8243; _module_preset=»default» custom_margin=»10px||||false|false» global_colors_info=»{}»][et_pb_column type=»4_4&#8243; _builder_version=»4.16&#8243; _module_preset=»default» global_colors_info=»{}»][et_pb_divider color=»#E02B20&#8243; divider_weight=»4px» _builder_version=»4.16&#8243; _module_preset=»default» global_colors_info=»{}»][/et_pb_divider][/et_pb_column][/et_pb_row][/et_pb_section]</p>

<p>Protocolo contra la violencia de género En el pasado pleno de febrero, el Ayuntamiento de Museros aprobó, por unanimidad, un protocolo de actuación contra la violencia de género para prestar un buen servicio de asesoramiento y protección desde el minuto 0 de detección de un caso de maltrato.Los datos de casos se mantienen constantes y [&hellip;]</p>
