{"id":241957,"date":"2021-04-16T22:14:55","date_gmt":"2021-04-16T22:14:55","guid":{"rendered":"https:\/\/museros.org\/?page_id=241957"},"modified":"2025-08-12T14:36:05","modified_gmt":"2025-08-12T12:36:05","slug":"servicio-laboral","status":"publish","type":"page","link":"https:\/\/museros.org\/inici\/es\/servicio-laboral\/","title":{"rendered":"Servicio laboral"},"content":{"rendered":"<p>[et_pb_section fb_built=\u00bb1&#8243; _builder_version=\u00bb4.16&#8243; _module_preset=\u00bbdefault\u00bb custom_padding=\u00bb0px||||false|false\u00bb locked=\u00bboff\u00bb global_colors_info=\u00bb{}\u00bb][et_pb_row column_structure=\u00bb1_4,3_4&#8243; _builder_version=\u00bb4.16&#8243; _module_preset=\u00bbdefault\u00bb custom_padding=\u00bb0px||||false|false\u00bb locked=\u00bboff\u00bb global_colors_info=\u00bb{}\u00bb][et_pb_column type=\u00bb1_4&#8243; _builder_version=\u00bb4.16&#8243; _module_preset=\u00bbdefault\u00bb global_colors_info=\u00bb{}\u00bb][et_pb_image src=\u00bbhttps:\/\/museros.org\/wp-content\/uploads\/2022\/03\/servicio-lab-180&#215;230-1.jpg\u00bb title_text=\u00bbservicio-lab-180&#215;230&#8243; url=\u00bbhttps:\/\/museros.org\/inici\/es\/area-de-educacion\/\u00bb use_overlay=\u00bbon\u00bb overlay_icon_color=\u00bb#E02B20&#8243; hover_overlay_color=\u00bbrgba(255,255,255,0.7)\u00bb hover_icon=\u00bb&#xe04d;||divi||400&#8243; align=\u00bbcenter\u00bb _builder_version=\u00bb4.16&#8243; _module_preset=\u00bbdefault\u00bb width=\u00bb100%\u00bb global_colors_info=\u00bb{}\u00bb][\/et_pb_image][\/et_pb_column][et_pb_column type=\u00bb3_4&#8243; _builder_version=\u00bb4.16&#8243; _module_preset=\u00bbdefault\u00bb global_colors_info=\u00bb{}\u00bb][et_pb_text _builder_version=\u00bb4.27.4&#8243; _module_preset=\u00bbdefault\u00bb custom_padding=\u00bb||1px|5px||\u00bb hover_enabled=\u00bb0&#8243; global_colors_info=\u00bb{}\u00bb sticky_enabled=\u00bb0&#8243;]<\/p>\n<h2>Servicio laboral de infantil y primaria<\/h2>\n<h4>Curso escolar 2025-2026<\/h4>\n<p>El Servicio Laboral es un servicio que ofrece el Ayuntamiento de Museros para facilitar la conciliaci\u00f3n laboral y familiar.<br \/>Este servicio se ofrece tanto por la ma\u00f1ana antes de la entrada escolar como por las tardes a la salida para todo el alumnado del CEIP Blasco Ib\u00e1\u00f1ez.<\/p>\n<p><strong>REQUISITOS<\/strong><br \/>\u2022 Ni\u00f1os y ni\u00f1as matriculados en infantil o primaria del CEIP Blasco Ib\u00e1\u00f1ez de Museros.<br \/>\u2022 Con progenitores o progenitoras o tutores que trabajan, y que lo acreditan mediante certificado de empresa. Se tendr\u00e1n que aportar certificados vigentes firmados por las empresas donde trabajan, en los cuales conste la duraci\u00f3n del contrato y el horario.<\/p>\n<p><strong>DURACI\u00d3N<\/strong><br \/>Calendario escolar curso 2025-2026, excepto vacaciones y festivos escolares.<\/p>\n<p><strong>INSCRIPCIONES<\/strong><br \/>Los impresos se recoger\u00e1n en el Ayuntamiento de Museros, en el colegio o se podr\u00e1n descargar del web municipal.<\/p>\n<p><strong>HORARIOS<\/strong><br \/>\u2022 Junio y septiembre: de 07.30 h a 09.00 h y de 15.00 h a 18.00 h.<br \/>\u2022 Resto de meses: de 07.30 h a 09.00 h y de 17.00 h a 18.00 h.<\/p>\n<p><strong>PRECIOS<\/strong><\/p>\n<p>\u2022 Tarifa general: 25 \u20ac\/mes.<br \/>\u2022 Tarifa especial por custodia compartida (uso por medio mes): 12,5 \u20ac\/mes.<br \/>\u2022 Tarifa por d\u00edas sueltos, en caso de uso espor\u00e1dico y no continuado: 4 \u20ac\/d\u00eda completo y 2,50 \u20ac\/ma\u00f1ana o tarde.<\/p>\n<p>\u2022 Para otras tarifas, consultad la ordenanza.<\/p>\n<p>&nbsp;<\/p>\n<p>[\/et_pb_text][et_pb_text _builder_version=\u00bb4.16&#8243; _module_preset=\u00bbdefault\u00bb global_colors_info=\u00bb{}\u00bb]<\/p>\n<h3>Documentos para la inscripci\u00f3n:<\/h3>\n<p>[\/et_pb_text][et_pb_button button_url=\u00bbhttps:\/\/museros.org\/wp-content\/uploads\/2022\/08\/a-sollicitud-admissio-servei-laboral.pdf\u00bb url_new_window=\u00bbon\u00bb button_text=\u00bbSolicitud del Servicio Laboral\u00bb _builder_version=\u00bb4.18.0&#8243; _module_preset=\u00bbdefault\u00bb global_colors_info=\u00bb{}\u00bb][\/et_pb_button][et_pb_button button_url=\u00bbhttps:\/\/museros.org\/wp-content\/uploads\/2022\/08\/a-domiciliacio-bancaria-servei-laboral.pdf\u00bb url_new_window=\u00bbon\u00bb button_text=\u00bbDomiciliaci\u00f3n bancaria del Serviciol Laboral\u00bb _builder_version=\u00bb4.18.0&#8243; _module_preset=\u00bbdefault\u00bb global_colors_info=\u00bb{}\u00bb][\/et_pb_button][\/et_pb_column][\/et_pb_row][et_pb_row _builder_version=\u00bb4.16&#8243; _module_preset=\u00bbdefault\u00bb custom_margin=\u00bb0px||1px||false|false\u00bb custom_padding=\u00bb0px|||||\u00bb global_colors_info=\u00bb{}\u00bb][et_pb_column type=\u00bb4_4&#8243; _builder_version=\u00bb4.16&#8243; _module_preset=\u00bbdefault\u00bb global_colors_info=\u00bb{}\u00bb][et_pb_divider color=\u00bb#E02B20&#8243; divider_weight=\u00bb6px\u00bb _builder_version=\u00bb4.16&#8243; _module_preset=\u00bbdefault\u00bb min_height=\u00bb26px\u00bb custom_margin=\u00bb40px||0px||false|false\u00bb custom_padding=\u00bb||0px||false|false\u00bb locked=\u00bboff\u00bb global_colors_info=\u00bb{}\u00bb][\/et_pb_divider][\/et_pb_column][\/et_pb_row][\/et_pb_section]<\/p>\n","protected":false},"excerpt":{"rendered":"<p>Servicio laboral de infantil y primaria Curso escolar 2025-2026 El Servicio Laboral es un servicio que ofrece el Ayuntamiento de Museros para facilitar la conciliaci\u00f3n laboral y familiar.Este servicio se ofrece tanto por la ma\u00f1ana antes de la entrada escolar como por las tardes a la salida para todo el alumnado del CEIP Blasco Ib\u00e1\u00f1ez. [&hellip;]<\/p>\n","protected":false},"author":8,"featured_media":0,"parent":0,"menu_order":0,"comment_status":"closed","ping_status":"closed","template":"","meta":{"_et_pb_use_builder":"on","_et_pb_old_content":"","_et_gb_content_width":"","_mc_calendar":[],"footnotes":""},"wf_page_folders":[298],"class_list":["post-241957","page","type-page","status-publish","hentry"],"_links":{"self":[{"href":"https:\/\/museros.org\/inici\/wp-json\/wp\/v2\/pages\/241957","targetHints":{"allow":["GET"]}}],"collection":[{"href":"https:\/\/museros.org\/inici\/wp-json\/wp\/v2\/pages"}],"about":[{"href":"https:\/\/museros.org\/inici\/wp-json\/wp\/v2\/types\/page"}],"author":[{"embeddable":true,"href":"https:\/\/museros.org\/inici\/wp-json\/wp\/v2\/users\/8"}],"replies":[{"embeddable":true,"href":"https:\/\/museros.org\/inici\/wp-json\/wp\/v2\/comments?post=241957"}],"version-history":[{"count":49,"href":"https:\/\/museros.org\/inici\/wp-json\/wp\/v2\/pages\/241957\/revisions"}],"predecessor-version":[{"id":276533,"href":"https:\/\/museros.org\/inici\/wp-json\/wp\/v2\/pages\/241957\/revisions\/276533"}],"wp:attachment":[{"href":"https:\/\/museros.org\/inici\/wp-json\/wp\/v2\/media?parent=241957"}],"wp:term":[{"taxonomy":"wf_page_folders","embeddable":true,"href":"https:\/\/museros.org\/inici\/wp-json\/wp\/v2\/wf_page_folders?post=241957"}],"curies":[{"name":"wp","href":"https:\/\/api.w.org\/{rel}","templated":true}]}}

<p>[et_pb_section fb_built=»1&#8243; _builder_version=»4.16&#8243; _module_preset=»default» custom_padding=»0px||||false|false» locked=»off» global_colors_info=»{}»][et_pb_row column_structure=»1_4,3_4&#8243; _builder_version=»4.16&#8243; _module_preset=»default» custom_padding=»0px||||false|false» locked=»off» global_colors_info=»{}»][et_pb_column type=»1_4&#8243; _builder_version=»4.16&#8243; _module_preset=»default» global_colors_info=»{}»][et_pb_image src=»https://museros.org/wp-content/uploads/2022/03/servicio-lab-180&#215;230-1.jpg» title_text=»servicio-lab-180&#215;230&#8243; url=»https://museros.org/inici/es/area-de-educacion/» use_overlay=»on» overlay_icon_color=»#E02B20&#8243; hover_overlay_color=»rgba(255,255,255,0.7)» hover_icon=»&#xe04d;||divi||400&#8243; align=»center» _builder_version=»4.16&#8243; _module_preset=»default» width=»100%» global_colors_info=»{}»][/et_pb_image][/et_pb_column][et_pb_column type=»3_4&#8243; _builder_version=»4.16&#8243; _module_preset=»default» global_colors_info=»{}»][et_pb_text _builder_version=»4.27.4&#8243; _module_preset=»default» custom_padding=»||1px|5px||» hover_enabled=»0&#8243; global_colors_info=»{}» sticky_enabled=»0&#8243;]</p>
<h2>Servicio laboral de infantil y primaria</h2>
<h4>Curso escolar 2025-2026</h4>
<p>El Servicio Laboral es un servicio que ofrece el Ayuntamiento de Museros para facilitar la conciliación laboral y familiar.<br />Este servicio se ofrece tanto por la mañana antes de la entrada escolar como por las tardes a la salida para todo el alumnado del CEIP Blasco Ibáñez.</p>
<p><strong>REQUISITOS</strong><br />• Niños y niñas matriculados en infantil o primaria del CEIP Blasco Ibáñez de Museros.<br />• Con progenitores o progenitoras o tutores que trabajan, y que lo acreditan mediante certificado de empresa. Se tendrán que aportar certificados vigentes firmados por las empresas donde trabajan, en los cuales conste la duración del contrato y el horario.</p>
<p><strong>DURACIÓN</strong><br />Calendario escolar curso 2025-2026, excepto vacaciones y festivos escolares.</p>
<p><strong>INSCRIPCIONES</strong><br />Los impresos se recogerán en el Ayuntamiento de Museros, en el colegio o se podrán descargar del web municipal.</p>
<p><strong>HORARIOS</strong><br />• Junio y septiembre: de 07.30 h a 09.00 h y de 15.00 h a 18.00 h.<br />• Resto de meses: de 07.30 h a 09.00 h y de 17.00 h a 18.00 h.</p>
<p><strong>PRECIOS</strong></p>
<p>• Tarifa general: 25 €/mes.<br />• Tarifa especial por custodia compartida (uso por medio mes): 12,5 €/mes.<br />• Tarifa por días sueltos, en caso de uso esporádico y no continuado: 4 €/día completo y 2,50 €/mañana o tarde.</p>
<p>• Para otras tarifas, consultad la ordenanza.</p>
<p>&nbsp;</p>
<p>[/et_pb_text][et_pb_text _builder_version=»4.16&#8243; _module_preset=»default» global_colors_info=»{}»]</p>
<h3>Documentos para la inscripción:</h3>
<p>[/et_pb_text][et_pb_button button_url=»https://museros.org/wp-content/uploads/2022/08/a-sollicitud-admissio-servei-laboral.pdf» url_new_window=»on» button_text=»Solicitud del Servicio Laboral» _builder_version=»4.18.0&#8243; _module_preset=»default» global_colors_info=»{}»][/et_pb_button][et_pb_button button_url=»https://museros.org/wp-content/uploads/2022/08/a-domiciliacio-bancaria-servei-laboral.pdf» url_new_window=»on» button_text=»Domiciliación bancaria del Serviciol Laboral» _builder_version=»4.18.0&#8243; _module_preset=»default» global_colors_info=»{}»][/et_pb_button][/et_pb_column][/et_pb_row][et_pb_row _builder_version=»4.16&#8243; _module_preset=»default» custom_margin=»0px||1px||false|false» custom_padding=»0px|||||» global_colors_info=»{}»][et_pb_column type=»4_4&#8243; _builder_version=»4.16&#8243; _module_preset=»default» global_colors_info=»{}»][et_pb_divider color=»#E02B20&#8243; divider_weight=»6px» _builder_version=»4.16&#8243; _module_preset=»default» min_height=»26px» custom_margin=»40px||0px||false|false» custom_padding=»||0px||false|false» locked=»off» global_colors_info=»{}»][/et_pb_divider][/et_pb_column][/et_pb_row][/et_pb_section]</p>

<p>Servicio laboral de infantil y primaria Curso escolar 2025-2026 El Servicio Laboral es un servicio que ofrece el Ayuntamiento de Museros para facilitar la conciliación laboral y familiar.Este servicio se ofrece tanto por la mañana antes de la entrada escolar como por las tardes a la salida para todo el alumnado del CEIP Blasco Ibáñez. [&hellip;]</p>
