{"id":241284,"date":"2021-04-05T23:03:13","date_gmt":"2021-04-05T23:03:13","guid":{"rendered":"https:\/\/museros.org\/?page_id=241284"},"modified":"2026-02-10T17:13:26","modified_gmt":"2026-02-10T15:13:26","slug":"ecoparque","status":"publish","type":"page","link":"https:\/\/museros.org\/inici\/es\/ecoparque\/","title":{"rendered":"Ecoparque"},"content":{"rendered":"<p>[et_pb_section fb_built=\u00bb1&#8243; _builder_version=\u00bb4.16&#8243; _module_preset=\u00bbdefault\u00bb custom_margin=\u00bb0px||||false|false\u00bb custom_padding=\u00bb0px||||false|false\u00bb global_colors_info=\u00bb{}\u00bb][et_pb_row column_structure=\u00bb1_4,3_4&#8243; _builder_version=\u00bb4.16&#8243; _module_preset=\u00bbdefault\u00bb custom_margin=\u00bb0px||||false|false\u00bb custom_padding=\u00bb0px||||false|false\u00bb global_colors_info=\u00bb{}\u00bb][et_pb_column type=\u00bb1_4&#8243; _builder_version=\u00bb4.16&#8243; _module_preset=\u00bbdefault\u00bb global_colors_info=\u00bb{}\u00bb][et_pb_image src=\u00bbhttps:\/\/museros.org\/wp-content\/uploads\/2021\/08\/logo-3rm-reduce.jpg\u00bb title_text=\u00bblogo-3rm-reduce\u00bb url=\u00bbhttps:\/\/museros.org\/inici\/es\/area-de-transicion-ecologica\/\u00bb use_overlay=\u00bbon\u00bb overlay_icon_color=\u00bb#E02B20&#8243; hover_overlay_color=\u00bbrgba(255,255,255,0.68)\u00bb hover_icon=\u00bb&#xe04d;||divi||400&#8243; _builder_version=\u00bb4.27.4&#8243; _module_preset=\u00bbdefault\u00bb global_colors_info=\u00bb{}\u00bb][\/et_pb_image][\/et_pb_column][et_pb_column type=\u00bb3_4&#8243; _builder_version=\u00bb4.16&#8243; _module_preset=\u00bbdefault\u00bb global_colors_info=\u00bb{}\u00bb][et_pb_text _builder_version=\u00bb4.16&#8243; _module_preset=\u00bbdefault\u00bb global_colors_info=\u00bb{}\u00bb]<\/p>\n<h2>Ecoparque &#8211; Residuos especiales<\/h2>\n<p>[\/et_pb_text][et_pb_image src=\u00bbhttps:\/\/museros.org\/wp-content\/uploads\/2025\/01\/ecoparc-mobil-2025-1080&#215;720-1.jpg\u00bb title_text=\u00bbecoparc-mobil-2025-1080&#215;720&#8243; _builder_version=\u00bb4.27.4&#8243; _module_preset=\u00bbdefault\u00bb width=\u00bb70%\u00bb global_colors_info=\u00bb{}\u00bb][\/et_pb_image][\/et_pb_column][\/et_pb_row][et_pb_row column_structure=\u00bb1_2,1_2&#8243; _builder_version=\u00bb4.16&#8243; _module_preset=\u00bbdefault\u00bb global_colors_info=\u00bb{}\u00bb][et_pb_column type=\u00bb1_2&#8243; _builder_version=\u00bb4.16&#8243; _module_preset=\u00bbdefault\u00bb global_colors_info=\u00bb{}\u00bb][et_pb_image src=\u00bbhttps:\/\/museros.org\/wp-content\/uploads\/2021\/04\/ecoparque-movil.jpg\u00bb title_text=\u00bbecoparque-movil\u00bb _builder_version=\u00bb4.16&#8243; _module_preset=\u00bbdefault\u00bb global_colors_info=\u00bb{}\u00bb][\/et_pb_image][\/et_pb_column][et_pb_column type=\u00bb1_2&#8243; _builder_version=\u00bb4.16&#8243; _module_preset=\u00bbdefault\u00bb global_colors_info=\u00bb{}\u00bb][et_pb_text _builder_version=\u00bb4.27.5&#8243; _module_preset=\u00bbdefault\u00bb hover_enabled=\u00bb0&#8243; global_colors_info=\u00bb{}\u00bb sticky_enabled=\u00bb0&#8243;]<\/p>\n<h1>Ecoparc m\u00f3vil<\/h1>\n<p>Se sit\u00faa en el Parque Blasco Ib\u00e1\u00f1ez con la calle de la Sarsola<\/p>\n<p>Pr\u00f3ximas fechas:<\/p>\n<p>Enero 2026<br \/>Jueves 22 &#8211; Ecoparc EM 5<br \/>Viernes 23 &#8211; Ecoparc EM 5<br \/>S\u00e1bado 24 &#8211; Ecoparc EM 5<\/p>\n<p>Mayo 2026<br \/>Jueves 7 &#8211; Ecoparc EM 5<br \/>Viernes 8 &#8211; Ecoparc EM 5<br \/>S\u00e1bado 9 &#8211; Ecoparc EM 5<\/p>\n<p>Junio 2026<br \/>Lunes 29 &#8211; Ecoparc EM 5<br \/>Martes 30 &#8211; Ecoparc EM 5<\/p>\n<p>Julio 2026<br \/>Mi\u00e9rcoles 1 &#8211; Ecoparc EM 5<\/p>\n<p>Agosto 2026<br \/>Jueves 20 &#8211; Ecoparc EM 5<br \/>Viernes 21 &#8211; Ecoparc EM 5<br \/>S\u00e1bado 22 &#8211; Ecoparc EM 5<\/p>\n<p>Octubre 2026<br \/>Martes 13 &#8211; Ecoparc EM 5<br \/>Mi\u00e9rcoles 14 &#8211; Ecoparc EM 5<\/p>\n<p>Diciembre 2026<br \/>Jueves 3 &#8211; Ecoparc EM 5<br \/>Viernes 4 &#8211; Ecoparc EM 5<br \/>S\u00e1bado 5 &#8211; Ecoparc EM 5<\/p>\n<p>[\/et_pb_text][\/et_pb_column][\/et_pb_row][et_pb_row _builder_version=\u00bb4.16&#8243; _module_preset=\u00bbdefault\u00bb global_colors_info=\u00bb{}\u00bb][et_pb_column type=\u00bb4_4&#8243; _builder_version=\u00bb4.16&#8243; _module_preset=\u00bbdefault\u00bb global_colors_info=\u00bb{}\u00bb][et_pb_divider color=\u00bb#999999&#8243; divider_style=\u00bbdotted\u00bb divider_weight=\u00bb7px\u00bb _builder_version=\u00bb4.16&#8243; _module_preset=\u00bbdefault\u00bb global_colors_info=\u00bb{}\u00bb][\/et_pb_divider][\/et_pb_column][\/et_pb_row][et_pb_row column_structure=\u00bb2_5,3_5&#8243; _builder_version=\u00bb4.16&#8243; _module_preset=\u00bbdefault\u00bb custom_margin=\u00bb||6px||false|false\u00bb global_colors_info=\u00bb{}\u00bb][et_pb_column type=\u00bb2_5&#8243; _builder_version=\u00bb4.16&#8243; _module_preset=\u00bbdefault\u00bb global_colors_info=\u00bb{}\u00bb][et_pb_image src=\u00bbhttps:\/\/museros.org\/wp-content\/uploads\/2021\/04\/Ecoparque-fijo.jpg\u00bb title_text=\u00bbEcoparque-fijo\u00bb _builder_version=\u00bb4.16&#8243; _module_preset=\u00bbdefault\u00bb global_colors_info=\u00bb{}\u00bb][\/et_pb_image][\/et_pb_column][et_pb_column type=\u00bb3_5&#8243; _builder_version=\u00bb4.16&#8243; _module_preset=\u00bbdefault\u00bb global_colors_info=\u00bb{}\u00bb][et_pb_text _builder_version=\u00bb4.17.1&#8243; _module_preset=\u00bbdefault\u00bb custom_padding=\u00bb5px|||||\u00bb global_colors_info=\u00bb{}\u00bb]<\/p>\n<h2 id=\"ecoparc-fijo\">Ecoparc fijo<\/h2>\n<p>Los m\u00e1s pr\u00f3ximos a Museros son el de Albalat dels Sorells y el de Massamagrell, para depositar grandes objetos.<br \/>Todos aquellos objetos que no tienen cabida en los contenedores es necesario llevarlos a los ecoparques para reciclarlos.<br \/>\u00bfSab\u00edas que por enero los objetos m\u00e1s recogidos a los ecoparques de Val\u00e8ncia fueron las pilas, radiograf\u00edas y m\u00e1quinas de caf\u00e9? En concreto se recogieron 19.000 pilas y bater\u00edas. Font: EMTRE.<br \/>S\u00famate a la #Campanya3R y descubre los residuos de cada contenedor.<\/p>\n<p><strong>Albalat dels Sorells<\/strong><br \/>Pol\u00edgono Industrial Ciutat Vella. Calle Les Moreres, 31.<br \/>Horario: de lunes a viernes, de 9.00 h a 14.00 h y de 16.00 h a 18.00 h. S\u00e1bados, de 9.00 h a 14.00 h, y domingos y festivos, cerrado.<br \/><strong>Massamagrell<\/strong><br \/>Pol\u00edgono Bobalar. Avenida Serra, 108, esquina con la calle 7.<br \/>Horario: de lunes a viernes, de 9.00 h a 14.00 h y de 16.00 h a 18.00 h. S\u00e1bados, de 9.00 h a 14.00 h, y domingos y festivos, cerrado.<br \/><strong>Albuixech<\/strong><br \/>Camino de Ortiz s\/n.<br \/>Horario: de lunes, mi\u00e9rcoles y viernes, de 15.00 h a 17.00 h.<br \/>S\u00e1bados, de 09.00 h a 13.30 h, y domingos y festivos, cerrado.<br \/><strong>Meliana<\/strong><br \/>Camino del cementerio, s\/n.<br \/>Horario: de lunes a viernes, de 9.00 h a 14.00 h y de 16.00 h a 18.00 h. S\u00e1bados, de 09.00 h a 14.00 h, y domingos y festivos, cerrado.<br \/><strong>Alm\u00e0ssera<\/strong><br \/>Camino del Mar. Partida del Barranco, s\/n.<br \/>Horario: de lunes a viernes, de 9.00 h a 14.00 h y de 16.00 h a 18.00 h. S\u00e1bados, de 09.00 h a 14.00 h, y domingos y festivos, cerrado.<br \/><strong>Alboraya<\/strong><br \/>Camino de Calvet, parcela 41.<br \/>Horario: de lunes a viernes, de 08.00 h a 21.00 h.<br \/>S\u00e1bados y domingos, de 09.00 h a 14.00 h, y festivos, cerrado.<br \/><strong>Pu\u00e7ol<\/strong><br \/>Avenida del Progreso (esquina Tejedores). Poligono Industrial Campo Anibal.<br \/>Horario: de lunes a viernes, de 9.00 h a 14.00 h y de 16.00 h a 18.00 h. S\u00e1bados, de 09.00 h a 14.00 h, y domingos y festivos, cerrado.<\/p>\n<p>[\/et_pb_text][\/et_pb_column][\/et_pb_row][et_pb_row _builder_version=\u00bb4.16&#8243; _module_preset=\u00bbdefault\u00bb global_colors_info=\u00bb{}\u00bb][et_pb_column type=\u00bb4_4&#8243; _builder_version=\u00bb4.16&#8243; _module_preset=\u00bbdefault\u00bb global_colors_info=\u00bb{}\u00bb][et_pb_divider color=\u00bb#999999&#8243; divider_style=\u00bbdotted\u00bb divider_weight=\u00bb7px\u00bb _builder_version=\u00bb4.16&#8243; _module_preset=\u00bbdefault\u00bb global_colors_info=\u00bb{}\u00bb][\/et_pb_divider][\/et_pb_column][\/et_pb_row][et_pb_row column_structure=\u00bb1_4,3_4&#8243; _builder_version=\u00bb4.16&#8243; _module_preset=\u00bbdefault\u00bb global_colors_info=\u00bb{}\u00bb][et_pb_column type=\u00bb1_4&#8243; _builder_version=\u00bb4.16&#8243; _module_preset=\u00bbdefault\u00bb global_colors_info=\u00bb{}\u00bb][et_pb_image src=\u00bbhttps:\/\/museros.org\/wp-content\/uploads\/2021\/04\/logoemtre-500&#215;500-1.jpg\u00bb title_text=\u00bblogoemtre-500&#215;500&#8243; _builder_version=\u00bb4.16&#8243; _module_preset=\u00bbdefault\u00bb global_colors_info=\u00bb{}\u00bb][\/et_pb_image][\/et_pb_column][et_pb_column type=\u00bb3_4&#8243; _builder_version=\u00bb4.16&#8243; _module_preset=\u00bbdefault\u00bb global_colors_info=\u00bb{}\u00bb][et_pb_text _builder_version=\u00bb4.16&#8243; _module_preset=\u00bbdefault\u00bb global_colors_info=\u00bb{}\u00bb]<\/p>\n<p>Conforme establece el EMTRE, en el art. 7 de la Ordenanza reguladora de las normas de uso y gesti\u00f3n de los ecoparques integrantes de la red de ecoparques del \u00e1rea metropolitana:<br \/>\u00abLos usuarios residentes en el \u00e1rea metropolitana de Valencia podr\u00e1n depositar sus residuos, siempre y cuando est\u00e9n incluidos en el listado de residuos admisibles, en cualquiera de los ecoparques integrantes de la Red de Ecoparques de Gesti\u00f3n Metropolitana, cuya gesti\u00f3n es competencia del EMTRE\u00bb.<\/p>\n<p>Todos aquellos objetos que no tienen cabida en los contenedores es necesario llevarlos a los ecoparques para reciclarlos.<br \/>S\u00famate a la #Campanya3R y descubre los residuos de cada contenedor.<\/p>\n<p>&nbsp;<\/p>\n<p>Descarga en PDF de la declaraci\u00f3n responsable para los ecoparques fijos duranre el estado de alarma.<\/p>\n<p>[\/et_pb_text][et_pb_button button_url=\u00bbhttps:\/\/museros.org\/wp-content\/uploads\/2021\/04\/Declaracion-Responsable-necesidad-acceso-a-Ecoparques-Gestion-Metropolit.._.pdf\u00bb url_new_window=\u00bbon\u00bb button_text=\u00bbDECLARACI\u00d3N RESPONSABLE\u00bb _builder_version=\u00bb4.16&#8243; _module_preset=\u00bbdefault\u00bb custom_margin=\u00bb0px||||false|false\u00bb global_colors_info=\u00bb{}\u00bb][\/et_pb_button][\/et_pb_column][\/et_pb_row][et_pb_row _builder_version=\u00bb4.16&#8243; _module_preset=\u00bbdefault\u00bb global_colors_info=\u00bb{}\u00bb][et_pb_column type=\u00bb4_4&#8243; _builder_version=\u00bb4.16&#8243; _module_preset=\u00bbdefault\u00bb global_colors_info=\u00bb{}\u00bb][et_pb_divider color=\u00bb#E02B20&#8243; divider_weight=\u00bb4px\u00bb _builder_version=\u00bb4.16&#8243; _module_preset=\u00bbdefault\u00bb global_colors_info=\u00bb{}\u00bb][\/et_pb_divider][\/et_pb_column][\/et_pb_row][\/et_pb_section]<\/p>\n","protected":false},"excerpt":{"rendered":"<p>Ecoparque &#8211; Residuos especialesEcoparc m\u00f3vil Se sit\u00faa en el Parque Blasco Ib\u00e1\u00f1ez con la calle de la Sarsola Pr\u00f3ximas fechas: Enero 2026Jueves 22 &#8211; Ecoparc EM 5Viernes 23 &#8211; Ecoparc EM 5S\u00e1bado 24 &#8211; Ecoparc EM 5 Mayo 2026Jueves 7 &#8211; Ecoparc EM 5Viernes 8 &#8211; Ecoparc EM 5S\u00e1bado 9 &#8211; Ecoparc EM 5 Junio [&hellip;]<\/p>\n","protected":false},"author":8,"featured_media":0,"parent":0,"menu_order":0,"comment_status":"closed","ping_status":"closed","template":"","meta":{"_et_pb_use_builder":"on","_et_pb_old_content":"","_et_gb_content_width":"","_mc_calendar":[],"footnotes":""},"wf_page_folders":[384],"class_list":["post-241284","page","type-page","status-publish","hentry"],"_links":{"self":[{"href":"https:\/\/museros.org\/inici\/wp-json\/wp\/v2\/pages\/241284","targetHints":{"allow":["GET"]}}],"collection":[{"href":"https:\/\/museros.org\/inici\/wp-json\/wp\/v2\/pages"}],"about":[{"href":"https:\/\/museros.org\/inici\/wp-json\/wp\/v2\/types\/page"}],"author":[{"embeddable":true,"href":"https:\/\/museros.org\/inici\/wp-json\/wp\/v2\/users\/8"}],"replies":[{"embeddable":true,"href":"https:\/\/museros.org\/inici\/wp-json\/wp\/v2\/comments?post=241284"}],"version-history":[{"count":27,"href":"https:\/\/museros.org\/inici\/wp-json\/wp\/v2\/pages\/241284\/revisions"}],"predecessor-version":[{"id":278623,"href":"https:\/\/museros.org\/inici\/wp-json\/wp\/v2\/pages\/241284\/revisions\/278623"}],"wp:attachment":[{"href":"https:\/\/museros.org\/inici\/wp-json\/wp\/v2\/media?parent=241284"}],"wp:term":[{"taxonomy":"wf_page_folders","embeddable":true,"href":"https:\/\/museros.org\/inici\/wp-json\/wp\/v2\/wf_page_folders?post=241284"}],"curies":[{"name":"wp","href":"https:\/\/api.w.org\/{rel}","templated":true}]}}

<p>[et_pb_section fb_built=»1&#8243; _builder_version=»4.16&#8243; _module_preset=»default» custom_margin=»0px||||false|false» custom_padding=»0px||||false|false» global_colors_info=»{}»][et_pb_row column_structure=»1_4,3_4&#8243; _builder_version=»4.16&#8243; _module_preset=»default» custom_margin=»0px||||false|false» custom_padding=»0px||||false|false» global_colors_info=»{}»][et_pb_column type=»1_4&#8243; _builder_version=»4.16&#8243; _module_preset=»default» global_colors_info=»{}»][et_pb_image src=»https://museros.org/wp-content/uploads/2021/08/logo-3rm-reduce.jpg» title_text=»logo-3rm-reduce» url=»https://museros.org/inici/es/area-de-transicion-ecologica/» use_overlay=»on» overlay_icon_color=»#E02B20&#8243; hover_overlay_color=»rgba(255,255,255,0.68)» hover_icon=»&#xe04d;||divi||400&#8243; _builder_version=»4.27.4&#8243; _module_preset=»default» global_colors_info=»{}»][/et_pb_image][/et_pb_column][et_pb_column type=»3_4&#8243; _builder_version=»4.16&#8243; _module_preset=»default» global_colors_info=»{}»][et_pb_text _builder_version=»4.16&#8243; _module_preset=»default» global_colors_info=»{}»]</p>
<h2>Ecoparque &#8211; Residuos especiales</h2>
<p>[/et_pb_text][et_pb_image src=»https://museros.org/wp-content/uploads/2025/01/ecoparc-mobil-2025-1080&#215;720-1.jpg» title_text=»ecoparc-mobil-2025-1080&#215;720&#8243; _builder_version=»4.27.4&#8243; _module_preset=»default» width=»70%» global_colors_info=»{}»][/et_pb_image][/et_pb_column][/et_pb_row][et_pb_row column_structure=»1_2,1_2&#8243; _builder_version=»4.16&#8243; _module_preset=»default» global_colors_info=»{}»][et_pb_column type=»1_2&#8243; _builder_version=»4.16&#8243; _module_preset=»default» global_colors_info=»{}»][et_pb_image src=»https://museros.org/wp-content/uploads/2021/04/ecoparque-movil.jpg» title_text=»ecoparque-movil» _builder_version=»4.16&#8243; _module_preset=»default» global_colors_info=»{}»][/et_pb_image][/et_pb_column][et_pb_column type=»1_2&#8243; _builder_version=»4.16&#8243; _module_preset=»default» global_colors_info=»{}»][et_pb_text _builder_version=»4.27.5&#8243; _module_preset=»default» hover_enabled=»0&#8243; global_colors_info=»{}» sticky_enabled=»0&#8243;]</p>
<h1>Ecoparc móvil</h1>
<p>Se sitúa en el Parque Blasco Ibáñez con la calle de la Sarsola</p>
<p>Próximas fechas:</p>
<p>Enero 2026<br />Jueves 22 &#8211; Ecoparc EM 5<br />Viernes 23 &#8211; Ecoparc EM 5<br />Sábado 24 &#8211; Ecoparc EM 5</p>
<p>Mayo 2026<br />Jueves 7 &#8211; Ecoparc EM 5<br />Viernes 8 &#8211; Ecoparc EM 5<br />Sábado 9 &#8211; Ecoparc EM 5</p>
<p>Junio 2026<br />Lunes 29 &#8211; Ecoparc EM 5<br />Martes 30 &#8211; Ecoparc EM 5</p>
<p>Julio 2026<br />Miércoles 1 &#8211; Ecoparc EM 5</p>
<p>Agosto 2026<br />Jueves 20 &#8211; Ecoparc EM 5<br />Viernes 21 &#8211; Ecoparc EM 5<br />Sábado 22 &#8211; Ecoparc EM 5</p>
<p>Octubre 2026<br />Martes 13 &#8211; Ecoparc EM 5<br />Miércoles 14 &#8211; Ecoparc EM 5</p>
<p>Diciembre 2026<br />Jueves 3 &#8211; Ecoparc EM 5<br />Viernes 4 &#8211; Ecoparc EM 5<br />Sábado 5 &#8211; Ecoparc EM 5</p>
<p>[/et_pb_text][/et_pb_column][/et_pb_row][et_pb_row _builder_version=»4.16&#8243; _module_preset=»default» global_colors_info=»{}»][et_pb_column type=»4_4&#8243; _builder_version=»4.16&#8243; _module_preset=»default» global_colors_info=»{}»][et_pb_divider color=»#999999&#8243; divider_style=»dotted» divider_weight=»7px» _builder_version=»4.16&#8243; _module_preset=»default» global_colors_info=»{}»][/et_pb_divider][/et_pb_column][/et_pb_row][et_pb_row column_structure=»2_5,3_5&#8243; _builder_version=»4.16&#8243; _module_preset=»default» custom_margin=»||6px||false|false» global_colors_info=»{}»][et_pb_column type=»2_5&#8243; _builder_version=»4.16&#8243; _module_preset=»default» global_colors_info=»{}»][et_pb_image src=»https://museros.org/wp-content/uploads/2021/04/Ecoparque-fijo.jpg» title_text=»Ecoparque-fijo» _builder_version=»4.16&#8243; _module_preset=»default» global_colors_info=»{}»][/et_pb_image][/et_pb_column][et_pb_column type=»3_5&#8243; _builder_version=»4.16&#8243; _module_preset=»default» global_colors_info=»{}»][et_pb_text _builder_version=»4.17.1&#8243; _module_preset=»default» custom_padding=»5px|||||» global_colors_info=»{}»]</p>
<h2 id="ecoparc-fijo">Ecoparc fijo</h2>
<p>Los más próximos a Museros son el de Albalat dels Sorells y el de Massamagrell, para depositar grandes objetos.<br />Todos aquellos objetos que no tienen cabida en los contenedores es necesario llevarlos a los ecoparques para reciclarlos.<br />¿Sabías que por enero los objetos más recogidos a los ecoparques de València fueron las pilas, radiografías y máquinas de café? En concreto se recogieron 19.000 pilas y baterías. Font: EMTRE.<br />Súmate a la #Campanya3R y descubre los residuos de cada contenedor.</p>
<p><strong>Albalat dels Sorells</strong><br />Polígono Industrial Ciutat Vella. Calle Les Moreres, 31.<br />Horario: de lunes a viernes, de 9.00 h a 14.00 h y de 16.00 h a 18.00 h. Sábados, de 9.00 h a 14.00 h, y domingos y festivos, cerrado.<br /><strong>Massamagrell</strong><br />Polígono Bobalar. Avenida Serra, 108, esquina con la calle 7.<br />Horario: de lunes a viernes, de 9.00 h a 14.00 h y de 16.00 h a 18.00 h. Sábados, de 9.00 h a 14.00 h, y domingos y festivos, cerrado.<br /><strong>Albuixech</strong><br />Camino de Ortiz s/n.<br />Horario: de lunes, miércoles y viernes, de 15.00 h a 17.00 h.<br />Sábados, de 09.00 h a 13.30 h, y domingos y festivos, cerrado.<br /><strong>Meliana</strong><br />Camino del cementerio, s/n.<br />Horario: de lunes a viernes, de 9.00 h a 14.00 h y de 16.00 h a 18.00 h. Sábados, de 09.00 h a 14.00 h, y domingos y festivos, cerrado.<br /><strong>Almàssera</strong><br />Camino del Mar. Partida del Barranco, s/n.<br />Horario: de lunes a viernes, de 9.00 h a 14.00 h y de 16.00 h a 18.00 h. Sábados, de 09.00 h a 14.00 h, y domingos y festivos, cerrado.<br /><strong>Alboraya</strong><br />Camino de Calvet, parcela 41.<br />Horario: de lunes a viernes, de 08.00 h a 21.00 h.<br />Sábados y domingos, de 09.00 h a 14.00 h, y festivos, cerrado.<br /><strong>Puçol</strong><br />Avenida del Progreso (esquina Tejedores). Poligono Industrial Campo Anibal.<br />Horario: de lunes a viernes, de 9.00 h a 14.00 h y de 16.00 h a 18.00 h. Sábados, de 09.00 h a 14.00 h, y domingos y festivos, cerrado.</p>
<p>[/et_pb_text][/et_pb_column][/et_pb_row][et_pb_row _builder_version=»4.16&#8243; _module_preset=»default» global_colors_info=»{}»][et_pb_column type=»4_4&#8243; _builder_version=»4.16&#8243; _module_preset=»default» global_colors_info=»{}»][et_pb_divider color=»#999999&#8243; divider_style=»dotted» divider_weight=»7px» _builder_version=»4.16&#8243; _module_preset=»default» global_colors_info=»{}»][/et_pb_divider][/et_pb_column][/et_pb_row][et_pb_row column_structure=»1_4,3_4&#8243; _builder_version=»4.16&#8243; _module_preset=»default» global_colors_info=»{}»][et_pb_column type=»1_4&#8243; _builder_version=»4.16&#8243; _module_preset=»default» global_colors_info=»{}»][et_pb_image src=»https://museros.org/wp-content/uploads/2021/04/logoemtre-500&#215;500-1.jpg» title_text=»logoemtre-500&#215;500&#8243; _builder_version=»4.16&#8243; _module_preset=»default» global_colors_info=»{}»][/et_pb_image][/et_pb_column][et_pb_column type=»3_4&#8243; _builder_version=»4.16&#8243; _module_preset=»default» global_colors_info=»{}»][et_pb_text _builder_version=»4.16&#8243; _module_preset=»default» global_colors_info=»{}»]</p>
<p>Conforme establece el EMTRE, en el art. 7 de la Ordenanza reguladora de las normas de uso y gestión de los ecoparques integrantes de la red de ecoparques del área metropolitana:<br />«Los usuarios residentes en el área metropolitana de Valencia podrán depositar sus residuos, siempre y cuando estén incluidos en el listado de residuos admisibles, en cualquiera de los ecoparques integrantes de la Red de Ecoparques de Gestión Metropolitana, cuya gestión es competencia del EMTRE».</p>
<p>Todos aquellos objetos que no tienen cabida en los contenedores es necesario llevarlos a los ecoparques para reciclarlos.<br />Súmate a la #Campanya3R y descubre los residuos de cada contenedor.</p>
<p>&nbsp;</p>
<p>Descarga en PDF de la declaración responsable para los ecoparques fijos duranre el estado de alarma.</p>
<p>[/et_pb_text][et_pb_button button_url=»https://museros.org/wp-content/uploads/2021/04/Declaracion-Responsable-necesidad-acceso-a-Ecoparques-Gestion-Metropolit.._.pdf» url_new_window=»on» button_text=»DECLARACIÓN RESPONSABLE» _builder_version=»4.16&#8243; _module_preset=»default» custom_margin=»0px||||false|false» global_colors_info=»{}»][/et_pb_button][/et_pb_column][/et_pb_row][et_pb_row _builder_version=»4.16&#8243; _module_preset=»default» global_colors_info=»{}»][et_pb_column type=»4_4&#8243; _builder_version=»4.16&#8243; _module_preset=»default» global_colors_info=»{}»][et_pb_divider color=»#E02B20&#8243; divider_weight=»4px» _builder_version=»4.16&#8243; _module_preset=»default» global_colors_info=»{}»][/et_pb_divider][/et_pb_column][/et_pb_row][/et_pb_section]</p>

<p>Ecoparque &#8211; Residuos especialesEcoparc móvil Se sitúa en el Parque Blasco Ibáñez con la calle de la Sarsola Próximas fechas: Enero 2026Jueves 22 &#8211; Ecoparc EM 5Viernes 23 &#8211; Ecoparc EM 5Sábado 24 &#8211; Ecoparc EM 5 Mayo 2026Jueves 7 &#8211; Ecoparc EM 5Viernes 8 &#8211; Ecoparc EM 5Sábado 9 &#8211; Ecoparc EM 5 Junio [&hellip;]</p>
