{"id":239121,"date":"2020-05-27T13:31:23","date_gmt":"2020-05-27T13:31:23","guid":{"rendered":"https:\/\/www.museros.site\/pagina\/?page_id=97"},"modified":"2023-07-04T15:29:22","modified_gmt":"2023-07-04T15:29:22","slug":"equipo-de-gobierno","status":"publish","type":"page","link":"https:\/\/museros.org\/inici\/es\/equipo-de-gobierno\/","title":{"rendered":"Equipo de Gobierno"},"content":{"rendered":"<p>[et_pb_section fb_built=\u00bb1&#8243; _builder_version=\u00bb4.16&#8243; custom_margin=\u00bb0px||0px||false|false\u00bb custom_padding=\u00bb0px||0px||false|false\u00bb locked=\u00bboff\u00bb global_colors_info=\u00bb{}\u00bb][et_pb_row column_structure=\u00bb1_4,3_4&#8243; _builder_version=\u00bb4.16&#8243; _module_preset=\u00bbdefault\u00bb global_colors_info=\u00bb{}\u00bb][et_pb_column type=\u00bb1_4&#8243; _builder_version=\u00bb4.16&#8243; _module_preset=\u00bbdefault\u00bb global_colors_info=\u00bb{}\u00bb][\/et_pb_column][et_pb_column type=\u00bb3_4&#8243; _builder_version=\u00bb4.16&#8243; _module_preset=\u00bbdefault\u00bb global_colors_info=\u00bb{}\u00bb][et_pb_text admin_label=\u00bbEquip de Govern\u00bb _builder_version=\u00bb4.21.0&#8243; _module_preset=\u00bbdefault\u00bb global_colors_info=\u00bb{}\u00bb]<\/p>\n<h2>Equipo de Gobierno<\/h2>\n<p>[\/et_pb_text][\/et_pb_column][\/et_pb_row][et_pb_row column_structure=\u00bb1_4,3_4&#8243; use_custom_gutter=\u00bbon\u00bb _builder_version=\u00bb4.16&#8243; min_height=\u00bb340px\u00bb custom_margin=\u00bb0px||0px||false|false\u00bb custom_padding=\u00bb0px||0px||false|false\u00bb global_colors_info=\u00bb{}\u00bb][et_pb_column type=\u00bb1_4&#8243; _builder_version=\u00bb4.16&#8243; global_colors_info=\u00bb{}\u00bb][et_pb_image src=\u00bbhttps:\/\/museros.org\/wp-content\/uploads\/2021\/06\/elescudo-230&#215;180-1.jpg\u00bb title_text=\u00bbelescudo-230&#215;180&#8243; align=\u00bbcenter\u00bb src_tablet=\u00bb\u00bb src_phone=\u00bb\u00bb src_last_edited=\u00bbon|desktop\u00bb _builder_version=\u00bb4.16&#8243; _module_preset=\u00bbdefault\u00bb width=\u00bb100%\u00bb custom_margin=\u00bb||||false|false\u00bb custom_padding=\u00bb0px|0px|0px||false|false\u00bb locked=\u00bboff\u00bb global_colors_info=\u00bb{}\u00bb][\/et_pb_image][\/et_pb_column][et_pb_column type=\u00bb3_4&#8243; _builder_version=\u00bb4.16&#8243; global_colors_info=\u00bb{}\u00bb][et_pb_image src=\u00bbhttps:\/\/museros.org\/wp-content\/uploads\/2023\/06\/gobierno-2023.jpg\u00bb title_text=\u00bbgobierno-2023&#8243; src_tablet=\u00bbhttps:\/\/museros.org\/wp-content\/uploads\/2023\/06\/gobierno-2023.jpg\u00bb src_phone=\u00bbhttps:\/\/museros.org\/wp-content\/uploads\/2023\/06\/gobierno-2023.jpg\u00bb src_last_edited=\u00bbon|phone\u00bb _builder_version=\u00bb4.21.0&#8243; _module_preset=\u00bbdefault\u00bb custom_margin=\u00bb||||false|false\u00bb custom_margin_tablet=\u00bb-50px||||false|false\u00bb custom_margin_phone=\u00bb-50px||||false|false\u00bb custom_margin_last_edited=\u00bbon|phone\u00bb custom_padding=\u00bb0px||||false|false\u00bb global_colors_info=\u00bb{}\u00bb][\/et_pb_image][\/et_pb_column][\/et_pb_row][et_pb_row column_structure=\u00bb1_3,1_3,1_3&#8243; use_custom_gutter=\u00bbon\u00bb _builder_version=\u00bb4.16&#8243; min_height=\u00bb340px\u00bb custom_margin=\u00bb|auto||auto|false|false\u00bb custom_margin_tablet=\u00bb|auto||auto|false|false\u00bb custom_margin_phone=\u00bb-170px||||false|false\u00bb custom_margin_last_edited=\u00bbon|phone\u00bb custom_padding=\u00bb||||false|false\u00bb global_colors_info=\u00bb{}\u00bb][et_pb_column type=\u00bb1_3&#8243; _builder_version=\u00bb4.16&#8243; global_colors_info=\u00bb{}\u00bb][et_pb_cta title=\u00bbCristina Civera Balaguer\u00bb title_tablet=\u00bbCristina Civera Balaguer\u00bb title_phone=\u00bbCristina Civera Balaguer\u00bb title_last_edited=\u00bbon|desktop\u00bb admin_label=\u00bbCristina\u00bb _builder_version=\u00bb4.21.0&#8243; _module_preset=\u00bbdefault\u00bb header_font=\u00bb|600|||||||\u00bb header_text_color=\u00bb#000000&#8243; header_font_size=\u00bb14px\u00bb body_text_color=\u00bb#333333&#8243; body_font_size=\u00bb13px\u00bb body_line_height=\u00bb1.4em\u00bb background_color=\u00bb#ffdab5&#8243; custom_margin=\u00bb||||false|false\u00bb global_colors_info=\u00bb{}\u00bb]<\/p>\n<p>Alcaldesa, Concejala de Hacienda, Seguridad Ciudadana, Agricultura, Personal y Fiestas<\/p>\n<p><a href=\"mailto:alcaldia@museros.es\" target=\"_blank\" rel=\"noopener\">alcaldia@museros.es<\/a><\/p>\n<p>[\/et_pb_cta][et_pb_cta title=\u00bbJuan Jos\u00e9 Carri\u00f3n Rubio\u00bb title_tablet=\u00bbJuan Jos\u00e9 Carri\u00f3n Rubio\u00bb title_phone=\u00bbJuan Jos\u00e9 Carri\u00f3n Rubio\u00bb title_last_edited=\u00bbon|desktop\u00bb admin_label=\u00bbJuanjo\u00bb _builder_version=\u00bb4.21.0&#8243; _module_preset=\u00bbdefault\u00bb header_font=\u00bb|600|||||||\u00bb header_text_color=\u00bb#000000&#8243; header_font_size=\u00bb14px\u00bb body_text_color=\u00bb#333333&#8243; body_font_size=\u00bb13px\u00bb body_line_height=\u00bb1.4em\u00bb background_color=\u00bb#ffdab5&#8243; custom_margin=\u00bb||||false|false\u00bb global_colors_info=\u00bb{}\u00bb]<\/p>\n<p>Concejal de Comercio, Salud y Mayores<\/p>\n<p><a href=\"mailto:juanjosecarrion@museros.es\" target=\"_blank\" rel=\"noopener\">juanjosecarrion@museros.es<\/a><\/p>\n<p>[\/et_pb_cta][\/et_pb_column][et_pb_column type=\u00bb1_3&#8243; _builder_version=\u00bb4.16&#8243; global_colors_info=\u00bb{}\u00bb][et_pb_cta title=\u00bbVicente P\u00e9rez Costa\u00bb title_tablet=\u00bbVicente P\u00e9rez Costa\u00bb title_phone=\u00bbVicente P\u00e9rez Costa\u00bb title_last_edited=\u00bbon|desktop\u00bb admin_label=\u00bbVicente\u00bb _builder_version=\u00bb4.21.0&#8243; _module_preset=\u00bbdefault\u00bb header_font=\u00bb|600|||||||\u00bb header_text_color=\u00bb#000000&#8243; header_font_size=\u00bb14px\u00bb body_text_color=\u00bb#333333&#8243; body_font_size=\u00bb13px\u00bb body_line_height=\u00bb1.4em\u00bb background_color=\u00bb#ffdab5&#8243; custom_margin=\u00bb||||false|false\u00bb global_colors_info=\u00bb{}\u00bb]<\/p>\n<p>Concejal de Urbanismo, Infraestructuras, Bienestar Social, Industria, Turismo e ITC<\/p>\n<p><a href=\"mailto:viperco@museros.es\" target=\"_blank\" rel=\"noopener\">viperco@museros.es<\/a><\/p>\n<p>[\/et_pb_cta][et_pb_cta title=\u00bbLaura Brisa Alfonso\u00bb title_tablet=\u00bbLaura Brisa Alfonso\u00bb title_phone=\u00bbLaura Brisa Alfonso\u00bb title_last_edited=\u00bbon|phone\u00bb admin_label=\u00bbSonia\u00bb _builder_version=\u00bb4.21.0&#8243; _module_preset=\u00bbdefault\u00bb header_font=\u00bb|600|||||||\u00bb header_text_color=\u00bb#000000&#8243; header_font_size=\u00bb14px\u00bb body_text_color=\u00bb#333333&#8243; body_font_size=\u00bb13px\u00bb body_line_height=\u00bb1.4em\u00bb background_color=\u00bb#ffdab5&#8243; custom_margin=\u00bb||||false|false\u00bb global_colors_info=\u00bb{}\u00bb]<\/p>\n<p>Concejala de Cultura, Promoci\u00f3n Ling\u00fc\u00edstica y Ocupaci\u00f3n<\/p>\n<p><a href=\"mailto:laura.brisa@museros.es\" target=\"_blank\" rel=\"noopener\">laura.brisa@museros.es<\/a><\/p>\n<p>[\/et_pb_cta][et_pb_cta title=\u00bbBeatriz S\u00e1nchez Botello\u00bb title_tablet=\u00bbBeatriz S\u00e1nchez Botello\u00bb title_phone=\u00bbBeatriz S\u00e1nchez Botello\u00bb title_last_edited=\u00bbon|desktop\u00bb admin_label=\u00bbBeatriz\u00bb _builder_version=\u00bb4.21.0&#8243; _module_preset=\u00bbdefault\u00bb header_font=\u00bb|600|||||||\u00bb header_text_color=\u00bb#000000&#8243; header_font_size=\u00bb14px\u00bb body_text_color=\u00bb#333333&#8243; body_font_size=\u00bb13px\u00bb body_line_height=\u00bb1.4em\u00bb background_color=\u00bb#ffdab5&#8243; custom_margin=\u00bb||||false|false\u00bb global_colors_info=\u00bb{}\u00bb]<\/p>\n<p>Concejala de Transici\u00f3n Ecol\u00f3gica y Consumo responsable<\/p>\n<p><a href=\"mailto:juanjosecarrion@museros.es\" target=\"_blank\" rel=\"noopener\">besanbo@museros.es<\/a><\/p>\n<p>[\/et_pb_cta][\/et_pb_column][et_pb_column type=\u00bb1_3&#8243; _builder_version=\u00bb4.16&#8243; global_colors_info=\u00bb{}\u00bb][et_pb_cta title=\u00bbIrene Guedes Fernandez\u00bb title_tablet=\u00bbIrene Guedes Fernandez\u00bb title_phone=\u00bbIrene Guedes Fernandez\u00bb title_last_edited=\u00bbon|phone\u00bb admin_label=\u00bbN\u00e9mesis\u00bb _builder_version=\u00bb4.21.0&#8243; _module_preset=\u00bbdefault\u00bb header_font=\u00bb|600|||||||\u00bb header_text_color=\u00bb#000000&#8243; header_font_size=\u00bb14px\u00bb body_text_color=\u00bb#333333&#8243; body_font_size=\u00bb13px\u00bb body_line_height=\u00bb1.4em\u00bb background_color=\u00bb#ffdab5&#8243; width=\u00bb100%\u00bb module_alignment=\u00bbcenter\u00bb custom_margin=\u00bb||||false|false\u00bb global_colors_info=\u00bb{}\u00bb]<\/p>\n<p>Concejala de Pol\u00edticas de Igualdad de G\u00e9nero, Pol\u00edticas Inclusivas, Juventud<br \/>e Infancia<\/p>\n<p><a href=\"mailto:iguedesf@museros.es\" target=\"_blank\" rel=\"noopener\">iguedesf@museros.es<\/a><\/p>\n<p>[\/et_pb_cta][et_pb_cta title=\u00bbAgust\u00edn Muedra Jornet\u00bb title_tablet=\u00bbAgust\u00edn Muedra Jornet\u00bb title_phone=\u00bbAgust\u00edn Muedra Jornet\u00bb title_last_edited=\u00bbon|desktop\u00bb admin_label=\u00bbAgust\u00edn\u00bb _builder_version=\u00bb4.21.0&#8243; _module_preset=\u00bbdefault\u00bb header_font=\u00bb|600|||||||\u00bb header_text_color=\u00bb#000000&#8243; header_font_size=\u00bb14px\u00bb body_text_color=\u00bb#333333&#8243; body_font_size=\u00bb13px\u00bb body_line_height=\u00bb1.4em\u00bb background_color=\u00bb#ffdab5&#8243; custom_margin=\u00bb||||false|false\u00bb global_colors_info=\u00bb{}\u00bb]<\/p>\n<p>Concejal de Educaci\u00f3n y Deportes<\/p>\n<p><a href=\"mailto:amuedra@museros.es\" target=\"_blank\" rel=\"noopener\">amuedra@museros.es<\/a><\/p>\n<p>[\/et_pb_cta][\/et_pb_column][\/et_pb_row][et_pb_row _builder_version=\u00bb4.16&#8243; _module_preset=\u00bbdefault\u00bb custom_margin=\u00bb45px||||false|false\u00bb global_colors_info=\u00bb{}\u00bb][et_pb_column type=\u00bb4_4&#8243; _builder_version=\u00bb4.16&#8243; _module_preset=\u00bbdefault\u00bb global_colors_info=\u00bb{}\u00bb][et_pb_divider color=\u00bb#cc0000&#8243; divider_weight=\u00bb4px\u00bb _builder_version=\u00bb4.16&#8243; _module_preset=\u00bbdefault\u00bb global_colors_info=\u00bb{}\u00bb][\/et_pb_divider][\/et_pb_column][\/et_pb_row][\/et_pb_section]<\/p>\n","protected":false},"excerpt":{"rendered":"<p>Equipo de GobiernoAlcaldesa, Concejala de Hacienda, Seguridad Ciudadana, Agricultura, Personal y Fiestas alcaldia@museros.esConcejal de Comercio, Salud y Mayores juanjosecarrion@museros.esConcejal de Urbanismo, Infraestructuras, Bienestar Social, Industria, Turismo e ITC viperco@museros.esConcejala de Cultura, Promoci\u00f3n Ling\u00fc\u00edstica y Ocupaci\u00f3n laura.brisa@museros.esConcejala de Transici\u00f3n Ecol\u00f3gica y Consumo responsable besanbo@museros.esConcejala de Pol\u00edticas de Igualdad de G\u00e9nero, Pol\u00edticas Inclusivas, Juventude Infancia iguedesf@museros.esConcejal de [&hellip;]<\/p>\n","protected":false},"author":8,"featured_media":0,"parent":0,"menu_order":0,"comment_status":"closed","ping_status":"closed","template":"","meta":{"_et_pb_use_builder":"on","_et_pb_old_content":"","_et_gb_content_width":"","_mc_calendar":[],"footnotes":""},"wf_page_folders":[273],"class_list":["post-239121","page","type-page","status-publish","hentry"],"_links":{"self":[{"href":"https:\/\/museros.org\/inici\/wp-json\/wp\/v2\/pages\/239121","targetHints":{"allow":["GET"]}}],"collection":[{"href":"https:\/\/museros.org\/inici\/wp-json\/wp\/v2\/pages"}],"about":[{"href":"https:\/\/museros.org\/inici\/wp-json\/wp\/v2\/types\/page"}],"author":[{"embeddable":true,"href":"https:\/\/museros.org\/inici\/wp-json\/wp\/v2\/users\/8"}],"replies":[{"embeddable":true,"href":"https:\/\/museros.org\/inici\/wp-json\/wp\/v2\/comments?post=239121"}],"version-history":[{"count":24,"href":"https:\/\/museros.org\/inici\/wp-json\/wp\/v2\/pages\/239121\/revisions"}],"predecessor-version":[{"id":265081,"href":"https:\/\/museros.org\/inici\/wp-json\/wp\/v2\/pages\/239121\/revisions\/265081"}],"wp:attachment":[{"href":"https:\/\/museros.org\/inici\/wp-json\/wp\/v2\/media?parent=239121"}],"wp:term":[{"taxonomy":"wf_page_folders","embeddable":true,"href":"https:\/\/museros.org\/inici\/wp-json\/wp\/v2\/wf_page_folders?post=239121"}],"curies":[{"name":"wp","href":"https:\/\/api.w.org\/{rel}","templated":true}]}}

<p>[et_pb_section fb_built=»1&#8243; _builder_version=»4.16&#8243; custom_margin=»0px||0px||false|false» custom_padding=»0px||0px||false|false» locked=»off» global_colors_info=»{}»][et_pb_row column_structure=»1_4,3_4&#8243; _builder_version=»4.16&#8243; _module_preset=»default» global_colors_info=»{}»][et_pb_column type=»1_4&#8243; _builder_version=»4.16&#8243; _module_preset=»default» global_colors_info=»{}»][/et_pb_column][et_pb_column type=»3_4&#8243; _builder_version=»4.16&#8243; _module_preset=»default» global_colors_info=»{}»][et_pb_text admin_label=»Equip de Govern» _builder_version=»4.21.0&#8243; _module_preset=»default» global_colors_info=»{}»]</p>
<h2>Equipo de Gobierno</h2>
<p>[/et_pb_text][/et_pb_column][/et_pb_row][et_pb_row column_structure=»1_4,3_4&#8243; use_custom_gutter=»on» _builder_version=»4.16&#8243; min_height=»340px» custom_margin=»0px||0px||false|false» custom_padding=»0px||0px||false|false» global_colors_info=»{}»][et_pb_column type=»1_4&#8243; _builder_version=»4.16&#8243; global_colors_info=»{}»][et_pb_image src=»https://museros.org/wp-content/uploads/2021/06/elescudo-230&#215;180-1.jpg» title_text=»elescudo-230&#215;180&#8243; align=»center» src_tablet=»» src_phone=»» src_last_edited=»on|desktop» _builder_version=»4.16&#8243; _module_preset=»default» width=»100%» custom_margin=»||||false|false» custom_padding=»0px|0px|0px||false|false» locked=»off» global_colors_info=»{}»][/et_pb_image][/et_pb_column][et_pb_column type=»3_4&#8243; _builder_version=»4.16&#8243; global_colors_info=»{}»][et_pb_image src=»https://museros.org/wp-content/uploads/2023/06/gobierno-2023.jpg» title_text=»gobierno-2023&#8243; src_tablet=»https://museros.org/wp-content/uploads/2023/06/gobierno-2023.jpg» src_phone=»https://museros.org/wp-content/uploads/2023/06/gobierno-2023.jpg» src_last_edited=»on|phone» _builder_version=»4.21.0&#8243; _module_preset=»default» custom_margin=»||||false|false» custom_margin_tablet=»-50px||||false|false» custom_margin_phone=»-50px||||false|false» custom_margin_last_edited=»on|phone» custom_padding=»0px||||false|false» global_colors_info=»{}»][/et_pb_image][/et_pb_column][/et_pb_row][et_pb_row column_structure=»1_3,1_3,1_3&#8243; use_custom_gutter=»on» _builder_version=»4.16&#8243; min_height=»340px» custom_margin=»|auto||auto|false|false» custom_margin_tablet=»|auto||auto|false|false» custom_margin_phone=»-170px||||false|false» custom_margin_last_edited=»on|phone» custom_padding=»||||false|false» global_colors_info=»{}»][et_pb_column type=»1_3&#8243; _builder_version=»4.16&#8243; global_colors_info=»{}»][et_pb_cta title=»Cristina Civera Balaguer» title_tablet=»Cristina Civera Balaguer» title_phone=»Cristina Civera Balaguer» title_last_edited=»on|desktop» admin_label=»Cristina» _builder_version=»4.21.0&#8243; _module_preset=»default» header_font=»|600|||||||» header_text_color=»#000000&#8243; header_font_size=»14px» body_text_color=»#333333&#8243; body_font_size=»13px» body_line_height=»1.4em» background_color=»#ffdab5&#8243; custom_margin=»||||false|false» global_colors_info=»{}»]</p>
<p>Alcaldesa, Concejala de Hacienda, Seguridad Ciudadana, Agricultura, Personal y Fiestas</p>
<p><a href="mailto:alcaldia@museros.es" target="_blank" rel="noopener">alcaldia@museros.es</a></p>
<p>[/et_pb_cta][et_pb_cta title=»Juan José Carrión Rubio» title_tablet=»Juan José Carrión Rubio» title_phone=»Juan José Carrión Rubio» title_last_edited=»on|desktop» admin_label=»Juanjo» _builder_version=»4.21.0&#8243; _module_preset=»default» header_font=»|600|||||||» header_text_color=»#000000&#8243; header_font_size=»14px» body_text_color=»#333333&#8243; body_font_size=»13px» body_line_height=»1.4em» background_color=»#ffdab5&#8243; custom_margin=»||||false|false» global_colors_info=»{}»]</p>
<p>Concejal de Comercio, Salud y Mayores</p>
<p><a href="mailto:juanjosecarrion@museros.es" target="_blank" rel="noopener">juanjosecarrion@museros.es</a></p>
<p>[/et_pb_cta][/et_pb_column][et_pb_column type=»1_3&#8243; _builder_version=»4.16&#8243; global_colors_info=»{}»][et_pb_cta title=»Vicente Pérez Costa» title_tablet=»Vicente Pérez Costa» title_phone=»Vicente Pérez Costa» title_last_edited=»on|desktop» admin_label=»Vicente» _builder_version=»4.21.0&#8243; _module_preset=»default» header_font=»|600|||||||» header_text_color=»#000000&#8243; header_font_size=»14px» body_text_color=»#333333&#8243; body_font_size=»13px» body_line_height=»1.4em» background_color=»#ffdab5&#8243; custom_margin=»||||false|false» global_colors_info=»{}»]</p>
<p>Concejal de Urbanismo, Infraestructuras, Bienestar Social, Industria, Turismo e ITC</p>
<p><a href="mailto:viperco@museros.es" target="_blank" rel="noopener">viperco@museros.es</a></p>
<p>[/et_pb_cta][et_pb_cta title=»Laura Brisa Alfonso» title_tablet=»Laura Brisa Alfonso» title_phone=»Laura Brisa Alfonso» title_last_edited=»on|phone» admin_label=»Sonia» _builder_version=»4.21.0&#8243; _module_preset=»default» header_font=»|600|||||||» header_text_color=»#000000&#8243; header_font_size=»14px» body_text_color=»#333333&#8243; body_font_size=»13px» body_line_height=»1.4em» background_color=»#ffdab5&#8243; custom_margin=»||||false|false» global_colors_info=»{}»]</p>
<p>Concejala de Cultura, Promoción Lingüística y Ocupación</p>
<p><a href="mailto:laura.brisa@museros.es" target="_blank" rel="noopener">laura.brisa@museros.es</a></p>
<p>[/et_pb_cta][et_pb_cta title=»Beatriz Sánchez Botello» title_tablet=»Beatriz Sánchez Botello» title_phone=»Beatriz Sánchez Botello» title_last_edited=»on|desktop» admin_label=»Beatriz» _builder_version=»4.21.0&#8243; _module_preset=»default» header_font=»|600|||||||» header_text_color=»#000000&#8243; header_font_size=»14px» body_text_color=»#333333&#8243; body_font_size=»13px» body_line_height=»1.4em» background_color=»#ffdab5&#8243; custom_margin=»||||false|false» global_colors_info=»{}»]</p>
<p>Concejala de Transición Ecológica y Consumo responsable</p>
<p><a href="mailto:juanjosecarrion@museros.es" target="_blank" rel="noopener">besanbo@museros.es</a></p>
<p>[/et_pb_cta][/et_pb_column][et_pb_column type=»1_3&#8243; _builder_version=»4.16&#8243; global_colors_info=»{}»][et_pb_cta title=»Irene Guedes Fernandez» title_tablet=»Irene Guedes Fernandez» title_phone=»Irene Guedes Fernandez» title_last_edited=»on|phone» admin_label=»Némesis» _builder_version=»4.21.0&#8243; _module_preset=»default» header_font=»|600|||||||» header_text_color=»#000000&#8243; header_font_size=»14px» body_text_color=»#333333&#8243; body_font_size=»13px» body_line_height=»1.4em» background_color=»#ffdab5&#8243; width=»100%» module_alignment=»center» custom_margin=»||||false|false» global_colors_info=»{}»]</p>
<p>Concejala de Políticas de Igualdad de Género, Políticas Inclusivas, Juventud<br />e Infancia</p>
<p><a href="mailto:iguedesf@museros.es" target="_blank" rel="noopener">iguedesf@museros.es</a></p>
<p>[/et_pb_cta][et_pb_cta title=»Agustín Muedra Jornet» title_tablet=»Agustín Muedra Jornet» title_phone=»Agustín Muedra Jornet» title_last_edited=»on|desktop» admin_label=»Agustín» _builder_version=»4.21.0&#8243; _module_preset=»default» header_font=»|600|||||||» header_text_color=»#000000&#8243; header_font_size=»14px» body_text_color=»#333333&#8243; body_font_size=»13px» body_line_height=»1.4em» background_color=»#ffdab5&#8243; custom_margin=»||||false|false» global_colors_info=»{}»]</p>
<p>Concejal de Educación y Deportes</p>
<p><a href="mailto:amuedra@museros.es" target="_blank" rel="noopener">amuedra@museros.es</a></p>
<p>[/et_pb_cta][/et_pb_column][/et_pb_row][et_pb_row _builder_version=»4.16&#8243; _module_preset=»default» custom_margin=»45px||||false|false» global_colors_info=»{}»][et_pb_column type=»4_4&#8243; _builder_version=»4.16&#8243; _module_preset=»default» global_colors_info=»{}»][et_pb_divider color=»#cc0000&#8243; divider_weight=»4px» _builder_version=»4.16&#8243; _module_preset=»default» global_colors_info=»{}»][/et_pb_divider][/et_pb_column][/et_pb_row][/et_pb_section]</p>

<p>Equipo de GobiernoAlcaldesa, Concejala de Hacienda, Seguridad Ciudadana, Agricultura, Personal y Fiestas alcaldia@museros.esConcejal de Comercio, Salud y Mayores juanjosecarrion@museros.esConcejal de Urbanismo, Infraestructuras, Bienestar Social, Industria, Turismo e ITC viperco@museros.esConcejala de Cultura, Promoción Lingüística y Ocupación laura.brisa@museros.esConcejala de Transición Ecológica y Consumo responsable besanbo@museros.esConcejala de Políticas de Igualdad de Género, Políticas Inclusivas, Juventude Infancia iguedesf@museros.esConcejal de [&hellip;]</p>
