{"id":239120,"date":"2020-05-27T13:27:51","date_gmt":"2020-05-27T13:27:51","guid":{"rendered":"https:\/\/www.museros.site\/pagina\/?page_id=92"},"modified":"2024-07-03T15:36:05","modified_gmt":"2024-07-03T15:36:05","slug":"saludo-de-la-alcaldesa","status":"publish","type":"page","link":"https:\/\/museros.org\/inici\/es\/saludo-de-la-alcaldesa\/","title":{"rendered":"Saludo de la alcaldesa"},"content":{"rendered":"<p>[et_pb_section fb_built=\u00bb1&#8243; _builder_version=\u00bb4.16&#8243; custom_margin=\u00bb0px||||false|false\u00bb custom_padding=\u00bb0px||||false|false\u00bb locked=\u00bboff\u00bb global_colors_info=\u00bb{}\u00bb][et_pb_row _builder_version=\u00bb4.16&#8243; _module_preset=\u00bbdefault\u00bb custom_margin=\u00bb0px||||false|false\u00bb custom_padding=\u00bb0px||||false|false\u00bb global_colors_info=\u00bb{}\u00bb][et_pb_column type=\u00bb4_4&#8243; _builder_version=\u00bb4.16&#8243; _module_preset=\u00bbdefault\u00bb global_colors_info=\u00bb{}\u00bb][et_pb_text _builder_version=\u00bb4.16&#8243; _module_preset=\u00bbdefault\u00bb global_colors_info=\u00bb{}\u00bb]<\/p>\n<h2>Saludo de la alcaldesa<\/h2>\n<p>[\/et_pb_text][\/et_pb_column][\/et_pb_row][et_pb_row column_structure=\u00bb1_4,3_4&#8243; use_custom_gutter=\u00bbon\u00bb _builder_version=\u00bb4.16&#8243; custom_margin=\u00bb0px||||false|false\u00bb custom_padding=\u00bb0px||||false|false\u00bb global_colors_info=\u00bb{}\u00bb][et_pb_column type=\u00bb1_4&#8243; _builder_version=\u00bb4.16&#8243; global_colors_info=\u00bb{}\u00bb][et_pb_image src=\u00bbhttps:\/\/museros.org\/wp-content\/uploads\/2024\/07\/AJZ_3041-scaled.jpg\u00bb title_text=\u00bbAJZ_3041&#8243; align=\u00bbcenter\u00bb _builder_version=\u00bb4.25.2&#8243; width_tablet=\u00bb50%\u00bb width_phone=\u00bb100%\u00bb width_last_edited=\u00bbon|tablet\u00bb hover_enabled=\u00bb0&#8243; global_colors_info=\u00bb{}\u00bb sticky_enabled=\u00bb0&#8243;][\/et_pb_image][\/et_pb_column][et_pb_column type=\u00bb3_4&#8243; _builder_version=\u00bb4.16&#8243; global_colors_info=\u00bb{}\u00bb][et_pb_text _builder_version=\u00bb4.22.1&#8243; custom_padding=\u00bb||0px|||\u00bb global_colors_info=\u00bb{}\u00bb]<\/p>\n<p style=\"text-align: justify;\">Estimados vecinos y vecinas,<\/p>\n<p style=\"text-align: justify;\">Es un orgullo para m\u00ed dirigirme a todos vosotros y vosotras como la alcaldesa de nuestro pueblo, el m\u00edo, Museros, desde la web del ayuntamiento.<\/p>\n<p style=\"text-align: justify;\">En estas l\u00edneas, quiero agradeceros la confianza en el trabajo que este Equipo de Gobierno, y yo en particular, hemos llevado a cabo durante los \u00faltimos a\u00f1os. Nuestra prioridad como ayuntamiento siempre ha sido posicionarnos junto a todos los <em>muserencs<\/em> y todas las <em>muserenques<\/em>, y buscar siempre la mejora continua de nuestros servicios e instalaciones municipales para no dejar a ninguna persona atr\u00e1s.<\/p>\n<p style=\"text-align: justify;\">Creo que la mejor comunicaci\u00f3n que hay entre una alcaldesa y los vecinos y las vecinas es estar siempre a pie de calle, que es donde siempre trato de estar para escucharos y para atender vuestras demandas. Adem\u00e1s, cuando entramos en el Ayuntamiento de Museros, una de las principales prioridades era aprovechar los nuevos canales de comunicaci\u00f3n como las redes sociales y el Whatsapp para ofreceros toda la informaci\u00f3n necesaria.<\/p>\n<p style=\"text-align: justify;\">Pero las relaciones entre una instituci\u00f3n y su ciudadan\u00eda no pueden limitarse solo al mundo digital y es por este motivo que, como sab\u00e9is, ten\u00e9is siempre las puertas abiertas de nuestro ayuntamiento, para atenderos de primera mano y conocer vuestras necesidades, opiniones y sugerencias para hacer de nuestro pueblo un sitio mejor.<\/p>\n<p style=\"text-align: justify;\">El futuro de Museros depende de todas y todos nosotros.<\/p>\n<p style=\"text-align: justify;\">Os mando un cordial saludo.<\/p>\n<p style=\"text-align: justify;\">Cristina Civera Balaguer.<\/p>\n<p>[\/et_pb_text][\/et_pb_column][\/et_pb_row][et_pb_row _builder_version=\u00bb4.16&#8243; _module_preset=\u00bbdefault\u00bb global_colors_info=\u00bb{}\u00bb][et_pb_column type=\u00bb4_4&#8243; _builder_version=\u00bb4.16&#8243; _module_preset=\u00bbdefault\u00bb global_colors_info=\u00bb{}\u00bb][et_pb_divider color=\u00bb#cc0000&#8243; divider_weight=\u00bb4px\u00bb _builder_version=\u00bb4.16&#8243; _module_preset=\u00bbdefault\u00bb global_colors_info=\u00bb{}\u00bb][\/et_pb_divider][\/et_pb_column][\/et_pb_row][\/et_pb_section]<\/p>\n","protected":false},"excerpt":{"rendered":"<p>Saludo de la alcaldesaEstimados vecinos y vecinas, Es un orgullo para m\u00ed dirigirme a todos vosotros y vosotras como la alcaldesa de nuestro pueblo, el m\u00edo, Museros, desde la web del ayuntamiento. En estas l\u00edneas, quiero agradeceros la confianza en el trabajo que este Equipo de Gobierno, y yo en particular, hemos llevado a cabo [&hellip;]<\/p>\n","protected":false},"author":8,"featured_media":0,"parent":0,"menu_order":0,"comment_status":"closed","ping_status":"closed","template":"","meta":{"_et_pb_use_builder":"on","_et_pb_old_content":"","_et_gb_content_width":"","_mc_calendar":[],"footnotes":""},"wf_page_folders":[263],"class_list":["post-239120","page","type-page","status-publish","hentry"],"_links":{"self":[{"href":"https:\/\/museros.org\/inici\/wp-json\/wp\/v2\/pages\/239120","targetHints":{"allow":["GET"]}}],"collection":[{"href":"https:\/\/museros.org\/inici\/wp-json\/wp\/v2\/pages"}],"about":[{"href":"https:\/\/museros.org\/inici\/wp-json\/wp\/v2\/types\/page"}],"author":[{"embeddable":true,"href":"https:\/\/museros.org\/inici\/wp-json\/wp\/v2\/users\/8"}],"replies":[{"embeddable":true,"href":"https:\/\/museros.org\/inici\/wp-json\/wp\/v2\/comments?post=239120"}],"version-history":[{"count":16,"href":"https:\/\/museros.org\/inici\/wp-json\/wp\/v2\/pages\/239120\/revisions"}],"predecessor-version":[{"id":270457,"href":"https:\/\/museros.org\/inici\/wp-json\/wp\/v2\/pages\/239120\/revisions\/270457"}],"wp:attachment":[{"href":"https:\/\/museros.org\/inici\/wp-json\/wp\/v2\/media?parent=239120"}],"wp:term":[{"taxonomy":"wf_page_folders","embeddable":true,"href":"https:\/\/museros.org\/inici\/wp-json\/wp\/v2\/wf_page_folders?post=239120"}],"curies":[{"name":"wp","href":"https:\/\/api.w.org\/{rel}","templated":true}]}}

<p>[et_pb_section fb_built=»1&#8243; _builder_version=»4.16&#8243; custom_margin=»0px||||false|false» custom_padding=»0px||||false|false» locked=»off» global_colors_info=»{}»][et_pb_row _builder_version=»4.16&#8243; _module_preset=»default» custom_margin=»0px||||false|false» custom_padding=»0px||||false|false» global_colors_info=»{}»][et_pb_column type=»4_4&#8243; _builder_version=»4.16&#8243; _module_preset=»default» global_colors_info=»{}»][et_pb_text _builder_version=»4.16&#8243; _module_preset=»default» global_colors_info=»{}»]</p>
<h2>Saludo de la alcaldesa</h2>
<p>[/et_pb_text][/et_pb_column][/et_pb_row][et_pb_row column_structure=»1_4,3_4&#8243; use_custom_gutter=»on» _builder_version=»4.16&#8243; custom_margin=»0px||||false|false» custom_padding=»0px||||false|false» global_colors_info=»{}»][et_pb_column type=»1_4&#8243; _builder_version=»4.16&#8243; global_colors_info=»{}»][et_pb_image src=»https://museros.org/wp-content/uploads/2024/07/AJZ_3041-scaled.jpg» title_text=»AJZ_3041&#8243; align=»center» _builder_version=»4.25.2&#8243; width_tablet=»50%» width_phone=»100%» width_last_edited=»on|tablet» hover_enabled=»0&#8243; global_colors_info=»{}» sticky_enabled=»0&#8243;][/et_pb_image][/et_pb_column][et_pb_column type=»3_4&#8243; _builder_version=»4.16&#8243; global_colors_info=»{}»][et_pb_text _builder_version=»4.22.1&#8243; custom_padding=»||0px|||» global_colors_info=»{}»]</p>
<p style="text-align: justify;">Estimados vecinos y vecinas,</p>
<p style="text-align: justify;">Es un orgullo para mí dirigirme a todos vosotros y vosotras como la alcaldesa de nuestro pueblo, el mío, Museros, desde la web del ayuntamiento.</p>
<p style="text-align: justify;">En estas líneas, quiero agradeceros la confianza en el trabajo que este Equipo de Gobierno, y yo en particular, hemos llevado a cabo durante los últimos años. Nuestra prioridad como ayuntamiento siempre ha sido posicionarnos junto a todos los <em>muserencs</em> y todas las <em>muserenques</em>, y buscar siempre la mejora continua de nuestros servicios e instalaciones municipales para no dejar a ninguna persona atrás.</p>
<p style="text-align: justify;">Creo que la mejor comunicación que hay entre una alcaldesa y los vecinos y las vecinas es estar siempre a pie de calle, que es donde siempre trato de estar para escucharos y para atender vuestras demandas. Además, cuando entramos en el Ayuntamiento de Museros, una de las principales prioridades era aprovechar los nuevos canales de comunicación como las redes sociales y el Whatsapp para ofreceros toda la información necesaria.</p>
<p style="text-align: justify;">Pero las relaciones entre una institución y su ciudadanía no pueden limitarse solo al mundo digital y es por este motivo que, como sabéis, tenéis siempre las puertas abiertas de nuestro ayuntamiento, para atenderos de primera mano y conocer vuestras necesidades, opiniones y sugerencias para hacer de nuestro pueblo un sitio mejor.</p>
<p style="text-align: justify;">El futuro de Museros depende de todas y todos nosotros.</p>
<p style="text-align: justify;">Os mando un cordial saludo.</p>
<p style="text-align: justify;">Cristina Civera Balaguer.</p>
<p>[/et_pb_text][/et_pb_column][/et_pb_row][et_pb_row _builder_version=»4.16&#8243; _module_preset=»default» global_colors_info=»{}»][et_pb_column type=»4_4&#8243; _builder_version=»4.16&#8243; _module_preset=»default» global_colors_info=»{}»][et_pb_divider color=»#cc0000&#8243; divider_weight=»4px» _builder_version=»4.16&#8243; _module_preset=»default» global_colors_info=»{}»][/et_pb_divider][/et_pb_column][/et_pb_row][/et_pb_section]</p>

<p>Saludo de la alcaldesaEstimados vecinos y vecinas, Es un orgullo para mí dirigirme a todos vosotros y vosotras como la alcaldesa de nuestro pueblo, el mío, Museros, desde la web del ayuntamiento. En estas líneas, quiero agradeceros la confianza en el trabajo que este Equipo de Gobierno, y yo en particular, hemos llevado a cabo [&hellip;]</p>
